[INFO] fetching crate tiny_gcs 0.2.0...
[INFO] checking tiny_gcs-0.2.0 against beta-2021-10-15 for beta-1.56-3
[INFO] extracting crate tiny_gcs 0.2.0 into /workspace/builds/worker-0/source
[INFO] validating manifest of crates.io crate tiny_gcs 0.2.0 on toolchain beta-2021-10-15
[INFO] running `Command { std: "/workspace/cargo-home/bin/cargo" "+beta-2021-10-15" "metadata" "--manifest-path" "Cargo.toml" "--no-deps", kill_on_drop: false }`
[INFO] started tweaking crates.io crate tiny_gcs 0.2.0
[INFO] finished tweaking crates.io crate tiny_gcs 0.2.0
[INFO] tweaked toml for crates.io crate tiny_gcs 0.2.0 written to /workspace/builds/worker-0/source/Cargo.toml
[INFO] running `Command { std: "/workspace/cargo-home/bin/cargo" "+beta-2021-10-15" "generate-lockfile" "--manifest-path" "Cargo.toml" "-Zno-index-update", kill_on_drop: false }`
[INFO] running `Command { std: "/workspace/cargo-home/bin/cargo" "+beta-2021-10-15" "fetch" "--manifest-path" "Cargo.toml", kill_on_drop: false }`
[INFO] running `Command { std: "docker" "create" "-v" "/var/lib/crater-agent-workspace/builds/worker-0/target:/opt/rustwide/target:rw,Z" "-v" "/var/lib/crater-agent-workspace/builds/worker-0/source:/opt/rustwide/workdir:ro,Z" "-v" "/var/lib/crater-agent-workspace/cargo-home:/opt/rustwide/cargo-home:ro,Z" "-v" "/var/lib/crater-agent-workspace/rustup-home:/opt/rustwide/rustup-home:ro,Z" "-e" "SOURCE_DIR=/opt/rustwide/workdir" "-e" "CARGO_TARGET_DIR=/opt/rustwide/target" "-e" "CARGO_HOME=/opt/rustwide/cargo-home" "-e" "RUSTUP_HOME=/opt/rustwide/rustup-home" "-w" "/opt/rustwide/workdir" "-m" "1610612736" "--user" "0:0" "--network" "none" "ghcr.io/rust-lang/crates-build-env/linux@sha256:a89201d6b5b9fd45c15d5952ece0a0129e7e80cb26ec023fd59cf09bc26f1604" "/opt/rustwide/cargo-home/bin/cargo" "+beta-2021-10-15" "metadata" "--no-deps" "--format-version=1", kill_on_drop: false }`
[INFO] [stdout] ba4e596da9c0af22efe6984573836236629e7e176c43564c7570cce6d1cc39ae
[INFO] [stderr] WARNING: Your kernel does not support swap limit capabilities or the cgroup is not mounted. Memory limited without swap.
[INFO] running `Command { std: "docker" "start" "-a" "ba4e596da9c0af22efe6984573836236629e7e176c43564c7570cce6d1cc39ae", kill_on_drop: false }`
[INFO] running `Command { std: "docker" "inspect" "ba4e596da9c0af22efe6984573836236629e7e176c43564c7570cce6d1cc39ae", kill_on_drop: false }`
[INFO] running `Command { std: "docker" "rm" "-f" "ba4e596da9c0af22efe6984573836236629e7e176c43564c7570cce6d1cc39ae", kill_on_drop: false }`
[INFO] [stdout] ba4e596da9c0af22efe6984573836236629e7e176c43564c7570cce6d1cc39ae
[INFO] running `Command { std: "docker" "create" "-v" "/var/lib/crater-agent-workspace/builds/worker-0/target:/opt/rustwide/target:rw,Z" "-v" "/var/lib/crater-agent-workspace/builds/worker-0/source:/opt/rustwide/workdir:ro,Z" "-v" "/var/lib/crater-agent-workspace/cargo-home:/opt/rustwide/cargo-home:ro,Z" "-v" "/var/lib/crater-agent-workspace/rustup-home:/opt/rustwide/rustup-home:ro,Z" "-e" "SOURCE_DIR=/opt/rustwide/workdir" "-e" "CARGO_TARGET_DIR=/opt/rustwide/target" "-e" "CARGO_INCREMENTAL=0" "-e" "RUST_BACKTRACE=full" "-e" "RUSTFLAGS=--cap-lints=warn" "-e" "CARGO_HOME=/opt/rustwide/cargo-home" "-e" "RUSTUP_HOME=/opt/rustwide/rustup-home" "-w" "/opt/rustwide/workdir" "-m" "1610612736" "--user" "0:0" "--network" "none" "ghcr.io/rust-lang/crates-build-env/linux@sha256:a89201d6b5b9fd45c15d5952ece0a0129e7e80cb26ec023fd59cf09bc26f1604" "/opt/rustwide/cargo-home/bin/cargo" "+beta-2021-10-15" "check" "--frozen" "--all" "--all-targets" "--message-format=json", kill_on_drop: false }`
[INFO] [stdout] 7499d83e6929ab3cde1d779ebd549057f13be9ac9849009ce6b242a22c68fa70
[INFO] [stderr] WARNING: Your kernel does not support swap limit capabilities or the cgroup is not mounted. Memory limited without swap.
[INFO] running `Command { std: "docker" "start" "-a" "7499d83e6929ab3cde1d779ebd549057f13be9ac9849009ce6b242a22c68fa70", kill_on_drop: false }`
[INFO] [stderr]     Checking tiny_gcs v0.2.0 (/opt/rustwide/workdir)
[INFO] [stdout] warning: trait objects without an explicit `dyn` are deprecated
[INFO] [stdout]   --> src/error.rs:53:32
[INFO] [stdout]    |
[INFO] [stdout] 53 |     fn cause(&self) -> Option<&std::error::Error> {
[INFO] [stdout]    |                                ^^^^^^^^^^^^^^^^^ help: use `dyn`: `dyn std::error::Error`
[INFO] [stdout]    |
[INFO] [stdout]    = note: `#[warn(bare_trait_objects)]` on by default
[INFO] [stdout]    = warning: this is accepted in the current edition (Rust 2018) but is a hard error in Rust 2021!
[INFO] [stdout]    = note: for more information, see <https://doc.rust-lang.org/nightly/edition-guide/rust-2021/warnings-promoted-to-error.html>
[INFO] [stdout] 
[INFO] [stdout] 
[INFO] [stdout] warning: trait objects without an explicit `dyn` are deprecated
[INFO] [stdout]   --> src/error.rs:53:32
[INFO] [stdout]    |
[INFO] [stdout] 53 |     fn cause(&self) -> Option<&std::error::Error> {
[INFO] [stdout]    |                                ^^^^^^^^^^^^^^^^^ help: use `dyn`: `dyn std::error::Error`
[INFO] [stdout]    |
[INFO] [stdout]    = note: `#[warn(bare_trait_objects)]` on by default
[INFO] [stdout]    = warning: this is accepted in the current edition (Rust 2018) but is a hard error in Rust 2021!
[INFO] [stdout]    = note: for more information, see <https://doc.rust-lang.org/nightly/edition-guide/rust-2021/warnings-promoted-to-error.html>
[INFO] [stdout] 
[INFO] [stdout] 
[INFO] [stdout] warning: trait objects without an explicit `dyn` are deprecated
[INFO] [stdout]    --> src/error.rs:108:32
[INFO] [stdout]     |
[INFO] [stdout] 108 |     fn cause(&self) -> Option<&std::error::Error> {
[INFO] [stdout]     |                                ^^^^^^^^^^^^^^^^^ help: use `dyn`: `dyn std::error::Error`
[INFO] [stdout]     |
[INFO] [stdout]     = warning: this is accepted in the current edition (Rust 2018) but is a hard error in Rust 2021!
[INFO] [stdout]     = note: for more information, see <https://doc.rust-lang.org/nightly/edition-guide/rust-2021/warnings-promoted-to-error.html>
[INFO] [stdout] 
[INFO] [stdout] 
[INFO] [stdout] warning: trait objects without an explicit `dyn` are deprecated
[INFO] [stdout]    --> src/error.rs:108:32
[INFO] [stdout]     |
[INFO] [stdout] 108 |     fn cause(&self) -> Option<&std::error::Error> {
[INFO] [stdout]     |                                ^^^^^^^^^^^^^^^^^ help: use `dyn`: `dyn std::error::Error`
[INFO] [stdout]     |
[INFO] [stdout]     = warning: this is accepted in the current edition (Rust 2018) but is a hard error in Rust 2021!
[INFO] [stdout]     = note: for more information, see <https://doc.rust-lang.org/nightly/edition-guide/rust-2021/warnings-promoted-to-error.html>
[INFO] [stdout] 
[INFO] [stdout] 
[INFO] [stdout] warning: `...` range patterns are deprecated
[INFO] [stdout]   --> src/types.rs:32:20
[INFO] [stdout]    |
[INFO] [stdout] 32 |                 'a'...'z' => {}
[INFO] [stdout]    |                    ^^^ help: use `..=` for an inclusive range
[INFO] [stdout]    |
[INFO] [stdout]    = note: `#[warn(ellipsis_inclusive_range_patterns)]` on by default
[INFO] [stdout]    = warning: this is accepted in the current edition (Rust 2018) but is a hard error in Rust 2021!
[INFO] [stdout]    = note: for more information, see <https://doc.rust-lang.org/nightly/edition-guide/rust-2021/warnings-promoted-to-error.html>
[INFO] [stdout] 
[INFO] [stdout] 
[INFO] [stdout] warning: `...` range patterns are deprecated
[INFO] [stdout]   --> src/types.rs:33:20
[INFO] [stdout]    |
[INFO] [stdout] 33 |                 '0'...'9' => {}
[INFO] [stdout]    |                    ^^^ help: use `..=` for an inclusive range
[INFO] [stdout]    |
[INFO] [stdout]    = warning: this is accepted in the current edition (Rust 2018) but is a hard error in Rust 2021!
[INFO] [stdout]    = note: for more information, see <https://doc.rust-lang.org/nightly/edition-guide/rust-2021/warnings-promoted-to-error.html>
[INFO] [stdout] 
[INFO] [stdout] 
[INFO] [stdout] warning: `...` range patterns are deprecated
[INFO] [stdout]    --> src/types.rs:133:25
[INFO] [stdout]     |
[INFO] [stdout] 133 |                 '\u{7F}'...'\u{84}' => {}
[INFO] [stdout]     |                         ^^^ help: use `..=` for an inclusive range
[INFO] [stdout]     |
[INFO] [stdout]     = warning: this is accepted in the current edition (Rust 2018) but is a hard error in Rust 2021!
[INFO] [stdout]     = note: for more information, see <https://doc.rust-lang.org/nightly/edition-guide/rust-2021/warnings-promoted-to-error.html>
[INFO] [stdout] 
[INFO] [stdout] 
[INFO] [stdout] warning: `...` range patterns are deprecated
[INFO] [stdout]    --> src/types.rs:134:25
[INFO] [stdout]     |
[INFO] [stdout] 134 |                 '\u{86}'...'\u{9F}' => {}
[INFO] [stdout]     |                         ^^^ help: use `..=` for an inclusive range
[INFO] [stdout]     |
[INFO] [stdout]     = warning: this is accepted in the current edition (Rust 2018) but is a hard error in Rust 2021!
[INFO] [stdout]     = note: for more information, see <https://doc.rust-lang.org/nightly/edition-guide/rust-2021/warnings-promoted-to-error.html>
[INFO] [stdout] 
[INFO] [stdout] 
[INFO] [stdout] warning: `...` range patterns are deprecated
[INFO] [stdout]   --> src/types.rs:32:20
[INFO] [stdout]    |
[INFO] [stdout] 32 |                 'a'...'z' => {}
[INFO] [stdout]    |                    ^^^ help: use `..=` for an inclusive range
[INFO] [stdout]    |
[INFO] [stdout]    = note: `#[warn(ellipsis_inclusive_range_patterns)]` on by default
[INFO] [stdout]    = warning: this is accepted in the current edition (Rust 2018) but is a hard error in Rust 2021!
[INFO] [stdout]    = note: for more information, see <https://doc.rust-lang.org/nightly/edition-guide/rust-2021/warnings-promoted-to-error.html>
[INFO] [stdout] 
[INFO] [stdout] 
[INFO] [stdout] warning: `...` range patterns are deprecated
[INFO] [stdout]   --> src/types.rs:33:20
[INFO] [stdout]    |
[INFO] [stdout] 33 |                 '0'...'9' => {}
[INFO] [stdout]    |                    ^^^ help: use `..=` for an inclusive range
[INFO] [stdout]    |
[INFO] [stdout]    = warning: this is accepted in the current edition (Rust 2018) but is a hard error in Rust 2021!
[INFO] [stdout]    = note: for more information, see <https://doc.rust-lang.org/nightly/edition-guide/rust-2021/warnings-promoted-to-error.html>
[INFO] [stdout] 
[INFO] [stdout] 
[INFO] [stdout] warning: `...` range patterns are deprecated
[INFO] [stdout]    --> src/types.rs:133:25
[INFO] [stdout]     |
[INFO] [stdout] 133 |                 '\u{7F}'...'\u{84}' => {}
[INFO] [stdout]     |                         ^^^ help: use `..=` for an inclusive range
[INFO] [stdout]     |
[INFO] [stdout]     = warning: this is accepted in the current edition (Rust 2018) but is a hard error in Rust 2021!
[INFO] [stdout]     = note: for more information, see <https://doc.rust-lang.org/nightly/edition-guide/rust-2021/warnings-promoted-to-error.html>
[INFO] [stdout] 
[INFO] [stdout] 
[INFO] [stdout] warning: `...` range patterns are deprecated
[INFO] [stdout]    --> src/types.rs:134:25
[INFO] [stdout]     |
[INFO] [stdout] 134 |                 '\u{86}'...'\u{9F}' => {}
[INFO] [stdout]     |                         ^^^ help: use `..=` for an inclusive range
[INFO] [stdout]     |
[INFO] [stdout]     = warning: this is accepted in the current edition (Rust 2018) but is a hard error in Rust 2021!
[INFO] [stdout]     = note: for more information, see <https://doc.rust-lang.org/nightly/edition-guide/rust-2021/warnings-promoted-to-error.html>
[INFO] [stdout] 
[INFO] [stdout] 
[INFO] [stdout] warning: use of deprecated associated function `std::error::Error::description`: use the Display impl or to_string()
[INFO] [stdout]   --> src/error.rs:41:28
[INFO] [stdout]    |
[INFO] [stdout] 41 |         std::error::Error::description(self).fmt(f)
[INFO] [stdout]    |                            ^^^^^^^^^^^
[INFO] [stdout]    |
[INFO] [stdout]    = note: `#[warn(deprecated)]` on by default
[INFO] [stdout] 
[INFO] [stdout] 
[INFO] [stdout] warning: use of deprecated associated function `std::error::Error::description`: use the Display impl or to_string()
[INFO] [stdout]   --> src/error.rs:96:28
[INFO] [stdout]    |
[INFO] [stdout] 96 |         std::error::Error::description(self).fmt(f)
[INFO] [stdout]    |                            ^^^^^^^^^^^
[INFO] [stdout] 
[INFO] [stdout] 
[INFO] [stdout] warning: use of deprecated function `std::mem::uninitialized`: use `mem::MaybeUninit` instead
[INFO] [stdout]    --> src/objects.rs:208:43
[INFO] [stdout]     |
[INFO] [stdout] 208 |             let mut response: Self = mem::uninitialized();
[INFO] [stdout]     |                                           ^^^^^^^^^^^^^
[INFO] [stdout] 
[INFO] [stdout] 
[INFO] [stdout] warning: use of deprecated associated function `std::error::Error::description`: use the Display impl or to_string()
[INFO] [stdout]   --> src/error.rs:41:28
[INFO] [stdout]    |
[INFO] [stdout] 41 |         std::error::Error::description(self).fmt(f)
[INFO] [stdout]    |                            ^^^^^^^^^^^
[INFO] [stdout]    |
[INFO] [stdout]    = note: `#[warn(deprecated)]` on by default
[INFO] [stdout] 
[INFO] [stdout] 
[INFO] [stdout] warning: use of deprecated associated function `std::error::Error::description`: use the Display impl or to_string()
[INFO] [stdout]   --> src/error.rs:96:28
[INFO] [stdout]    |
[INFO] [stdout] 96 |         std::error::Error::description(self).fmt(f)
[INFO] [stdout]    |                            ^^^^^^^^^^^
[INFO] [stdout] 
[INFO] [stdout] 
[INFO] [stdout] warning: use of deprecated function `std::mem::uninitialized`: use `mem::MaybeUninit` instead
[INFO] [stdout]    --> src/objects.rs:208:43
[INFO] [stdout]     |
[INFO] [stdout] 208 |             let mut response: Self = mem::uninitialized();
[INFO] [stdout]     |                                           ^^^^^^^^^^^^^
[INFO] [stdout] 
[INFO] [stdout] 
[INFO] [stdout] warning: use of deprecated associated function `std::error::Error::description`: use the Display impl or to_string()
[INFO] [stdout]   --> src/error.rs:47:16
[INFO] [stdout]    |
[INFO] [stdout] 47 |         self.0.description()
[INFO] [stdout]    |                ^^^^^^^^^^^
[INFO] [stdout] 
[INFO] [stdout] 
[INFO] [stdout] warning: use of deprecated associated function `std::error::Error::description`: use the Display impl or to_string()
[INFO] [stdout]   --> src/error.rs:47:16
[INFO] [stdout]    |
[INFO] [stdout] 47 |         self.0.description()
[INFO] [stdout]    |                ^^^^^^^^^^^
[INFO] [stdout] 
[INFO] [stdout] 
[INFO] [stdout] warning: use of deprecated associated function `std::error::Error::description`: use the Display impl or to_string()
[INFO] [stdout]    --> src/error.rs:102:16
[INFO] [stdout]     |
[INFO] [stdout] 102 |         self.0.description()
[INFO] [stdout]     |                ^^^^^^^^^^^
[INFO] [stdout] 
[INFO] [stdout] 
[INFO] [stdout] warning: use of deprecated associated function `std::error::Error::description`: use the Display impl or to_string()
[INFO] [stdout]    --> src/error.rs:102:16
[INFO] [stdout]     |
[INFO] [stdout] 102 |         self.0.description()
[INFO] [stdout]     |                ^^^^^^^^^^^
[INFO] [stdout] 
[INFO] [stdout] 
[INFO] [stdout] error[E0597]: `response.buffer` does not live long enough
[INFO] [stdout]    --> src/objects.rs:213:40
[INFO] [stdout]     |
[INFO] [stdout] 200 | impl<'a> TryFrom<bytes::Bytes> for GetObjectResponse<'a> {
[INFO] [stdout]     |      -- lifetime `'a` defined here
[INFO] [stdout] ...
[INFO] [stdout] 208 |             let mut response: Self = mem::uninitialized();
[INFO] [stdout]     |                               ---- type annotation requires that `response.buffer` is borrowed for `'a`
[INFO] [stdout] ...
[INFO] [stdout] 213 |                 serde_json::from_slice(&response.buffer)
[INFO] [stdout]     |                                        ^^^^^^^^^^^^^^^^ borrowed value does not live long enough
[INFO] [stdout] ...
[INFO] [stdout] 218 |         }
[INFO] [stdout]     |         - `response.buffer` dropped here while still borrowed
[INFO] [stdout] 
[INFO] [stdout] 
[INFO] [stdout] error[E0505]: cannot move out of `response` because it is borrowed
[INFO] [stdout]    --> src/objects.rs:217:16
[INFO] [stdout]     |
[INFO] [stdout] 200 | impl<'a> TryFrom<bytes::Bytes> for GetObjectResponse<'a> {
[INFO] [stdout]     |      -- lifetime `'a` defined here
[INFO] [stdout] ...
[INFO] [stdout] 208 |             let mut response: Self = mem::uninitialized();
[INFO] [stdout]     |                               ---- type annotation requires that `response.buffer` is borrowed for `'a`
[INFO] [stdout] ...
[INFO] [stdout] 213 |                 serde_json::from_slice(&response.buffer)
[INFO] [stdout]     |                                        ---------------- borrow of `response.buffer` occurs here
[INFO] [stdout] ...
[INFO] [stdout] 217 |             Ok(response)
[INFO] [stdout]     |                ^^^^^^^^ move out of `response` occurs here
[INFO] [stdout] 
[INFO] [stdout] 
[INFO] [stdout] error[E0597]: `response.buffer` does not live long enough
[INFO] [stdout]    --> src/objects.rs:213:40
[INFO] [stdout]     |
[INFO] [stdout] 200 | impl<'a> TryFrom<bytes::Bytes> for GetObjectResponse<'a> {
[INFO] [stdout]     |      -- lifetime `'a` defined here
[INFO] [stdout] ...
[INFO] [stdout] 208 |             let mut response: Self = mem::uninitialized();
[INFO] [stdout]     |                               ---- type annotation requires that `response.buffer` is borrowed for `'a`
[INFO] [stdout] ...
[INFO] [stdout] 213 |                 serde_json::from_slice(&response.buffer)
[INFO] [stdout]     |                                        ^^^^^^^^^^^^^^^^ borrowed value does not live long enough
[INFO] [stdout] ...
[INFO] [stdout] 218 |         }
[INFO] [stdout]     |         - `response.buffer` dropped here while still borrowed
[INFO] [stdout] 
[INFO] [stdout] 
[INFO] [stdout] error[E0505]: cannot move out of `response` because it is borrowed
[INFO] [stdout]    --> src/objects.rs:217:16
[INFO] [stdout]     |
[INFO] [stdout] 200 | impl<'a> TryFrom<bytes::Bytes> for GetObjectResponse<'a> {
[INFO] [stdout]     |      -- lifetime `'a` defined here
[INFO] [stdout] ...
[INFO] [stdout] 208 |             let mut response: Self = mem::uninitialized();
[INFO] [stdout]     |                               ---- type annotation requires that `response.buffer` is borrowed for `'a`
[INFO] [stdout] ...
[INFO] [stdout] 213 |                 serde_json::from_slice(&response.buffer)
[INFO] [stdout]     |                                        ---------------- borrow of `response.buffer` occurs here
[INFO] [stdout] ...
[INFO] [stdout] 217 |             Ok(response)
[INFO] [stdout]     |                ^^^^^^^^ move out of `response` occurs here
[INFO] [stdout] 
[INFO] [stdout] 
[INFO] [stdout] error: aborting due to 2 previous errors; 11 warnings emitted
[INFO] [stdout] 
[INFO] [stdout] 
[INFO] [stdout] Some errors have detailed explanations: E0505, E0597.
[INFO] [stdout] 
[INFO] [stdout] For more information about an error, try `rustc --explain E0505`.
[INFO] [stdout] 
[INFO] [stdout] error: aborting due to 2 previous errors; 11 warnings emitted
[INFO] [stdout] 
[INFO] [stdout] 
[INFO] [stdout] Some errors have detailed explanations: E0505, E0597.
[INFO] [stdout] 
[INFO] [stdout] For more information about an error, try `rustc --explain E0505`.
[INFO] [stdout] 
[INFO] [stderr] error: could not compile `tiny_gcs` due to 3 previous errors; 11 warnings emitted
[INFO] [stderr] warning: build failed, waiting for other jobs to finish...
[INFO] [stderr] error: build failed
[INFO] running `Command { std: "docker" "inspect" "7499d83e6929ab3cde1d779ebd549057f13be9ac9849009ce6b242a22c68fa70", kill_on_drop: false }`
[INFO] running `Command { std: "docker" "rm" "-f" "7499d83e6929ab3cde1d779ebd549057f13be9ac9849009ce6b242a22c68fa70", kill_on_drop: false }`
[INFO] [stdout] 7499d83e6929ab3cde1d779ebd549057f13be9ac9849009ce6b242a22c68fa70
