[INFO] fetching crate tim-systick-monotonic 0.1.0...
[INFO] checking tim-systick-monotonic-0.1.0 against 1.55.0 for beta-1.56-3
[INFO] extracting crate tim-systick-monotonic 0.1.0 into /workspace/builds/worker-13/source
[INFO] validating manifest of crates.io crate tim-systick-monotonic 0.1.0 on toolchain 1.55.0
[INFO] running `Command { std: "/workspace/cargo-home/bin/cargo" "+1.55.0" "metadata" "--manifest-path" "Cargo.toml" "--no-deps", kill_on_drop: false }`
[INFO] started tweaking crates.io crate tim-systick-monotonic 0.1.0
[INFO] finished tweaking crates.io crate tim-systick-monotonic 0.1.0
[INFO] tweaked toml for crates.io crate tim-systick-monotonic 0.1.0 written to /workspace/builds/worker-13/source/Cargo.toml
[INFO] running `Command { std: "/workspace/cargo-home/bin/cargo" "+1.55.0" "generate-lockfile" "--manifest-path" "Cargo.toml" "-Zno-index-update", kill_on_drop: false }`
[INFO] running `Command { std: "/workspace/cargo-home/bin/cargo" "+1.55.0" "fetch" "--manifest-path" "Cargo.toml", kill_on_drop: false }`
[INFO] [stderr]     Blocking waiting for file lock on package cache
[INFO] running `Command { std: "docker" "create" "-v" "/var/lib/crater-agent-workspace/builds/worker-13/target:/opt/rustwide/target:rw,Z" "-v" "/var/lib/crater-agent-workspace/builds/worker-13/source:/opt/rustwide/workdir:ro,Z" "-v" "/var/lib/crater-agent-workspace/cargo-home:/opt/rustwide/cargo-home:ro,Z" "-v" "/var/lib/crater-agent-workspace/rustup-home:/opt/rustwide/rustup-home:ro,Z" "-e" "SOURCE_DIR=/opt/rustwide/workdir" "-e" "CARGO_TARGET_DIR=/opt/rustwide/target" "-e" "CARGO_HOME=/opt/rustwide/cargo-home" "-e" "RUSTUP_HOME=/opt/rustwide/rustup-home" "-w" "/opt/rustwide/workdir" "-m" "1610612736" "--user" "0:0" "--network" "none" "ghcr.io/rust-lang/crates-build-env/linux@sha256:a89201d6b5b9fd45c15d5952ece0a0129e7e80cb26ec023fd59cf09bc26f1604" "/opt/rustwide/cargo-home/bin/cargo" "+1.55.0" "metadata" "--no-deps" "--format-version=1", kill_on_drop: false }`
[INFO] [stdout] 4c633aefbf3f5a157c8fef5525da91ec9729bbbfe95b8d1dd5a750bcb3132941
[INFO] [stderr] WARNING: Your kernel does not support swap limit capabilities or the cgroup is not mounted. Memory limited without swap.
[INFO] running `Command { std: "docker" "start" "-a" "4c633aefbf3f5a157c8fef5525da91ec9729bbbfe95b8d1dd5a750bcb3132941", kill_on_drop: false }`
[INFO] running `Command { std: "docker" "inspect" "4c633aefbf3f5a157c8fef5525da91ec9729bbbfe95b8d1dd5a750bcb3132941", kill_on_drop: false }`
[INFO] running `Command { std: "docker" "rm" "-f" "4c633aefbf3f5a157c8fef5525da91ec9729bbbfe95b8d1dd5a750bcb3132941", kill_on_drop: false }`
[INFO] [stdout] 4c633aefbf3f5a157c8fef5525da91ec9729bbbfe95b8d1dd5a750bcb3132941
[INFO] running `Command { std: "docker" "create" "-v" "/var/lib/crater-agent-workspace/builds/worker-13/target:/opt/rustwide/target:rw,Z" "-v" "/var/lib/crater-agent-workspace/builds/worker-13/source:/opt/rustwide/workdir:ro,Z" "-v" "/var/lib/crater-agent-workspace/cargo-home:/opt/rustwide/cargo-home:ro,Z" "-v" "/var/lib/crater-agent-workspace/rustup-home:/opt/rustwide/rustup-home:ro,Z" "-e" "SOURCE_DIR=/opt/rustwide/workdir" "-e" "CARGO_TARGET_DIR=/opt/rustwide/target" "-e" "CARGO_INCREMENTAL=0" "-e" "RUST_BACKTRACE=full" "-e" "RUSTFLAGS=--cap-lints=warn" "-e" "CARGO_HOME=/opt/rustwide/cargo-home" "-e" "RUSTUP_HOME=/opt/rustwide/rustup-home" "-w" "/opt/rustwide/workdir" "-m" "1610612736" "--user" "0:0" "--network" "none" "ghcr.io/rust-lang/crates-build-env/linux@sha256:a89201d6b5b9fd45c15d5952ece0a0129e7e80cb26ec023fd59cf09bc26f1604" "/opt/rustwide/cargo-home/bin/cargo" "+1.55.0" "check" "--frozen" "--all" "--all-targets" "--message-format=json", kill_on_drop: false }`
[INFO] [stderr] WARNING: Your kernel does not support swap limit capabilities or the cgroup is not mounted. Memory limited without swap.
[INFO] [stdout] 5f599a616d20136c5cec93eaee369238b7e4c8a60f84c82a0add0dd703a8fdc8
[INFO] running `Command { std: "docker" "start" "-a" "5f599a616d20136c5cec93eaee369238b7e4c8a60f84c82a0add0dd703a8fdc8", kill_on_drop: false }`
[INFO] [stderr]    Compiling num-iter v0.1.42
[INFO] [stderr]     Checking num-complex v0.3.1
[INFO] [stderr]     Checking num-rational v0.3.2
[INFO] [stderr]     Checking num v0.3.1
[INFO] [stderr]     Checking embedded-time v0.12.1
[INFO] [stderr]     Checking rtic-monotonic v0.1.0-rc.1
[INFO] [stderr]     Checking tim-systick-monotonic v0.1.0 (/opt/rustwide/workdir)
[INFO] [stdout] error[E0412]: cannot find type `TimMsb` in this scope
[INFO] [stdout]   --> src/lib.rs:34:14
[INFO] [stdout]    |
[INFO] [stdout] 34 |     tim_msb: TimMsb,
[INFO] [stdout]    |              ^^^^^^ not found in this scope
[INFO] [stdout] 
[INFO] [stdout] 
[INFO] [stdout] error[E0412]: cannot find type `TimLsb` in this scope
[INFO] [stdout]   --> src/lib.rs:35:14
[INFO] [stdout]    |
[INFO] [stdout] 35 |     tim_lsb: TimLsb,
[INFO] [stdout]    |              ^^^^^^ not found in this scope
[INFO] [stdout] 
[INFO] [stdout] 
[INFO] [stdout] error[E0412]: cannot find type `TimMsb` in this scope
[INFO] [stdout]   --> src/lib.rs:39:44
[INFO] [stdout]    |
[INFO] [stdout] 39 |     pub fn new(systick: SYST, mut tim_msb: TimMsb, mut tim_lsb: TimLsb, sysclk: u32) -> Self {
[INFO] [stdout]    |                                            ^^^^^^ not found in this scope
[INFO] [stdout] 
[INFO] [stdout] 
[INFO] [stdout] error[E0412]: cannot find type `TimLsb` in this scope
[INFO] [stdout]   --> src/lib.rs:39:65
[INFO] [stdout]    |
[INFO] [stdout] 39 |     pub fn new(systick: SYST, mut tim_msb: TimMsb, mut tim_lsb: TimLsb, sysclk: u32) -> Self {
[INFO] [stdout]    |                                                                 ^^^^^^ not found in this scope
[INFO] [stdout] 
[INFO] [stdout] 
[INFO] [stdout] error[E0412]: cannot find type `TimMsb` in this scope
[INFO] [stdout]   --> src/lib.rs:50:34
[INFO] [stdout]    |
[INFO] [stdout] 50 |     fn timers_init(tim_msb: &mut TimMsb, tim_lsb: &mut TimLsb) {
[INFO] [stdout]    |                                  ^^^^^^ not found in this scope
[INFO] [stdout] 
[INFO] [stdout] 
[INFO] [stdout] error[E0412]: cannot find type `TimLsb` in this scope
[INFO] [stdout]   --> src/lib.rs:50:56
[INFO] [stdout]    |
[INFO] [stdout] 50 |     fn timers_init(tim_msb: &mut TimMsb, tim_lsb: &mut TimLsb) {
[INFO] [stdout]    |                                                        ^^^^^^ not found in this scope
[INFO] [stdout] 
[INFO] [stdout] 
[INFO] [stdout] error[E0433]: failed to resolve: use of undeclared crate or module `pac`
[INFO] [stdout]   --> src/lib.rs:51:36
[INFO] [stdout]    |
[INFO] [stdout] 51 |         let device = unsafe { pac::Peripherals::steal() };
[INFO] [stdout]    |                                    ^^^^^^^^^^^ not found in `pac`
[INFO] [stdout]    |
[INFO] [stdout] help: consider importing this struct
[INFO] [stdout]    |
[INFO] [stdout] 3  | use cortex_m::Peripherals;
[INFO] [stdout]    |
[INFO] [stdout] 
[INFO] [stdout] 
[INFO] [stdout] error[E0412]: cannot find type `TimMsb` in this scope
[INFO] [stdout]   --> src/lib.rs:34:14
[INFO] [stdout]    |
[INFO] [stdout] 34 |     tim_msb: TimMsb,
[INFO] [stdout]    |              ^^^^^^ not found in this scope
[INFO] [stdout] 
[INFO] [stdout] 
[INFO] [stdout] error[E0412]: cannot find type `TimLsb` in this scope
[INFO] [stdout]   --> src/lib.rs:35:14
[INFO] [stdout]    |
[INFO] [stdout] 35 |     tim_lsb: TimLsb,
[INFO] [stdout]    |              ^^^^^^ not found in this scope
[INFO] [stdout] 
[INFO] [stdout] 
[INFO] [stdout] error[E0412]: cannot find type `TimMsb` in this scope
[INFO] [stdout]   --> src/lib.rs:39:44
[INFO] [stdout]    |
[INFO] [stdout] 39 |     pub fn new(systick: SYST, mut tim_msb: TimMsb, mut tim_lsb: TimLsb, sysclk: u32) -> Self {
[INFO] [stdout]    |                                            ^^^^^^ not found in this scope
[INFO] [stdout] 
[INFO] [stdout] 
[INFO] [stdout] error[E0412]: cannot find type `TimLsb` in this scope
[INFO] [stdout]   --> src/lib.rs:39:65
[INFO] [stdout]    |
[INFO] [stdout] 39 |     pub fn new(systick: SYST, mut tim_msb: TimMsb, mut tim_lsb: TimLsb, sysclk: u32) -> Self {
[INFO] [stdout]    |                                                                 ^^^^^^ not found in this scope
[INFO] [stdout] 
[INFO] [stdout] 
[INFO] [stdout] error[E0412]: cannot find type `TimMsb` in this scope
[INFO] [stdout]   --> src/lib.rs:50:34
[INFO] [stdout]    |
[INFO] [stdout] 50 |     fn timers_init(tim_msb: &mut TimMsb, tim_lsb: &mut TimLsb) {
[INFO] [stdout]    |                                  ^^^^^^ not found in this scope
[INFO] [stdout] 
[INFO] [stdout] 
[INFO] [stdout] error[E0412]: cannot find type `TimLsb` in this scope
[INFO] [stdout]   --> src/lib.rs:50:56
[INFO] [stdout]    |
[INFO] [stdout] 50 |     fn timers_init(tim_msb: &mut TimMsb, tim_lsb: &mut TimLsb) {
[INFO] [stdout]    |                                                        ^^^^^^ not found in this scope
[INFO] [stdout] 
[INFO] [stdout] 
[INFO] [stdout] error[E0433]: failed to resolve: use of undeclared crate or module `pac`
[INFO] [stdout]   --> src/lib.rs:51:36
[INFO] [stdout]    |
[INFO] [stdout] 51 |         let device = unsafe { pac::Peripherals::steal() };
[INFO] [stdout]    |                                    ^^^^^^^^^^^ not found in `pac`
[INFO] [stdout]    |
[INFO] [stdout] help: consider importing this struct
[INFO] [stdout]    |
[INFO] [stdout] 3  | use cortex_m::Peripherals;
[INFO] [stdout]    |
[INFO] [stdout] 
[INFO] [stdout] 
[INFO] [stdout] error: aborting due to 7 previous errors
[INFO] [stdout] 
[INFO] [stdout] 
[INFO] [stdout] Some errors have detailed explanations: E0412, E0433.
[INFO] [stdout] 
[INFO] [stdout] For more information about an error, try `rustc --explain E0412`.
[INFO] [stdout] 
[INFO] [stderr] error: could not compile `tim-systick-monotonic` due to 8 previous errors
[INFO] [stderr] warning: build failed, waiting for other jobs to finish...
[INFO] [stdout] error: aborting due to 7 previous errors
[INFO] [stdout] 
[INFO] [stdout] 
[INFO] [stdout] Some errors have detailed explanations: E0412, E0433.
[INFO] [stdout] 
[INFO] [stdout] For more information about an error, try `rustc --explain E0412`.
[INFO] [stdout] 
[INFO] [stderr] error: build failed
[INFO] running `Command { std: "docker" "inspect" "5f599a616d20136c5cec93eaee369238b7e4c8a60f84c82a0add0dd703a8fdc8", kill_on_drop: false }`
[INFO] running `Command { std: "docker" "rm" "-f" "5f599a616d20136c5cec93eaee369238b7e4c8a60f84c82a0add0dd703a8fdc8", kill_on_drop: false }`
[INFO] [stdout] 5f599a616d20136c5cec93eaee369238b7e4c8a60f84c82a0add0dd703a8fdc8
