[INFO] fetching crate tide-admin 0.1.0...
[INFO] checking tide-admin-0.1.0 against beta-2021-10-15 for beta-1.56-3
[INFO] extracting crate tide-admin 0.1.0 into /workspace/builds/worker-14/source
[INFO] validating manifest of crates.io crate tide-admin 0.1.0 on toolchain beta-2021-10-15
[INFO] running `Command { std: "/workspace/cargo-home/bin/cargo" "+beta-2021-10-15" "metadata" "--manifest-path" "Cargo.toml" "--no-deps", kill_on_drop: false }`
[INFO] started tweaking crates.io crate tide-admin 0.1.0
[INFO] finished tweaking crates.io crate tide-admin 0.1.0
[INFO] tweaked toml for crates.io crate tide-admin 0.1.0 written to /workspace/builds/worker-14/source/Cargo.toml
[INFO] running `Command { std: "/workspace/cargo-home/bin/cargo" "+beta-2021-10-15" "generate-lockfile" "--manifest-path" "Cargo.toml" "-Zno-index-update", kill_on_drop: false }`
[INFO] running `Command { std: "/workspace/cargo-home/bin/cargo" "+beta-2021-10-15" "fetch" "--manifest-path" "Cargo.toml", kill_on_drop: false }`
[INFO] [stderr]     Blocking waiting for file lock on package cache
[INFO] [stderr]  Downloading crates ...
[INFO] [stderr]   Downloaded sqlx-rt v0.2.0
[INFO] [stderr]   Downloaded build_const v0.2.2
[INFO] [stderr]   Downloaded ahash v0.6.3
[INFO] [stderr]   Downloaded hashlink v0.6.0
[INFO] [stderr]   Downloaded sqlx-macros v0.4.2
[INFO] [stderr]   Downloaded sqlx v0.4.2
[INFO] [stderr]   Downloaded async-rustls v0.1.2
[INFO] [stderr]   Downloaded sqlx-core v0.4.2
[INFO] [stderr]   Downloaded tide-tera v0.2.4
[INFO] [stderr]   Downloaded humansize v1.1.1
[INFO] [stderr]   Downloaded tera v1.12.1
[INFO] running `Command { std: "docker" "create" "-v" "/var/lib/crater-agent-workspace/builds/worker-14/target:/opt/rustwide/target:rw,Z" "-v" "/var/lib/crater-agent-workspace/builds/worker-14/source:/opt/rustwide/workdir:ro,Z" "-v" "/var/lib/crater-agent-workspace/cargo-home:/opt/rustwide/cargo-home:ro,Z" "-v" "/var/lib/crater-agent-workspace/rustup-home:/opt/rustwide/rustup-home:ro,Z" "-e" "SOURCE_DIR=/opt/rustwide/workdir" "-e" "CARGO_TARGET_DIR=/opt/rustwide/target" "-e" "CARGO_HOME=/opt/rustwide/cargo-home" "-e" "RUSTUP_HOME=/opt/rustwide/rustup-home" "-w" "/opt/rustwide/workdir" "-m" "1610612736" "--user" "0:0" "--network" "none" "ghcr.io/rust-lang/crates-build-env/linux@sha256:a89201d6b5b9fd45c15d5952ece0a0129e7e80cb26ec023fd59cf09bc26f1604" "/opt/rustwide/cargo-home/bin/cargo" "+beta-2021-10-15" "metadata" "--no-deps" "--format-version=1", kill_on_drop: false }`
[INFO] [stdout] 0f29e642e0a5266404b9d47a6cbe652e176e90c33f8eee5686d8fcbd99055e38
[INFO] [stderr] WARNING: Your kernel does not support swap limit capabilities or the cgroup is not mounted. Memory limited without swap.
[INFO] running `Command { std: "docker" "start" "-a" "0f29e642e0a5266404b9d47a6cbe652e176e90c33f8eee5686d8fcbd99055e38", kill_on_drop: false }`
[INFO] running `Command { std: "docker" "inspect" "0f29e642e0a5266404b9d47a6cbe652e176e90c33f8eee5686d8fcbd99055e38", kill_on_drop: false }`
[INFO] running `Command { std: "docker" "rm" "-f" "0f29e642e0a5266404b9d47a6cbe652e176e90c33f8eee5686d8fcbd99055e38", kill_on_drop: false }`
[INFO] [stdout] 0f29e642e0a5266404b9d47a6cbe652e176e90c33f8eee5686d8fcbd99055e38
[INFO] running `Command { std: "docker" "create" "-v" "/var/lib/crater-agent-workspace/builds/worker-14/target:/opt/rustwide/target:rw,Z" "-v" "/var/lib/crater-agent-workspace/builds/worker-14/source:/opt/rustwide/workdir:ro,Z" "-v" "/var/lib/crater-agent-workspace/cargo-home:/opt/rustwide/cargo-home:ro,Z" "-v" "/var/lib/crater-agent-workspace/rustup-home:/opt/rustwide/rustup-home:ro,Z" "-e" "SOURCE_DIR=/opt/rustwide/workdir" "-e" "CARGO_TARGET_DIR=/opt/rustwide/target" "-e" "CARGO_INCREMENTAL=0" "-e" "RUST_BACKTRACE=full" "-e" "RUSTFLAGS=--cap-lints=warn" "-e" "CARGO_HOME=/opt/rustwide/cargo-home" "-e" "RUSTUP_HOME=/opt/rustwide/rustup-home" "-w" "/opt/rustwide/workdir" "-m" "1610612736" "--user" "0:0" "--network" "none" "ghcr.io/rust-lang/crates-build-env/linux@sha256:a89201d6b5b9fd45c15d5952ece0a0129e7e80cb26ec023fd59cf09bc26f1604" "/opt/rustwide/cargo-home/bin/cargo" "+beta-2021-10-15" "check" "--frozen" "--all" "--all-targets" "--message-format=json", kill_on_drop: false }`
[INFO] [stderr] WARNING: Your kernel does not support swap limit capabilities or the cgroup is not mounted. Memory limited without swap.
[INFO] [stdout] 559acd2c0285ac64544ba1531d3d77a0e7bd3947a0b6ca8af6ad608ac24b2b86
[INFO] running `Command { std: "docker" "start" "-a" "559acd2c0285ac64544ba1531d3d77a0e7bd3947a0b6ca8af6ad608ac24b2b86", kill_on_drop: false }`
[INFO] [stderr]    Compiling once_cell v1.8.0
[INFO] [stderr]    Compiling futures-io v0.3.17
[INFO] [stderr]    Compiling cache-padded v1.1.1
[INFO] [stderr]    Compiling fastrand v1.5.0
[INFO] [stderr]    Compiling waker-fn v1.1.0
[INFO] [stderr]    Compiling parking v2.0.0
[INFO] [stderr]    Compiling async-task v4.0.3
[INFO] [stderr]    Compiling atomic-waker v1.0.0
[INFO] [stderr]    Compiling base64 v0.12.3
[INFO] [stderr]    Compiling ahash v0.4.7
[INFO] [stderr]    Compiling ahash v0.6.3
[INFO] [stderr]     Checking thread_local v1.1.3
[INFO] [stderr]    Compiling async-lock v2.4.0
[INFO] [stderr]    Compiling crossbeam-utils v0.8.5
[INFO] [stderr]     Checking hashlink v0.6.0
[INFO] [stderr]    Compiling socket2 v0.4.2
[INFO] [stderr]     Checking bstr v0.2.17
[INFO] [stderr]    Compiling futures-channel v0.3.17
[INFO] [stderr]     Checking ring v0.16.20
[INFO] [stderr]    Compiling crc v1.8.1
[INFO] [stderr]    Compiling concurrent-queue v1.2.2
[INFO] [stderr]    Compiling signal-hook v0.3.10
[INFO] [stderr]     Checking async-executor v1.4.1
[INFO] [stderr]     Checking blocking v1.0.2
[INFO] [stderr]    Compiling hashbrown v0.9.1
[INFO] [stderr]    Compiling futures-lite v1.12.0
[INFO] [stderr]    Compiling pest_generator v2.1.3
[INFO] [stderr]     Checking sha-1 v0.9.8
[INFO] [stderr]     Checking md-5 v0.9.1
[INFO] [stderr]    Compiling crossbeam-queue v0.3.2
[INFO] [stderr]    Compiling crossbeam-channel v0.5.1
[INFO] [stderr]    Compiling value-bag v1.0.0-alpha.7
[INFO] [stderr]    Compiling serde v1.0.130
[INFO] [stderr]    Compiling thiserror v1.0.30
[INFO] [stderr]     Checking futures-util v0.3.17
[INFO] [stderr]    Compiling rand v0.7.3
[INFO] [stderr]    Compiling async-channel v1.6.1
[INFO] [stderr]     Checking serde_json v1.0.68
[INFO] [stderr]     Checking chrono v0.4.19
[INFO] [stderr]    Compiling log v0.4.14
[INFO] [stderr]     Checking globset v0.4.8
[INFO] [stderr]     Checking async-io v1.6.0
[INFO] [stderr]     Checking webpki v0.21.4
[INFO] [stderr]     Checking sct v0.6.1
[INFO] [stderr]    Compiling pest_derive v2.1.0
[INFO] [stderr]    Compiling polling v2.1.0
[INFO] [stderr]    Compiling kv-log-macro v1.0.7
[INFO] [stderr]     Checking ignore v0.4.18
[INFO] [stderr]     Checking rustls v0.18.1
[INFO] [stderr]     Checking webpki-roots v0.21.1
[INFO] [stderr]     Checking async-process v1.2.0
[INFO] [stderr]     Checking async-global-executor v2.0.2
[INFO] [stderr]     Checking femme v2.1.1
[INFO] [stderr]     Checking chrono-tz v0.5.3
[INFO] [stderr]     Checking async-std v1.10.0
[INFO] [stderr]     Checking globwalk v0.8.1
[INFO] [stderr]     Checking async-rustls v0.1.2
[INFO] [stderr]    Compiling futures-executor v0.3.17
[INFO] [stderr]    Compiling futures v0.3.17
[INFO] [stderr]    Compiling semver v0.11.0
[INFO] [stderr]    Compiling url v2.2.2
[INFO] [stderr]    Compiling cargo-platform v0.1.2
[INFO] [stderr]    Compiling cargo_metadata v0.12.3
[INFO] [stderr]     Checking http-types v2.12.0
[INFO] [stderr]     Checking sqlx-rt v0.2.0
[INFO] [stderr]     Checking async-session v2.0.1
[INFO] [stderr]     Checking tera v1.12.1
[INFO] [stderr]     Checking sqlx-core v0.4.2
[INFO] [stderr]     Checking async-sse v4.1.0
[INFO] [stderr]     Checking http-client v6.5.1
[INFO] [stderr]     Checking async-h1 v2.3.2
[INFO] [stderr]     Checking tide v0.16.0
[INFO] [stderr]     Checking tide v0.15.1
[INFO] [stderr]     Checking tide-tera v0.2.4
[INFO] [stderr]    Compiling sqlx-macros v0.4.2
[INFO] [stderr]     Checking sqlx v0.4.2
[INFO] [stderr]     Checking tide-admin v0.1.0 (/opt/rustwide/workdir)
[INFO] [stdout] error[E0308]: mismatched types
[INFO] [stdout]   --> src/lib.rs:48:5
[INFO] [stdout]    |
[INFO] [stdout] 48 |     tera.render_response("index.html", &context! { "tables" => tables })
[INFO] [stdout]    |     ^^^^^^^^^^^^^^^^^^^^^^^^^^^^^^^^^^^^^^^^^^^^^^^^^^^^^^^^^^^^^^^^^^^^ expected struct `tide::Response`, found struct `tide::response::Response`
[INFO] [stdout]    |
[INFO] [stdout]    = note: expected enum `Result<tide::Response, _>`
[INFO] [stdout]               found enum `Result<tide::response::Response, _>`
[INFO] [stdout]    = note: perhaps two different versions of crate `tide` are being used?
[INFO] [stdout] 
[INFO] [stdout] 
[INFO] [stdout] error[E0308]: mismatched types
[INFO] [stdout]   --> src/lib.rs:48:5
[INFO] [stdout]    |
[INFO] [stdout] 48 |     tera.render_response("index.html", &context! { "tables" => tables })
[INFO] [stdout]    |     ^^^^^^^^^^^^^^^^^^^^^^^^^^^^^^^^^^^^^^^^^^^^^^^^^^^^^^^^^^^^^^^^^^^^ expected struct `tide::Response`, found struct `tide::response::Response`
[INFO] [stdout]    |
[INFO] [stdout]    = note: expected enum `Result<tide::Response, _>`
[INFO] [stdout]               found enum `Result<tide::response::Response, _>`
[INFO] [stdout]    = note: perhaps two different versions of crate `tide` are being used?
[INFO] [stdout] 
[INFO] [stdout] 
[INFO] [stdout] error[E0308]: mismatched types
[INFO] [stdout]   --> src/lib.rs:59:5
[INFO] [stdout]    |
[INFO] [stdout] 59 | /     tera.render_response(
[INFO] [stdout] 60 | |         "overview.html",
[INFO] [stdout] 61 | |         &context! { "table_name" => table_name, "tables" => tables, "columns" => columns, "data" => data },
[INFO] [stdout] 62 | |     )
[INFO] [stdout]    | |_____^ expected struct `tide::Response`, found struct `tide::response::Response`
[INFO] [stdout]    |
[INFO] [stdout]    = note: expected enum `Result<tide::Response, _>`
[INFO] [stdout]               found enum `Result<tide::response::Response, _>`
[INFO] [stdout]    = note: perhaps two different versions of crate `tide` are being used?
[INFO] [stdout] 
[INFO] [stdout] 
[INFO] [stdout] error: aborting due to 2 previous errors
[INFO] [stdout] 
[INFO] [stdout] 
[INFO] [stdout] For more information about this error, try `rustc --explain E0308`.
[INFO] [stdout] 
[INFO] [stderr] error: could not compile `tide-admin` due to 3 previous errors
[INFO] [stderr] warning: build failed, waiting for other jobs to finish...
[INFO] [stdout] error[E0308]: mismatched types
[INFO] [stdout]   --> src/lib.rs:59:5
[INFO] [stdout]    |
[INFO] [stdout] 59 | /     tera.render_response(
[INFO] [stdout] 60 | |         "overview.html",
[INFO] [stdout] 61 | |         &context! { "table_name" => table_name, "tables" => tables, "columns" => columns, "data" => data },
[INFO] [stdout] 62 | |     )
[INFO] [stdout]    | |_____^ expected struct `tide::Response`, found struct `tide::response::Response`
[INFO] [stdout]    |
[INFO] [stdout]    = note: expected enum `Result<tide::Response, _>`
[INFO] [stdout]               found enum `Result<tide::response::Response, _>`
[INFO] [stdout]    = note: perhaps two different versions of crate `tide` are being used?
[INFO] [stdout] 
[INFO] [stdout] 
[INFO] [stdout] error: aborting due to 2 previous errors
[INFO] [stdout] 
[INFO] [stdout] 
[INFO] [stdout] For more information about this error, try `rustc --explain E0308`.
[INFO] [stdout] 
[INFO] [stderr] error: build failed
[INFO] running `Command { std: "docker" "inspect" "559acd2c0285ac64544ba1531d3d77a0e7bd3947a0b6ca8af6ad608ac24b2b86", kill_on_drop: false }`
[INFO] running `Command { std: "docker" "rm" "-f" "559acd2c0285ac64544ba1531d3d77a0e7bd3947a0b6ca8af6ad608ac24b2b86", kill_on_drop: false }`
[INFO] [stdout] 559acd2c0285ac64544ba1531d3d77a0e7bd3947a0b6ca8af6ad608ac24b2b86
