[INFO] fetching crate throne 0.4.1...
[INFO] checking throne-0.4.1 against 1.55.0 for beta-1.56-3
[INFO] extracting crate throne 0.4.1 into /workspace/builds/worker-3/source
[INFO] validating manifest of crates.io crate throne 0.4.1 on toolchain 1.55.0
[INFO] running `Command { std: "/workspace/cargo-home/bin/cargo" "+1.55.0" "metadata" "--manifest-path" "Cargo.toml" "--no-deps", kill_on_drop: false }`
[INFO] started tweaking crates.io crate throne 0.4.1
[INFO] finished tweaking crates.io crate throne 0.4.1
[INFO] tweaked toml for crates.io crate throne 0.4.1 written to /workspace/builds/worker-3/source/Cargo.toml
[INFO] crate crates.io crate throne 0.4.1 already has a lockfile, it will not be regenerated
[INFO] running `Command { std: "/workspace/cargo-home/bin/cargo" "+1.55.0" "fetch" "--manifest-path" "Cargo.toml", kill_on_drop: false }`
[INFO] running `Command { std: "docker" "create" "-v" "/var/lib/crater-agent-workspace/builds/worker-3/target:/opt/rustwide/target:rw,Z" "-v" "/var/lib/crater-agent-workspace/builds/worker-3/source:/opt/rustwide/workdir:ro,Z" "-v" "/var/lib/crater-agent-workspace/cargo-home:/opt/rustwide/cargo-home:ro,Z" "-v" "/var/lib/crater-agent-workspace/rustup-home:/opt/rustwide/rustup-home:ro,Z" "-e" "SOURCE_DIR=/opt/rustwide/workdir" "-e" "CARGO_TARGET_DIR=/opt/rustwide/target" "-e" "CARGO_HOME=/opt/rustwide/cargo-home" "-e" "RUSTUP_HOME=/opt/rustwide/rustup-home" "-w" "/opt/rustwide/workdir" "-m" "1610612736" "--user" "0:0" "--network" "none" "ghcr.io/rust-lang/crates-build-env/linux@sha256:a89201d6b5b9fd45c15d5952ece0a0129e7e80cb26ec023fd59cf09bc26f1604" "/opt/rustwide/cargo-home/bin/cargo" "+1.55.0" "metadata" "--no-deps" "--format-version=1", kill_on_drop: false }`
[INFO] [stderr] WARNING: Your kernel does not support swap limit capabilities or the cgroup is not mounted. Memory limited without swap.
[INFO] [stdout] b33c666ff77314c39d5be0b0a4d2405b8df392079093d43f1343406aca36fdec
[INFO] running `Command { std: "docker" "start" "-a" "b33c666ff77314c39d5be0b0a4d2405b8df392079093d43f1343406aca36fdec", kill_on_drop: false }`
[INFO] running `Command { std: "docker" "inspect" "b33c666ff77314c39d5be0b0a4d2405b8df392079093d43f1343406aca36fdec", kill_on_drop: false }`
[INFO] running `Command { std: "docker" "rm" "-f" "b33c666ff77314c39d5be0b0a4d2405b8df392079093d43f1343406aca36fdec", kill_on_drop: false }`
[INFO] [stdout] b33c666ff77314c39d5be0b0a4d2405b8df392079093d43f1343406aca36fdec
[INFO] running `Command { std: "docker" "create" "-v" "/var/lib/crater-agent-workspace/builds/worker-3/target:/opt/rustwide/target:rw,Z" "-v" "/var/lib/crater-agent-workspace/builds/worker-3/source:/opt/rustwide/workdir:ro,Z" "-v" "/var/lib/crater-agent-workspace/cargo-home:/opt/rustwide/cargo-home:ro,Z" "-v" "/var/lib/crater-agent-workspace/rustup-home:/opt/rustwide/rustup-home:ro,Z" "-e" "SOURCE_DIR=/opt/rustwide/workdir" "-e" "CARGO_TARGET_DIR=/opt/rustwide/target" "-e" "CARGO_INCREMENTAL=0" "-e" "RUST_BACKTRACE=full" "-e" "RUSTFLAGS=--cap-lints=warn" "-e" "CARGO_HOME=/opt/rustwide/cargo-home" "-e" "RUSTUP_HOME=/opt/rustwide/rustup-home" "-w" "/opt/rustwide/workdir" "-m" "1610612736" "--user" "0:0" "--network" "none" "ghcr.io/rust-lang/crates-build-env/linux@sha256:a89201d6b5b9fd45c15d5952ece0a0129e7e80cb26ec023fd59cf09bc26f1604" "/opt/rustwide/cargo-home/bin/cargo" "+1.55.0" "check" "--frozen" "--all" "--all-targets" "--message-format=json", kill_on_drop: false }`
[INFO] [stdout] 5b9d8826e7b06e290184e008970cfddc3640aa241393e1515badab404b541893
[INFO] [stderr] WARNING: Your kernel does not support swap limit capabilities or the cgroup is not mounted. Memory limited without swap.
[INFO] running `Command { std: "docker" "start" "-a" "5b9d8826e7b06e290184e008970cfddc3640aa241393e1515badab404b541893", kill_on_drop: false }`
[INFO] [stderr]    Compiling libc v0.2.93
[INFO] [stderr]    Compiling xml-rs v0.8.3
[INFO] [stderr]    Compiling serde v1.0.125
[INFO] [stderr]    Compiling regex-syntax v0.6.23
[INFO] [stderr]    Compiling syn v1.0.69
[INFO] [stderr]    Compiling wayland-sys v0.28.5
[INFO] [stderr]    Compiling nom v6.1.2
[INFO] [stderr]    Compiling minifb v0.19.3
[INFO] [stderr]    Compiling cast v0.2.5
[INFO] [stderr]     Checking criterion-plot v0.4.3
[INFO] [stderr]    Compiling wayland-scanner v0.28.5
[INFO] [stderr]     Checking getrandom v0.2.2
[INFO] [stderr]     Checking nix v0.20.0
[INFO] [stderr]     Checking num_cpus v1.13.0
[INFO] [stderr]     Checking atty v0.2.14
[INFO] [stderr]     Checking raw-window-handle v0.3.3
[INFO] [stderr]     Checking x11-dl v2.18.5
[INFO] [stderr]    Compiling wayland-client v0.28.5
[INFO] [stderr]    Compiling wayland-protocols v0.28.5
[INFO] [stderr]    Compiling which v3.1.1
[INFO] [stderr]    Compiling clang-sys v1.2.0
[INFO] [stderr]     Checking clap v2.33.3
[INFO] [stderr]     Checking rayon-core v1.9.0
[INFO] [stderr]     Checking rand_core v0.6.2
[INFO] [stderr]     Checking xcursor v0.3.3
[INFO] [stderr]     Checking rand_chacha v0.3.0
[INFO] [stderr]    Compiling regex v1.4.5
[INFO] [stderr]     Checking rand v0.8.3
[INFO] [stderr]     Checking rayon v1.5.0
[INFO] [stderr]     Checking serde_json v1.0.64
[INFO] [stderr]     Checking bstr v0.2.15
[INFO] [stderr]     Checking serde_cbor v0.11.1
[INFO] [stderr]    Compiling pest_generator v2.1.3
[INFO] [stderr]    Compiling env_logger v0.8.3
[INFO] [stderr]     Checking tempfile v3.2.0
[INFO] [stderr]     Checking csv v1.1.6
[INFO] [stderr]     Checking tinytemplate v1.2.1
[INFO] [stderr]    Compiling bindgen v0.56.0
[INFO] [stderr]     Checking wayland-commons v0.28.5
[INFO] [stderr]    Compiling pest_derive v2.1.0
[INFO] [stderr]    Compiling serde_derive v1.0.125
[INFO] [stderr]     Checking wayland-cursor v0.28.5
[INFO] [stderr]     Checking throne v0.4.1 (/opt/rustwide/workdir)
[INFO] [stderr]    Compiling xkbcommon-sys v0.7.5
[INFO] [stderr]     Checking criterion v0.3.4
[INFO] [stderr]     Checking xkb v0.2.1
[INFO] [stdout] error[E0599]: no method named `append_state` found for struct `throne::Context` in the current scope
[INFO] [stdout]   --> benches/benchmark.rs:25:25
[INFO] [stdout]    |
[INFO] [stdout] 25 |                 context.append_state("#update");
[INFO] [stdout]    |                         ^^^^^^^^^^^^ method not found in `throne::Context`
[INFO] [stdout] 
[INFO] [stdout] 
[INFO] [stdout] error[E0599]: no method named `append_state` found for struct `throne::Context` in the current scope
[INFO] [stdout]   --> benches/benchmark.rs:64:25
[INFO] [stdout]    |
[INFO] [stdout] 64 |                 context.append_state("#increment");
[INFO] [stdout]    |                         ^^^^^^^^^^^^ method not found in `throne::Context`
[INFO] [stdout] 
[INFO] [stdout] 
[INFO] [stdout] error[E0624]: associated function `from_text` is private
[INFO] [stdout]   --> benches/benchmark.rs:17:42
[INFO] [stdout]    |
[INFO] [stdout] 17 |                         throne::Context::from_text(include_str!("wood.throne"))
[INFO] [stdout]    |                                          ^^^^^^^^^ private associated function
[INFO] [stdout]    | 
[INFO] [stdout]   ::: /opt/rustwide/workdir/src/context.rs:87:5
[INFO] [stdout]    |
[INFO] [stdout] 87 |     pub(crate) fn from_text(text: &str) -> Result<Self, parser::Error> {
[INFO] [stdout]    |     ------------------------------------------------------------------ private associated function defined here
[INFO] [stdout] 
[INFO] [stdout] 
[INFO] [stdout] error[E0599]: no method named `with_test_rng` found for struct `throne::Context` in the current scope
[INFO] [stdout]   --> benches/benchmark.rs:19:30
[INFO] [stdout]    |
[INFO] [stdout] 19 | ...                   .with_test_rng();
[INFO] [stdout]    |                        ^^^^^^^^^^^^^ method not found in `throne::Context`
[INFO] [stdout] 
[INFO] [stdout] 
[INFO] [stdout] error[E0624]: associated function `from_text` is private
[INFO] [stdout]   --> benches/benchmark.rs:37:42
[INFO] [stdout]    |
[INFO] [stdout] 37 |                         throne::Context::from_text(include_str!("spaceopera.throne"))
[INFO] [stdout]    |                                          ^^^^^^^^^ private associated function
[INFO] [stdout]    | 
[INFO] [stdout]   ::: /opt/rustwide/workdir/src/context.rs:87:5
[INFO] [stdout]    |
[INFO] [stdout] 87 |     pub(crate) fn from_text(text: &str) -> Result<Self, parser::Error> {
[INFO] [stdout]    |     ------------------------------------------------------------------ private associated function defined here
[INFO] [stdout] 
[INFO] [stdout] 
[INFO] [stdout] error[E0599]: no method named `with_test_rng` found for struct `throne::Context` in the current scope
[INFO] [stdout]   --> benches/benchmark.rs:39:30
[INFO] [stdout]    |
[INFO] [stdout] 39 | ...                   .with_test_rng();
[INFO] [stdout]    |                        ^^^^^^^^^^^^^ method not found in `throne::Context`
[INFO] [stdout] 
[INFO] [stdout] 
[INFO] [stdout] error[E0624]: associated function `from_text` is private
[INFO] [stdout]   --> benches/benchmark.rs:56:42
[INFO] [stdout]    |
[INFO] [stdout] 56 |                         throne::Context::from_text(include_str!("increment.throne"))
[INFO] [stdout]    |                                          ^^^^^^^^^ private associated function
[INFO] [stdout]    | 
[INFO] [stdout]   ::: /opt/rustwide/workdir/src/context.rs:87:5
[INFO] [stdout]    |
[INFO] [stdout] 87 |     pub(crate) fn from_text(text: &str) -> Result<Self, parser::Error> {
[INFO] [stdout]    |     ------------------------------------------------------------------ private associated function defined here
[INFO] [stdout] 
[INFO] [stdout] 
[INFO] [stdout] error[E0599]: no method named `with_test_rng` found for struct `throne::Context` in the current scope
[INFO] [stdout]   --> benches/benchmark.rs:58:30
[INFO] [stdout]    |
[INFO] [stdout] 58 | ...                   .with_test_rng();
[INFO] [stdout]    |                        ^^^^^^^^^^^^^ method not found in `throne::Context`
[INFO] [stdout] 
[INFO] [stdout] 
[INFO] [stdout] error: aborting due to 8 previous errors
[INFO] [stdout] 
[INFO] [stdout] 
[INFO] [stdout] Some errors have detailed explanations: E0599, E0624.
[INFO] [stdout] 
[INFO] [stdout] For more information about an error, try `rustc --explain E0599`.
[INFO] [stdout] 
[INFO] [stderr] error: could not compile `throne` due to 9 previous errors
[INFO] [stderr] warning: build failed, waiting for other jobs to finish...
[INFO] [stderr] error: build failed
[INFO] running `Command { std: "docker" "inspect" "5b9d8826e7b06e290184e008970cfddc3640aa241393e1515badab404b541893", kill_on_drop: false }`
[INFO] running `Command { std: "docker" "rm" "-f" "5b9d8826e7b06e290184e008970cfddc3640aa241393e1515badab404b541893", kill_on_drop: false }`
[INFO] [stdout] 5b9d8826e7b06e290184e008970cfddc3640aa241393e1515badab404b541893
