[INFO] fetching crate tf-demo-parser 0.3.3...
[INFO] checking tf-demo-parser-0.3.3 against beta-2021-10-15 for beta-1.56-3
[INFO] extracting crate tf-demo-parser 0.3.3 into /workspace/builds/worker-63/source
[INFO] validating manifest of crates.io crate tf-demo-parser 0.3.3 on toolchain beta-2021-10-15
[INFO] running `Command { std: "/workspace/cargo-home/bin/cargo" "+beta-2021-10-15" "metadata" "--manifest-path" "Cargo.toml" "--no-deps", kill_on_drop: false }`
[INFO] started tweaking crates.io crate tf-demo-parser 0.3.3
[INFO] finished tweaking crates.io crate tf-demo-parser 0.3.3
[INFO] tweaked toml for crates.io crate tf-demo-parser 0.3.3 written to /workspace/builds/worker-63/source/Cargo.toml
[INFO] crate crates.io crate tf-demo-parser 0.3.3 already has a lockfile, it will not be regenerated
[INFO] running `Command { std: "/workspace/cargo-home/bin/cargo" "+beta-2021-10-15" "fetch" "--manifest-path" "Cargo.toml", kill_on_drop: false }`
[INFO] [stderr]     Blocking waiting for file lock on package cache
[INFO] [stderr]     Blocking waiting for file lock on package cache
[INFO] running `Command { std: "docker" "create" "-v" "/var/lib/crater-agent-workspace/builds/worker-63/target:/opt/rustwide/target:rw,Z" "-v" "/var/lib/crater-agent-workspace/builds/worker-63/source:/opt/rustwide/workdir:ro,Z" "-v" "/var/lib/crater-agent-workspace/cargo-home:/opt/rustwide/cargo-home:ro,Z" "-v" "/var/lib/crater-agent-workspace/rustup-home:/opt/rustwide/rustup-home:ro,Z" "-e" "SOURCE_DIR=/opt/rustwide/workdir" "-e" "CARGO_TARGET_DIR=/opt/rustwide/target" "-e" "CARGO_HOME=/opt/rustwide/cargo-home" "-e" "RUSTUP_HOME=/opt/rustwide/rustup-home" "-w" "/opt/rustwide/workdir" "-m" "1610612736" "--user" "0:0" "--network" "none" "ghcr.io/rust-lang/crates-build-env/linux@sha256:a89201d6b5b9fd45c15d5952ece0a0129e7e80cb26ec023fd59cf09bc26f1604" "/opt/rustwide/cargo-home/bin/cargo" "+beta-2021-10-15" "metadata" "--no-deps" "--format-version=1", kill_on_drop: false }`
[INFO] [stdout] 2c8213c141d91de98cd0736fb6282615d1cc3fd730199dadbb4691d6bbb6ae5a
[INFO] running `Command { std: "docker" "start" "-a" "2c8213c141d91de98cd0736fb6282615d1cc3fd730199dadbb4691d6bbb6ae5a", kill_on_drop: false }`
[INFO] running `Command { std: "docker" "inspect" "2c8213c141d91de98cd0736fb6282615d1cc3fd730199dadbb4691d6bbb6ae5a", kill_on_drop: false }`
[INFO] running `Command { std: "docker" "rm" "-f" "2c8213c141d91de98cd0736fb6282615d1cc3fd730199dadbb4691d6bbb6ae5a", kill_on_drop: false }`
[INFO] [stdout] 2c8213c141d91de98cd0736fb6282615d1cc3fd730199dadbb4691d6bbb6ae5a
[INFO] running `Command { std: "docker" "create" "-v" "/var/lib/crater-agent-workspace/builds/worker-63/target:/opt/rustwide/target:rw,Z" "-v" "/var/lib/crater-agent-workspace/builds/worker-63/source:/opt/rustwide/workdir:ro,Z" "-v" "/var/lib/crater-agent-workspace/cargo-home:/opt/rustwide/cargo-home:ro,Z" "-v" "/var/lib/crater-agent-workspace/rustup-home:/opt/rustwide/rustup-home:ro,Z" "-e" "SOURCE_DIR=/opt/rustwide/workdir" "-e" "CARGO_TARGET_DIR=/opt/rustwide/target" "-e" "CARGO_INCREMENTAL=0" "-e" "RUST_BACKTRACE=full" "-e" "RUSTFLAGS=--cap-lints=warn" "-e" "CARGO_HOME=/opt/rustwide/cargo-home" "-e" "RUSTUP_HOME=/opt/rustwide/rustup-home" "-w" "/opt/rustwide/workdir" "-m" "1610612736" "--user" "0:0" "--network" "none" "ghcr.io/rust-lang/crates-build-env/linux@sha256:a89201d6b5b9fd45c15d5952ece0a0129e7e80cb26ec023fd59cf09bc26f1604" "/opt/rustwide/cargo-home/bin/cargo" "+beta-2021-10-15" "check" "--frozen" "--all" "--all-targets" "--message-format=json", kill_on_drop: false }`
[INFO] [stdout] 92bec8707f0dfb2877e22d4418a075baa68701e25436728692690d3f4e393ce2
[INFO] running `Command { std: "docker" "start" "-a" "92bec8707f0dfb2877e22d4418a075baa68701e25436728692690d3f4e393ce2", kill_on_drop: false }`
[INFO] [stderr]     Blocking waiting for file lock on package cache
[INFO] [stderr]    Compiling proc-macro2 v1.0.28
[INFO] [stderr]    Compiling unicode-xid v0.2.2
[INFO] [stderr]    Compiling syn v1.0.74
[INFO] [stderr]    Compiling autocfg v1.0.1
[INFO] [stderr]    Compiling serde_derive v1.0.126
[INFO] [stderr]    Compiling serde v1.0.126
[INFO] [stderr]    Compiling memchr v2.4.0
[INFO] [stderr]    Compiling version_check v0.9.3
[INFO] [stderr]     Checking lazy_static v1.4.0
[INFO] [stderr]     Checking regex-syntax v0.6.25
[INFO] [stderr]    Compiling rustversion v1.0.5
[INFO] [stderr]    Compiling ryu v1.0.5
[INFO] [stderr]    Compiling libc v0.2.98
[INFO] [stderr]     Checking cfg-if v1.0.0
[INFO] [stderr]    Compiling log v0.4.14
[INFO] [stderr]     Checking once_cell v1.8.0
[INFO] [stderr]    Compiling serde_json v1.0.64
[INFO] [stderr]    Compiling snap v1.0.5
[INFO] [stderr]     Checking itoa v0.4.7
[INFO] [stderr]     Checking ansi_term v0.12.1
[INFO] [stderr]     Checking pin-project-lite v0.2.7
[INFO] [stderr]     Checking smallvec v1.6.1
[INFO] [stderr]     Checking fnv v1.0.7
[INFO] [stderr]     Checking main_error v0.1.1
[INFO] [stderr]     Checking diff v0.1.12
[INFO] [stderr]     Checking iai v0.1.1
[INFO] [stderr]     Checking thread_local v1.1.3
[INFO] [stderr]     Checking tracing-core v0.1.18
[INFO] [stderr]     Checking sharded-slab v0.1.1
[INFO] [stderr]    Compiling num-traits v0.2.14
[INFO] [stderr]    Compiling num-integer v0.1.44
[INFO] [stderr]    Compiling num-bigint v0.3.2
[INFO] [stderr]    Compiling num-iter v0.1.42
[INFO] [stderr]    Compiling num-rational v0.3.2
[INFO] [stderr]     Checking pretty_assertions v0.7.2
[INFO] [stderr]     Checking tracing-log v0.1.2
[INFO] [stderr]    Compiling proc-macro-error-attr v1.0.4
[INFO] [stderr]    Compiling proc-macro-error v1.0.4
[INFO] [stderr]    Compiling test-case v1.2.0
[INFO] [stderr]     Checking aho-corasick v0.7.18
[INFO] [stderr]    Compiling err-derive v0.3.0
[INFO] [stderr]    Compiling quote v1.0.9
[INFO] [stderr]     Checking regex-automata v0.1.10
[INFO] [stderr]     Checking regex v1.5.4
[INFO] [stderr]     Checking num-complex v0.3.1
[INFO] [stderr]     Checking num-traits v0.1.43
[INFO] [stderr]     Checking enum_primitive v0.1.1
[INFO] [stderr]     Checking matchers v0.0.1
[INFO] [stderr]     Checking chrono v0.4.19
[INFO] [stderr]     Checking num v0.3.1
[INFO] [stderr]    Compiling syn_util v0.4.2
[INFO] [stderr]    Compiling synstructure v0.12.5
[INFO] [stderr]    Compiling thiserror-impl v1.0.26
[INFO] [stderr]    Compiling structmeta-derive v0.1.3
[INFO] [stderr]    Compiling tracing-attributes v0.1.15
[INFO] [stderr]    Compiling bitbuffer_derive v0.10.0
[INFO] [stderr]    Compiling derivative v2.2.0
[INFO] [stderr]    Compiling enumflags2_derive v0.7.0
[INFO] [stderr]    Compiling serde_repr v0.1.7
[INFO] [stderr]    Compiling thiserror v1.0.26
[INFO] [stderr]     Checking tracing v0.1.26
[INFO] [stderr]    Compiling structmeta v0.1.3
[INFO] [stderr]    Compiling parse-display-derive v0.5.1
[INFO] [stderr]     Checking parse-display v0.5.1
[INFO] [stderr]     Checking tracing-serde v0.1.2
[INFO] [stderr]     Checking steamid-ng v1.0.0
[INFO] [stderr]     Checking enumflags2 v0.7.1
[INFO] [stderr]     Checking bitbuffer v0.10.3
[INFO] [stderr]    Compiling toml v0.5.8
[INFO] [stderr]     Checking tracing-subscriber v0.2.19
[INFO] [stderr]    Compiling proc-macro-crate v1.0.0
[INFO] [stderr]    Compiling num_enum_derive v0.5.2
[INFO] [stderr]     Checking num_enum v0.5.2
[INFO] [stderr]     Checking tf-demo-parser v0.3.3 (/opt/rustwide/workdir)
[INFO] [stdout] error[E0554]: `#![feature]` may not be used on the beta release channel
[INFO] [stdout]  --> benches/allmessages.rs:4:1
[INFO] [stdout]   |
[INFO] [stdout] 4 | #![feature(test)]
[INFO] [stdout]   | ^^^^^^^^^^^^^^^^^
[INFO] [stdout] 
[INFO] [stdout] 
[INFO] [stdout] error[E0554]: `#![feature]` may not be used on the beta release channel
[INFO] [stdout]  --> benches/sendprop.rs:4:1
[INFO] [stdout]   |
[INFO] [stdout] 4 | #![feature(test)]
[INFO] [stdout]   | ^^^^^^^^^^^^^^^^^
[INFO] [stdout] 
[INFO] [stdout] 
[INFO] [stdout] error: aborting due to previous error
[INFO] [stdout] 
[INFO] [stdout] 
[INFO] [stdout] For more information about this error, try `rustc --explain E0554`.
[INFO] [stdout] 
[INFO] [stdout] error: aborting due to previous error
[INFO] [stdout] 
[INFO] [stdout] 
[INFO] [stdout] For more information about this error, try `rustc --explain E0554`.
[INFO] [stdout] 
[INFO] [stderr] error: could not compile `tf-demo-parser` due to 2 previous errors
[INFO] [stdout] error[E0554]: `#![feature]` may not be used on the beta release channel
[INFO] [stdout]  --> benches/bench.rs:1:1
[INFO] [stdout]   |
[INFO] [stdout] 1 | #![feature(test)]
[INFO] [stdout]   | ^^^^^^^^^^^^^^^^^
[INFO] [stdout] 
[INFO] [stdout] 
[INFO] [stderr] warning: build failed, waiting for other jobs to finish...
[INFO] [stdout] error: aborting due to previous error
[INFO] [stdout] 
[INFO] [stdout] 
[INFO] [stdout] For more information about this error, try `rustc --explain E0554`.
[INFO] [stdout] 
[INFO] [stdout] error: couldn't read benches/../test_data/gully.dem: No such file or directory (os error 2)
[INFO] [stdout]   --> benches/iai.rs:24:22
[INFO] [stdout]    |
[INFO] [stdout] 24 | const INPUT: &[u8] = include_bytes!("../test_data/gully.dem");
[INFO] [stdout]    |                      ^^^^^^^^^^^^^^^^^^^^^^^^^^^^^^^^^^^^^^^^
[INFO] [stdout]    |
[INFO] [stdout]    = note: this error originates in the macro `include_bytes` (in Nightly builds, run with -Z macro-backtrace for more info)
[INFO] [stdout] 
[INFO] [stdout] 
[INFO] [stdout] error: aborting due to previous error
[INFO] [stdout] 
[INFO] [stdout] 
[INFO] [stderr] error: build failed
[INFO] running `Command { std: "docker" "inspect" "92bec8707f0dfb2877e22d4418a075baa68701e25436728692690d3f4e393ce2", kill_on_drop: false }`
[INFO] running `Command { std: "docker" "rm" "-f" "92bec8707f0dfb2877e22d4418a075baa68701e25436728692690d3f4e393ce2", kill_on_drop: false }`
[INFO] [stdout] 92bec8707f0dfb2877e22d4418a075baa68701e25436728692690d3f4e393ce2
