[INFO] fetching crate tetsy-rlp 0.5.1...
[INFO] checking tetsy-rlp-0.5.1 against 1.55.0 for beta-1.56-3
[INFO] extracting crate tetsy-rlp 0.5.1 into /workspace/builds/worker-73/source
[INFO] validating manifest of crates.io crate tetsy-rlp 0.5.1 on toolchain 1.55.0
[INFO] running `Command { std: "/workspace/cargo-home/bin/cargo" "+1.55.0" "metadata" "--manifest-path" "Cargo.toml" "--no-deps", kill_on_drop: false }`
[INFO] started tweaking crates.io crate tetsy-rlp 0.5.1
[INFO] finished tweaking crates.io crate tetsy-rlp 0.5.1
[INFO] tweaked toml for crates.io crate tetsy-rlp 0.5.1 written to /workspace/builds/worker-73/source/Cargo.toml
[INFO] running `Command { std: "/workspace/cargo-home/bin/cargo" "+1.55.0" "generate-lockfile" "--manifest-path" "Cargo.toml" "-Zno-index-update", kill_on_drop: false }`
[INFO] [stderr]     Blocking waiting for file lock on package cache
[INFO] running `Command { std: "/workspace/cargo-home/bin/cargo" "+1.55.0" "fetch" "--manifest-path" "Cargo.toml", kill_on_drop: false }`
[INFO] [stderr]     Blocking waiting for file lock on package cache
[INFO] running `Command { std: "docker" "create" "-v" "/var/lib/crater-agent-workspace/builds/worker-73/target:/opt/rustwide/target:rw,Z" "-v" "/var/lib/crater-agent-workspace/builds/worker-73/source:/opt/rustwide/workdir:ro,Z" "-v" "/var/lib/crater-agent-workspace/cargo-home:/opt/rustwide/cargo-home:ro,Z" "-v" "/var/lib/crater-agent-workspace/rustup-home:/opt/rustwide/rustup-home:ro,Z" "-e" "SOURCE_DIR=/opt/rustwide/workdir" "-e" "CARGO_TARGET_DIR=/opt/rustwide/target" "-e" "CARGO_HOME=/opt/rustwide/cargo-home" "-e" "RUSTUP_HOME=/opt/rustwide/rustup-home" "-w" "/opt/rustwide/workdir" "-m" "1610612736" "--user" "0:0" "--network" "none" "ghcr.io/rust-lang/crates-build-env/linux@sha256:a89201d6b5b9fd45c15d5952ece0a0129e7e80cb26ec023fd59cf09bc26f1604" "/opt/rustwide/cargo-home/bin/cargo" "+1.55.0" "metadata" "--no-deps" "--format-version=1", kill_on_drop: false }`
[INFO] [stdout] 5179b98deb22300097100b2a8e5217765be659a57205d1f22b0af68ce0427c4d
[INFO] running `Command { std: "docker" "start" "-a" "5179b98deb22300097100b2a8e5217765be659a57205d1f22b0af68ce0427c4d", kill_on_drop: false }`
[INFO] running `Command { std: "docker" "inspect" "5179b98deb22300097100b2a8e5217765be659a57205d1f22b0af68ce0427c4d", kill_on_drop: false }`
[INFO] running `Command { std: "docker" "rm" "-f" "5179b98deb22300097100b2a8e5217765be659a57205d1f22b0af68ce0427c4d", kill_on_drop: false }`
[INFO] [stdout] 5179b98deb22300097100b2a8e5217765be659a57205d1f22b0af68ce0427c4d
[INFO] running `Command { std: "docker" "create" "-v" "/var/lib/crater-agent-workspace/builds/worker-73/target:/opt/rustwide/target:rw,Z" "-v" "/var/lib/crater-agent-workspace/builds/worker-73/source:/opt/rustwide/workdir:ro,Z" "-v" "/var/lib/crater-agent-workspace/cargo-home:/opt/rustwide/cargo-home:ro,Z" "-v" "/var/lib/crater-agent-workspace/rustup-home:/opt/rustwide/rustup-home:ro,Z" "-e" "SOURCE_DIR=/opt/rustwide/workdir" "-e" "CARGO_TARGET_DIR=/opt/rustwide/target" "-e" "CARGO_INCREMENTAL=0" "-e" "RUST_BACKTRACE=full" "-e" "RUSTFLAGS=--cap-lints=warn" "-e" "CARGO_HOME=/opt/rustwide/cargo-home" "-e" "RUSTUP_HOME=/opt/rustwide/rustup-home" "-w" "/opt/rustwide/workdir" "-m" "1610612736" "--user" "0:0" "--network" "none" "ghcr.io/rust-lang/crates-build-env/linux@sha256:a89201d6b5b9fd45c15d5952ece0a0129e7e80cb26ec023fd59cf09bc26f1604" "/opt/rustwide/cargo-home/bin/cargo" "+1.55.0" "check" "--frozen" "--all" "--all-targets" "--message-format=json", kill_on_drop: false }`
[INFO] [stdout] aca9465d3908e328a647e7e2a5ec2f725a5b245bcea4d740a1c5df6a924e8384
[INFO] running `Command { std: "docker" "start" "-a" "aca9465d3908e328a647e7e2a5ec2f725a5b245bcea4d740a1c5df6a924e8384", kill_on_drop: false }`
[INFO] [stderr]     Blocking waiting for file lock on package cache
[INFO] [stderr]    Compiling autocfg v1.0.1
[INFO] [stderr]     Checking lazy_static v1.4.0
[INFO] [stderr]    Compiling serde v1.0.130
[INFO] [stderr]    Compiling semver v1.0.4
[INFO] [stderr]    Compiling crossbeam-utils v0.8.5
[INFO] [stderr]    Compiling libc v0.2.103
[INFO] [stderr]     Checking cfg-if v1.0.0
[INFO] [stderr]    Compiling ryu v1.0.5
[INFO] [stderr]    Compiling crossbeam-epoch v0.9.5
[INFO] [stderr]    Compiling proc-macro2 v1.0.30
[INFO] [stderr]    Compiling memchr v2.4.1
[INFO] [stderr]     Checking scopeguard v1.1.0
[INFO] [stderr]    Compiling rayon-core v1.9.1
[INFO] [stderr]    Compiling unicode-xid v0.2.2
[INFO] [stderr]    Compiling syn v1.0.80
[INFO] [stderr]    Compiling serde_json v1.0.68
[INFO] [stderr]     Checking either v1.6.1
[INFO] [stderr]     Checking itoa v0.4.8
[INFO] [stderr]     Checking regex-automata v0.1.10
[INFO] [stderr]    Compiling serde_derive v1.0.130
[INFO] [stderr]     Checking plotters-backend v0.3.2
[INFO] [stderr]     Checking unicode-width v0.1.9
[INFO] [stderr]     Checking half v1.8.0
[INFO] [stderr]     Checking regex-syntax v0.6.25
[INFO] [stderr]     Checking bitflags v1.3.2
[INFO] [stderr]     Checking same-file v1.0.6
[INFO] [stderr]     Checking rustc-hex v2.1.0
[INFO] [stderr]     Checking bytes v1.1.0
[INFO] [stderr]     Checking oorandom v11.1.3
[INFO] [stderr]    Compiling hex-literal v0.3.3
[INFO] [stderr]     Checking textwrap v0.11.0
[INFO] [stderr]     Checking walkdir v2.3.2
[INFO] [stderr]     Checking clap v2.33.3
[INFO] [stderr]     Checking plotters-svg v0.3.1
[INFO] [stderr]     Checking itertools v0.10.1
[INFO] [stderr]     Checking tetsy-rlp v0.5.1 (/opt/rustwide/workdir)
[INFO] [stderr]     Checking crossbeam-channel v0.5.1
[INFO] [stderr]    Compiling memoffset v0.6.4
[INFO] [stderr]    Compiling num-traits v0.2.14
[INFO] [stderr]    Compiling rayon v1.5.1
[INFO] [stderr]     Checking regex v1.5.4
[INFO] [stderr]     Checking csv-core v0.1.10
[INFO] [stderr]    Compiling rustc_version v0.4.0
[INFO] [stderr]    Compiling cast v0.2.7
[INFO] [stderr]     Checking num_cpus v1.13.0
[INFO] [stderr]     Checking atty v0.2.14
[INFO] [stderr]    Compiling quote v1.0.10
[INFO] [stderr]     Checking crossbeam-deque v0.8.1
[INFO] [stderr]     Checking criterion-plot v0.4.4
[INFO] [stderr]     Checking plotters v0.3.1
[INFO] [stderr]     Checking bstr v0.2.17
[INFO] [stderr]     Checking serde_cbor v0.11.2
[INFO] [stderr]     Checking csv v1.1.6
[INFO] [stderr]     Checking tinytemplate v1.2.1
[INFO] [stderr]     Checking criterion v0.3.5
[INFO] [stdout] error[E0433]: failed to resolve: use of undeclared crate or module `tetsy_primitive_types`
[INFO] [stdout]   --> benches/rlp.rs:24:14
[INFO] [stdout]    |
[INFO] [stdout] 24 |             let uint: tetsy_primitive_types::U256 = "8090a0b0c0d0e0f00910203040506077000000000000000100000000000012f0".into();
[INFO] [stdout]    |                       ^^^^^^^^^^^^^^^^^^^^^ use of undeclared crate or module `tetsy_primitive_types`
[INFO] [stdout] 
[INFO] [stdout] 
[INFO] [stdout] error[E0433]: failed to resolve: use of undeclared crate or module `tetsy_primitive_types`
[INFO] [stdout]   --> benches/rlp.rs:74:11
[INFO] [stdout]    |
[INFO] [stdout] 74 |             let _: tetsy_primitive_types::U256 = rlp.as_val().unwrap();
[INFO] [stdout]    |                    ^^^^^^^^^^^^^^^^^^^^^ use of undeclared crate or module `tetsy_primitive_types`
[INFO] [stdout] 
[INFO] [stdout] 
[INFO] [stdout] error[E0432]: unresolved import `tetsy_primitive_types`
[INFO] [stdout]   --> tests/tests.rs:13:5
[INFO] [stdout]    |
[INFO] [stdout] 13 | use tetsy_primitive_types::{H160, U256};
[INFO] [stdout]    |     ^^^^^^^^^^^^^^^^^^^^^ use of undeclared crate or module `tetsy_primitive_types`
[INFO] [stdout] 
[INFO] [stdout] 
[INFO] [stdout] error: aborting due to 2 previous errors
[INFO] [stdout] 
[INFO] [stdout] 
[INFO] [stdout] For more information about this error, try `rustc --explain E0433`.
[INFO] [stdout] 
[INFO] [stderr] error: could not compile `tetsy-rlp` due to 3 previous errors
[INFO] [stderr] warning: build failed, waiting for other jobs to finish...
[INFO] [stdout] error: aborting due to previous error
[INFO] [stdout] 
[INFO] [stdout] 
[INFO] [stdout] For more information about this error, try `rustc --explain E0432`.
[INFO] [stdout] 
[INFO] [stderr] error: build failed
[INFO] running `Command { std: "docker" "inspect" "aca9465d3908e328a647e7e2a5ec2f725a5b245bcea4d740a1c5df6a924e8384", kill_on_drop: false }`
[INFO] running `Command { std: "docker" "rm" "-f" "aca9465d3908e328a647e7e2a5ec2f725a5b245bcea4d740a1c5df6a924e8384", kill_on_drop: false }`
[INFO] [stdout] aca9465d3908e328a647e7e2a5ec2f725a5b245bcea4d740a1c5df6a924e8384
