[INFO] fetching crate tet-libp2p-identify 0.27.0...
[INFO] checking tet-libp2p-identify-0.27.0 against beta-2021-10-15 for beta-1.56-3
[INFO] extracting crate tet-libp2p-identify 0.27.0 into /workspace/builds/worker-68/source
[INFO] validating manifest of crates.io crate tet-libp2p-identify 0.27.0 on toolchain beta-2021-10-15
[INFO] running `Command { std: "/workspace/cargo-home/bin/cargo" "+beta-2021-10-15" "metadata" "--manifest-path" "Cargo.toml" "--no-deps", kill_on_drop: false }`
[INFO] started tweaking crates.io crate tet-libp2p-identify 0.27.0
[INFO] finished tweaking crates.io crate tet-libp2p-identify 0.27.0
[INFO] tweaked toml for crates.io crate tet-libp2p-identify 0.27.0 written to /workspace/builds/worker-68/source/Cargo.toml
[INFO] running `Command { std: "/workspace/cargo-home/bin/cargo" "+beta-2021-10-15" "generate-lockfile" "--manifest-path" "Cargo.toml" "-Zno-index-update", kill_on_drop: false }`
[INFO] [stderr]     Blocking waiting for file lock on package cache
[INFO] running `Command { std: "/workspace/cargo-home/bin/cargo" "+beta-2021-10-15" "fetch" "--manifest-path" "Cargo.toml", kill_on_drop: false }`
[INFO] [stderr]     Blocking waiting for file lock on package cache
[INFO] [stderr]     Blocking waiting for file lock on package cache
[INFO] running `Command { std: "docker" "create" "-v" "/var/lib/crater-agent-workspace/builds/worker-68/target:/opt/rustwide/target:rw,Z" "-v" "/var/lib/crater-agent-workspace/builds/worker-68/source:/opt/rustwide/workdir:ro,Z" "-v" "/var/lib/crater-agent-workspace/cargo-home:/opt/rustwide/cargo-home:ro,Z" "-v" "/var/lib/crater-agent-workspace/rustup-home:/opt/rustwide/rustup-home:ro,Z" "-e" "SOURCE_DIR=/opt/rustwide/workdir" "-e" "CARGO_TARGET_DIR=/opt/rustwide/target" "-e" "CARGO_HOME=/opt/rustwide/cargo-home" "-e" "RUSTUP_HOME=/opt/rustwide/rustup-home" "-w" "/opt/rustwide/workdir" "-m" "1610612736" "--user" "0:0" "--network" "none" "ghcr.io/rust-lang/crates-build-env/linux@sha256:a89201d6b5b9fd45c15d5952ece0a0129e7e80cb26ec023fd59cf09bc26f1604" "/opt/rustwide/cargo-home/bin/cargo" "+beta-2021-10-15" "metadata" "--no-deps" "--format-version=1", kill_on_drop: false }`
[INFO] [stdout] b7c03b26d482ca63620e67d4d3cb6b9cf4f5edab44736c0bda31a32fe86cb1d7
[INFO] running `Command { std: "docker" "start" "-a" "b7c03b26d482ca63620e67d4d3cb6b9cf4f5edab44736c0bda31a32fe86cb1d7", kill_on_drop: false }`
[INFO] running `Command { std: "docker" "inspect" "b7c03b26d482ca63620e67d4d3cb6b9cf4f5edab44736c0bda31a32fe86cb1d7", kill_on_drop: false }`
[INFO] running `Command { std: "docker" "rm" "-f" "b7c03b26d482ca63620e67d4d3cb6b9cf4f5edab44736c0bda31a32fe86cb1d7", kill_on_drop: false }`
[INFO] [stdout] b7c03b26d482ca63620e67d4d3cb6b9cf4f5edab44736c0bda31a32fe86cb1d7
[INFO] running `Command { std: "docker" "create" "-v" "/var/lib/crater-agent-workspace/builds/worker-68/target:/opt/rustwide/target:rw,Z" "-v" "/var/lib/crater-agent-workspace/builds/worker-68/source:/opt/rustwide/workdir:ro,Z" "-v" "/var/lib/crater-agent-workspace/cargo-home:/opt/rustwide/cargo-home:ro,Z" "-v" "/var/lib/crater-agent-workspace/rustup-home:/opt/rustwide/rustup-home:ro,Z" "-e" "SOURCE_DIR=/opt/rustwide/workdir" "-e" "CARGO_TARGET_DIR=/opt/rustwide/target" "-e" "CARGO_INCREMENTAL=0" "-e" "RUST_BACKTRACE=full" "-e" "RUSTFLAGS=--cap-lints=warn" "-e" "CARGO_HOME=/opt/rustwide/cargo-home" "-e" "RUSTUP_HOME=/opt/rustwide/rustup-home" "-w" "/opt/rustwide/workdir" "-m" "1610612736" "--user" "0:0" "--network" "none" "ghcr.io/rust-lang/crates-build-env/linux@sha256:a89201d6b5b9fd45c15d5952ece0a0129e7e80cb26ec023fd59cf09bc26f1604" "/opt/rustwide/cargo-home/bin/cargo" "+beta-2021-10-15" "check" "--frozen" "--all" "--all-targets" "--message-format=json", kill_on_drop: false }`
[INFO] [stdout] 4d2923d8ac8b734842e749633ccb3fb42af0eb64c1c85845f78f3bd8973e0699
[INFO] running `Command { std: "docker" "start" "-a" "4d2923d8ac8b734842e749633ccb3fb42af0eb64c1c85845f78f3bd8973e0699", kill_on_drop: false }`
[INFO] [stderr]    Compiling proc-macro2 v1.0.30
[INFO] [stderr]    Compiling unicode-xid v0.2.2
[INFO] [stderr]    Compiling syn v1.0.80
[INFO] [stderr]    Compiling libc v0.2.103
[INFO] [stderr]    Compiling version_check v0.9.3
[INFO] [stderr]     Checking cfg-if v1.0.0
[INFO] [stderr]    Compiling autocfg v1.0.1
[INFO] [stderr]    Compiling typenum v1.14.0
[INFO] [stderr]    Compiling futures-core v0.3.17
[INFO] [stderr]    Compiling log v0.4.14
[INFO] [stderr]    Compiling memchr v2.4.1
[INFO] [stderr]    Compiling either v1.6.1
[INFO] [stderr]     Checking futures-io v0.3.17
[INFO] [stderr]     Checking pin-project-lite v0.2.7
[INFO] [stderr]    Compiling anyhow v1.0.44
[INFO] [stderr]     Checking slab v0.4.5
[INFO] [stderr]    Compiling serde v1.0.130
[INFO] [stderr]    Compiling proc-macro-hack v0.5.19
[INFO] [stderr]    Compiling getrandom v0.1.16
[INFO] [stderr]    Compiling ppv-lite86 v0.2.14
[INFO] [stderr]    Compiling futures-task v0.3.17
[INFO] [stderr]    Compiling proc-macro-nested v0.1.7
[INFO] [stderr]    Compiling futures-channel v0.3.17
[INFO] [stderr]     Checking pin-utils v0.1.0
[INFO] [stderr]    Compiling bytes v1.1.0
[INFO] [stderr]    Compiling hashbrown v0.11.2
[INFO] [stderr]     Checking futures-sink v0.3.17
[INFO] [stderr]    Compiling fixedbitset v0.2.0
[INFO] [stderr]     Checking byteorder v1.4.3
[INFO] [stderr]    Compiling remove_dir_all v0.5.3
[INFO] [stderr]    Compiling unicode-segmentation v1.8.0
[INFO] [stderr]     Checking tinyvec_macros v0.1.0
[INFO] [stderr]    Compiling multimap v0.8.3
[INFO] [stderr]    Compiling parking_lot_core v0.8.5
[INFO] [stderr]     Checking cpufeatures v0.2.1
[INFO] [stderr]     Checking byte-tools v0.3.1
[INFO] [stderr]     Checking subtle v1.0.0
[INFO] [stderr]     Checking opaque-debug v0.3.0
[INFO] [stderr]     Checking matches v0.1.9
[INFO] [stderr]     Checking cache-padded v1.1.1
[INFO] [stderr]    Compiling pin-project-internal v0.4.28
[INFO] [stderr]    Compiling cc v1.0.71
[INFO] [stderr]     Checking smallvec v1.7.0
[INFO] [stderr]     Checking parking v2.0.0
[INFO] [stderr]     Checking unicode-bidi v0.3.7
[INFO] [stderr]     Checking fastrand v1.5.0
[INFO] [stderr]     Checking scopeguard v1.1.0
[INFO] [stderr]     Checking waker-fn v1.1.0
[INFO] [stderr]    Compiling crunchy v0.2.2
[INFO] [stderr]     Checking subtle v2.4.1
[INFO] [stderr]     Checking percent-encoding v2.1.0
[INFO] [stderr]     Checking event-listener v2.5.1
[INFO] [stderr]     Checking lazy_static v1.4.0
[INFO] [stderr]     Checking arrayref v0.3.6
[INFO] [stderr]     Checking signature v1.3.1
[INFO] [stderr]     Checking fake-simd v0.1.2
[INFO] [stderr]     Checking unsigned-varint v0.5.1
[INFO] [stderr]     Checking opaque-debug v0.2.3
[INFO] [stderr]     Checking once_cell v1.8.0
[INFO] [stderr]     Checking static_assertions v1.1.0
[INFO] [stderr]     Checking unsigned-varint v0.6.0
[INFO] [stderr]     Checking data-encoding v2.3.2
[INFO] [stderr]     Checking spin v0.5.2
[INFO] [stderr]     Checking bs58 v0.4.0
[INFO] [stderr]     Checking async-task v4.0.3
[INFO] [stderr]     Checking untrusted v0.7.1
[INFO] [stderr]     Checking atomic-waker v1.0.0
[INFO] [stderr]    Compiling crossbeam-utils v0.8.5
[INFO] [stderr]     Checking fnv v1.0.7
[INFO] [stderr]     Checking void v1.0.2
[INFO] [stderr]     Checking futures-timer v3.0.2
[INFO] [stderr]     Checking instant v0.1.11
[INFO] [stderr]    Compiling itertools v0.9.0
[INFO] [stderr]     Checking block-padding v0.1.5
[INFO] [stderr]     Checking tinyvec v1.5.0
[INFO] [stderr]     Checking lock_api v0.4.5
[INFO] [stderr]    Compiling indexmap v1.7.0
[INFO] [stderr]    Compiling futures-macro v0.3.17
[INFO] [stderr]    Compiling futures-util v0.3.17
[INFO] [stderr]    Compiling value-bag v1.0.0-alpha.7
[INFO] [stderr]    Compiling generic-array v0.14.4
[INFO] [stderr]    Compiling proc-macro-error-attr v1.0.4
[INFO] [stderr]    Compiling proc-macro-error v1.0.4
[INFO] [stderr]     Checking concurrent-queue v1.2.2
[INFO] [stderr]     Checking async-mutex v1.4.0
[INFO] [stderr]     Checking async-lock v2.4.0
[INFO] [stderr]     Checking form_urlencoded v1.0.1
[INFO] [stderr]    Compiling heck v0.3.3
[INFO] [stderr]     Checking ed25519 v1.2.0
[INFO] [stderr]     Checking async-channel v1.6.1
[INFO] [stderr]     Checking futures-lite v1.12.0
[INFO] [stderr]    Compiling ring v0.16.20
[INFO] [stderr]    Compiling quote v1.0.10
[INFO] [stderr]     Checking unicode-normalization v0.1.19
[INFO] [stderr]     Checking num_cpus v1.13.0
[INFO] [stderr]     Checking socket2 v0.4.2
[INFO] [stderr]    Compiling petgraph v0.5.1
[INFO] [stderr]    Compiling getrandom v0.2.3
[INFO] [stderr]    Compiling which v4.2.2
[INFO] [stderr]     Checking async-executor v1.4.1
[INFO] [stderr]     Checking blocking v1.0.2
[INFO] [stderr]     Checking rand_core v0.5.1
[INFO] [stderr]    Compiling rand_core v0.6.3
[INFO] [stderr]     Checking parking_lot v0.11.2
[INFO] [stderr]    Compiling prost-build v0.7.0
[INFO] [stderr]     Checking rand_chacha v0.2.2
[INFO] [stderr]    Compiling rand_chacha v0.3.1
[INFO] [stderr]     Checking generic-array v0.12.4
[INFO] [stderr]     Checking rand v0.7.3
[INFO] [stderr]    Compiling rand v0.8.4
[INFO] [stderr]     Checking digest v0.8.1
[INFO] [stderr]     Checking crypto-mac v0.7.0
[INFO] [stderr]     Checking block-buffer v0.7.3
[INFO] [stderr]     Checking digest v0.9.0
[INFO] [stderr]     Checking block-buffer v0.9.0
[INFO] [stderr]     Checking idna v0.2.3
[INFO] [stderr]     Checking hmac v0.7.1
[INFO] [stderr]     Checking sha2 v0.8.2
[INFO] [stderr]     Checking sha2 v0.9.8
[INFO] [stderr]     Checking hmac-drbg v0.2.0
[INFO] [stderr]     Checking libsecp256k1 v0.3.5
[INFO] [stderr]    Compiling tempfile v3.2.0
[INFO] [stderr]     Checking url v2.2.2
[INFO] [stderr]    Compiling toml v0.5.8
[INFO] [stderr]    Compiling synstructure v0.12.6
[INFO] [stderr]    Compiling ctor v0.1.21
[INFO] [stderr]    Compiling prost-derive v0.7.0
[INFO] [stderr]    Compiling thiserror-impl v1.0.30
[INFO] [stderr]    Compiling zeroize_derive v1.2.0
[INFO] [stderr]    Compiling pin-project-internal v1.0.8
[INFO] [stderr]    Compiling asn1_der_derive v0.1.2
[INFO] [stderr]     Checking asn1_der v0.6.3
[INFO] [stderr]     Checking zeroize v1.4.2
[INFO] [stderr]     Checking curve25519-dalek v3.2.0
[INFO] [stderr]     Checking polling v2.1.0
[INFO] [stderr]     Checking kv-log-macro v1.0.7
[INFO] [stderr]     Checking async-io v1.6.0
[INFO] [stderr]     Checking pin-project v1.0.8
[INFO] [stderr]     Checking pin-project v0.4.28
[INFO] [stderr]    Compiling thiserror v1.0.30
[INFO] [stderr]     Checking ed25519-dalek v1.0.1
[INFO] [stderr]     Checking async-global-executor v2.0.2
[INFO] [stderr]    Compiling proc-macro-crate v1.1.0
[INFO] [stderr]    Compiling prost v0.7.0
[INFO] [stderr]     Checking async-std v1.10.0
[INFO] [stderr]    Compiling multihash-derive v0.7.2
[INFO] [stderr]    Compiling prost-types v0.7.0
[INFO] [stderr]     Checking futures-executor v0.3.17
[INFO] [stderr]     Checking futures v0.3.17
[INFO] [stderr]     Checking multihash v0.13.2
[INFO] [stderr]     Checking rw-stream-sink v0.2.1
[INFO] [stderr]     Checking tet-multistream-select v0.10.0
[INFO] [stderr]     Checking wasm-timer v0.2.5
[INFO] [stderr]     Checking tet-multiaddr v0.11.0
[INFO] [stderr]    Compiling tet-libp2p-core v0.27.0
[INFO] [stderr]    Compiling tet-libp2p-identify v0.27.0 (/opt/rustwide/workdir)
[INFO] [stderr]     Checking tet-libp2p-swarm v0.27.0
[INFO] [stdout] error[E0432]: unresolved import `tet_libp2p_noise`
[INFO] [stdout]    --> src/identify.rs:287:9
[INFO] [stdout]     |
[INFO] [stdout] 287 |     use tet_libp2p_noise as noise;
[INFO] [stdout]     |         ^^^^^^^^^^^^^^^^^^^^^^^^^ no external crate `tet_libp2p_noise`
[INFO] [stdout] 
[INFO] [stdout] 
[INFO] [stdout] error[E0432]: unresolved import `tet_libp2p_tcp`
[INFO] [stdout]    --> src/identify.rs:288:9
[INFO] [stdout]     |
[INFO] [stdout] 288 |     use tet_libp2p_tcp::TcpConfig;
[INFO] [stdout]     |         ^^^^^^^^^^^^^^ use of undeclared crate or module `tet_libp2p_tcp`
[INFO] [stdout] 
[INFO] [stdout] 
[INFO] [stdout] error[E0432]: unresolved import `tet_libp2p_mplex`
[INFO] [stdout]    --> src/identify.rs:290:9
[INFO] [stdout]     |
[INFO] [stdout] 290 |     use tet_libp2p_mplex::MplexConfig;
[INFO] [stdout]     |         ^^^^^^^^^^^^^^^^ use of undeclared crate or module `tet_libp2p_mplex`
[INFO] [stdout] 
[INFO] [stdout] 
[INFO] [stdout] error[E0432]: unresolved import `tet_libp2p_tcp`
[INFO] [stdout]    --> src/protocol.rs:210:9
[INFO] [stdout]     |
[INFO] [stdout] 210 |     use tet_libp2p_tcp::TcpConfig;
[INFO] [stdout]     |         ^^^^^^^^^^^^^^ use of undeclared crate or module `tet_libp2p_tcp`
[INFO] [stdout] 
[INFO] [stdout] 
[INFO] [stdout] warning: unused import: `Transport`
[INFO] [stdout]    --> src/identify.rs:284:9
[INFO] [stdout]     |
[INFO] [stdout] 284 |         Transport,
[INFO] [stdout]     |         ^^^^^^^^^
[INFO] [stdout]     |
[INFO] [stdout]     = note: `#[warn(unused_imports)]` on by default
[INFO] [stdout] 
[INFO] [stdout] 
[INFO] [stdout] warning: unused import: `prelude`
[INFO] [stdout]    --> src/protocol.rs:211:19
[INFO] [stdout]     |
[INFO] [stdout] 211 |     use futures::{prelude::*, channel::oneshot};
[INFO] [stdout]     |                   ^^^^^^^
[INFO] [stdout] 
[INFO] [stdout] 
[INFO] [stdout] warning: unused import: `Transport`
[INFO] [stdout]    --> src/protocol.rs:214:9
[INFO] [stdout]     |
[INFO] [stdout] 214 |         Transport,
[INFO] [stdout]     |         ^^^^^^^^^
[INFO] [stdout] 
[INFO] [stdout] 
[INFO] [stdout] error: aborting due to 4 previous errors; 3 warnings emitted
[INFO] [stdout] 
[INFO] [stdout] 
[INFO] [stdout] For more information about this error, try `rustc --explain E0432`.
[INFO] [stdout] 
[INFO] [stderr] error: could not compile `tet-libp2p-identify` due to 5 previous errors; 3 warnings emitted
[INFO] [stderr] warning: build failed, waiting for other jobs to finish...
[INFO] [stderr] error: build failed
[INFO] running `Command { std: "docker" "inspect" "4d2923d8ac8b734842e749633ccb3fb42af0eb64c1c85845f78f3bd8973e0699", kill_on_drop: false }`
[INFO] running `Command { std: "docker" "rm" "-f" "4d2923d8ac8b734842e749633ccb3fb42af0eb64c1c85845f78f3bd8973e0699", kill_on_drop: false }`
[INFO] [stdout] 4d2923d8ac8b734842e749633ccb3fb42af0eb64c1c85845f78f3bd8973e0699
