[INFO] fetching crate terminus-store 0.19.4...
[INFO] checking terminus-store-0.19.4 against beta-2021-10-15 for beta-1.56-3
[INFO] extracting crate terminus-store 0.19.4 into /workspace/builds/worker-94/source
[INFO] validating manifest of crates.io crate terminus-store 0.19.4 on toolchain beta-2021-10-15
[INFO] running `Command { std: "/workspace/cargo-home/bin/cargo" "+beta-2021-10-15" "metadata" "--manifest-path" "Cargo.toml" "--no-deps", kill_on_drop: false }`
[INFO] started tweaking crates.io crate terminus-store 0.19.4
[INFO] finished tweaking crates.io crate terminus-store 0.19.4
[INFO] tweaked toml for crates.io crate terminus-store 0.19.4 written to /workspace/builds/worker-94/source/Cargo.toml
[INFO] crate crates.io crate terminus-store 0.19.4 already has a lockfile, it will not be regenerated
[INFO] running `Command { std: "/workspace/cargo-home/bin/cargo" "+beta-2021-10-15" "fetch" "--manifest-path" "Cargo.toml", kill_on_drop: false }`
[INFO] [stderr]     Blocking waiting for file lock on package cache
[INFO] [stderr]  Downloading crates ...
[INFO] [stderr]   Downloaded futures-locks v0.6.0
[INFO] running `Command { std: "docker" "create" "-v" "/var/lib/crater-agent-workspace/builds/worker-94/target:/opt/rustwide/target:rw,Z" "-v" "/var/lib/crater-agent-workspace/builds/worker-94/source:/opt/rustwide/workdir:ro,Z" "-v" "/var/lib/crater-agent-workspace/cargo-home:/opt/rustwide/cargo-home:ro,Z" "-v" "/var/lib/crater-agent-workspace/rustup-home:/opt/rustwide/rustup-home:ro,Z" "-e" "SOURCE_DIR=/opt/rustwide/workdir" "-e" "CARGO_TARGET_DIR=/opt/rustwide/target" "-e" "CARGO_HOME=/opt/rustwide/cargo-home" "-e" "RUSTUP_HOME=/opt/rustwide/rustup-home" "-w" "/opt/rustwide/workdir" "-m" "1610612736" "--user" "0:0" "--network" "none" "ghcr.io/rust-lang/crates-build-env/linux@sha256:a89201d6b5b9fd45c15d5952ece0a0129e7e80cb26ec023fd59cf09bc26f1604" "/opt/rustwide/cargo-home/bin/cargo" "+beta-2021-10-15" "metadata" "--no-deps" "--format-version=1", kill_on_drop: false }`
[INFO] [stdout] 0798610c683e9548746734026629b423896e76bbf4d73f484512947dfc9b236a
[INFO] running `Command { std: "docker" "start" "-a" "0798610c683e9548746734026629b423896e76bbf4d73f484512947dfc9b236a", kill_on_drop: false }`
[INFO] running `Command { std: "docker" "inspect" "0798610c683e9548746734026629b423896e76bbf4d73f484512947dfc9b236a", kill_on_drop: false }`
[INFO] running `Command { std: "docker" "rm" "-f" "0798610c683e9548746734026629b423896e76bbf4d73f484512947dfc9b236a", kill_on_drop: false }`
[INFO] [stdout] 0798610c683e9548746734026629b423896e76bbf4d73f484512947dfc9b236a
[INFO] running `Command { std: "docker" "create" "-v" "/var/lib/crater-agent-workspace/builds/worker-94/target:/opt/rustwide/target:rw,Z" "-v" "/var/lib/crater-agent-workspace/builds/worker-94/source:/opt/rustwide/workdir:ro,Z" "-v" "/var/lib/crater-agent-workspace/cargo-home:/opt/rustwide/cargo-home:ro,Z" "-v" "/var/lib/crater-agent-workspace/rustup-home:/opt/rustwide/rustup-home:ro,Z" "-e" "SOURCE_DIR=/opt/rustwide/workdir" "-e" "CARGO_TARGET_DIR=/opt/rustwide/target" "-e" "CARGO_INCREMENTAL=0" "-e" "RUST_BACKTRACE=full" "-e" "RUSTFLAGS=--cap-lints=warn" "-e" "CARGO_HOME=/opt/rustwide/cargo-home" "-e" "RUSTUP_HOME=/opt/rustwide/rustup-home" "-w" "/opt/rustwide/workdir" "-m" "1610612736" "--user" "0:0" "--network" "none" "ghcr.io/rust-lang/crates-build-env/linux@sha256:a89201d6b5b9fd45c15d5952ece0a0129e7e80cb26ec023fd59cf09bc26f1604" "/opt/rustwide/cargo-home/bin/cargo" "+beta-2021-10-15" "check" "--frozen" "--all" "--all-targets" "--message-format=json", kill_on_drop: false }`
[INFO] [stdout] 08c5842e0fe8de7e22ec68aaf554e0f4bce01d9866e62d21a06fbbebd1d4fb48
[INFO] running `Command { std: "docker" "start" "-a" "08c5842e0fe8de7e22ec68aaf554e0f4bce01d9866e62d21a06fbbebd1d4fb48", kill_on_drop: false }`
[INFO] [stderr]     Blocking waiting for file lock on package cache
[INFO] [stderr]     Blocking waiting for file lock on package cache
[INFO] [stderr]    Compiling autocfg v1.0.1
[INFO] [stderr]    Compiling proc-macro2 v1.0.29
[INFO] [stderr]    Compiling syn v1.0.77
[INFO] [stderr]    Compiling memchr v2.4.1
[INFO] [stderr]    Compiling futures-core v0.3.17
[INFO] [stderr]     Checking scopeguard v1.1.0
[INFO] [stderr]    Compiling crossbeam-utils v0.8.5
[INFO] [stderr]    Compiling proc-macro-hack v0.5.19
[INFO] [stderr]    Compiling proc-macro-nested v0.1.7
[INFO] [stderr]     Checking lazy_static v1.4.0
[INFO] [stderr]    Compiling futures-task v0.3.17
[INFO] [stderr]    Compiling futures-channel v0.3.17
[INFO] [stderr]     Checking futures-sink v0.3.17
[INFO] [stderr]     Checking pin-project-lite v0.2.7
[INFO] [stderr]     Checking slab v0.4.4
[INFO] [stderr]    Compiling parking_lot_core v0.8.5
[INFO] [stderr]    Compiling log v0.4.14
[INFO] [stderr]    Compiling crossbeam-epoch v0.9.5
[INFO] [stderr]     Checking futures-io v0.3.17
[INFO] [stderr]    Compiling rayon-core v1.9.1
[INFO] [stderr]     Checking pin-utils v0.1.0
[INFO] [stderr]     Checking ppv-lite86 v0.2.10
[INFO] [stderr]    Compiling crc32fast v1.2.1
[INFO] [stderr]     Checking bytes v0.5.6
[INFO] [stderr]     Checking once_cell v1.8.0
[INFO] [stderr]    Compiling async-trait v0.1.51
[INFO] [stderr]     Checking adler v1.0.2
[INFO] [stderr]     Checking bytes v1.1.0
[INFO] [stderr]     Checking pin-project-lite v0.1.12
[INFO] [stderr]     Checking either v1.6.1
[INFO] [stderr]     Checking regex-syntax v0.6.25
[INFO] [stderr]     Checking byteorder v1.4.3
[INFO] [stderr]     Checking instant v0.1.11
[INFO] [stderr]     Checking num_cpus v1.13.0
[INFO] [stderr]     Checking getrandom v0.2.3
[INFO] [stderr]     Checking signal-hook-registry v1.4.0
[INFO] [stderr]     Checking xattr v0.2.2
[INFO] [stderr]     Checking filetime v0.2.15
[INFO] [stderr]     Checking fs2 v0.4.3
[INFO] [stderr]     Checking lock_api v0.4.5
[INFO] [stderr]     Checking tar v0.4.37
[INFO] [stderr]     Checking rand_core v0.6.3
[INFO] [stderr]    Compiling futures-macro v0.3.17
[INFO] [stderr]    Compiling memoffset v0.6.4
[INFO] [stderr]    Compiling futures-util v0.3.17
[INFO] [stderr]    Compiling miniz_oxide v0.4.4
[INFO] [stderr]    Compiling tokio v1.12.0
[INFO] [stderr]    Compiling rayon v1.5.1
[INFO] [stderr]     Checking rand_chacha v0.3.1
[INFO] [stderr]     Checking tokio v0.2.25
[INFO] [stderr]     Checking mio v0.7.13
[INFO] [stderr]     Checking crossbeam-channel v0.5.1
[INFO] [stderr]     Checking parking_lot v0.11.2
[INFO] [stderr]     Checking rand v0.8.4
[INFO] [stderr]    Compiling quote v1.0.9
[INFO] [stderr]     Checking aho-corasick v0.7.18
[INFO] [stderr]     Checking crossbeam-deque v0.8.1
[INFO] [stderr]     Checking tempfile v3.2.0
[INFO] [stderr]     Checking flate2 v1.0.22
[INFO] [stderr]     Checking regex v1.5.4
[INFO] [stderr]    Compiling tokio-macros v1.4.1
[INFO] [stderr]    Compiling thiserror-impl v1.0.29
[INFO] [stderr]     Checking thiserror v1.0.29
[INFO] [stderr]     Checking futures-executor v0.3.17
[INFO] [stderr]     Checking futures v0.3.17
[INFO] [stderr]     Checking futures-locks v0.6.0
[INFO] [stderr]     Checking tokio-util v0.6.8
[INFO] [stderr]     Checking terminus-store v0.19.4 (/opt/rustwide/workdir)
[INFO] [stdout] error[E0554]: `#![feature]` may not be used on the beta release channel
[INFO] [stdout]  --> benches/logarray.rs:1:1
[INFO] [stdout]   |
[INFO] [stdout] 1 | #![feature(test)]
[INFO] [stdout]   | ^^^^^^^^^^^^^^^^^
[INFO] [stdout] 
[INFO] [stdout] 
[INFO] [stdout] error[E0554]: `#![feature]` may not be used on the beta release channel
[INFO] [stdout]  --> benches/builder/main.rs:1:1
[INFO] [stdout]   |
[INFO] [stdout] 1 | #![feature(test)]
[INFO] [stdout]   | ^^^^^^^^^^^^^^^^^
[INFO] [stdout] 
[INFO] [stdout] 
[INFO] [stdout] error[E0554]: `#![feature]` may not be used on the beta release channel
[INFO] [stdout]  --> benches/bench.rs:1:1
[INFO] [stdout]   |
[INFO] [stdout] 1 | #![feature(test)]
[INFO] [stdout]   | ^^^^^^^^^^^^^^^^^
[INFO] [stdout] 
[INFO] [stdout] 
[INFO] [stdout] error: aborting due to previous error
[INFO] [stdout] 
[INFO] [stdout] 
[INFO] [stdout] For more information about this error, try `rustc --explain E0554`.
[INFO] [stdout] 
[INFO] [stdout] error: aborting due to previous error
[INFO] [stdout] 
[INFO] [stdout] 
[INFO] [stdout] For more information about this error, try `rustc --explain E0554`.
[INFO] [stdout] 
[INFO] [stderr] error: could not compile `terminus-store` due to 2 previous errors
[INFO] [stderr] warning: build failed, waiting for other jobs to finish...
[INFO] [stdout] error: aborting due to previous error
[INFO] [stdout] 
[INFO] [stdout] 
[INFO] [stdout] For more information about this error, try `rustc --explain E0554`.
[INFO] [stdout] 
[INFO] [stderr] error: build failed
[INFO] running `Command { std: "docker" "inspect" "08c5842e0fe8de7e22ec68aaf554e0f4bce01d9866e62d21a06fbbebd1d4fb48", kill_on_drop: false }`
[INFO] running `Command { std: "docker" "rm" "-f" "08c5842e0fe8de7e22ec68aaf554e0f4bce01d9866e62d21a06fbbebd1d4fb48", kill_on_drop: false }`
[INFO] [stdout] 08c5842e0fe8de7e22ec68aaf554e0f4bce01d9866e62d21a06fbbebd1d4fb48
