[INFO] fetching crate tendermint-proto-althea 0.23.0...
[INFO] checking tendermint-proto-althea-0.23.0 against 1.55.0 for beta-1.56-3
[INFO] extracting crate tendermint-proto-althea 0.23.0 into /workspace/builds/worker-63/source
[INFO] validating manifest of crates.io crate tendermint-proto-althea 0.23.0 on toolchain 1.55.0
[INFO] running `Command { std: "/workspace/cargo-home/bin/cargo" "+1.55.0" "metadata" "--manifest-path" "Cargo.toml" "--no-deps", kill_on_drop: false }`
[INFO] started tweaking crates.io crate tendermint-proto-althea 0.23.0
[INFO] finished tweaking crates.io crate tendermint-proto-althea 0.23.0
[INFO] tweaked toml for crates.io crate tendermint-proto-althea 0.23.0 written to /workspace/builds/worker-63/source/Cargo.toml
[INFO] running `Command { std: "/workspace/cargo-home/bin/cargo" "+1.55.0" "generate-lockfile" "--manifest-path" "Cargo.toml" "-Zno-index-update", kill_on_drop: false }`
[INFO] running `Command { std: "/workspace/cargo-home/bin/cargo" "+1.55.0" "fetch" "--manifest-path" "Cargo.toml", kill_on_drop: false }`
[INFO] [stderr]     Blocking waiting for file lock on package cache
[INFO] running `Command { std: "docker" "create" "-v" "/var/lib/crater-agent-workspace/builds/worker-63/target:/opt/rustwide/target:rw,Z" "-v" "/var/lib/crater-agent-workspace/builds/worker-63/source:/opt/rustwide/workdir:ro,Z" "-v" "/var/lib/crater-agent-workspace/cargo-home:/opt/rustwide/cargo-home:ro,Z" "-v" "/var/lib/crater-agent-workspace/rustup-home:/opt/rustwide/rustup-home:ro,Z" "-e" "SOURCE_DIR=/opt/rustwide/workdir" "-e" "CARGO_TARGET_DIR=/opt/rustwide/target" "-e" "CARGO_HOME=/opt/rustwide/cargo-home" "-e" "RUSTUP_HOME=/opt/rustwide/rustup-home" "-w" "/opt/rustwide/workdir" "-m" "1610612736" "--user" "0:0" "--network" "none" "ghcr.io/rust-lang/crates-build-env/linux@sha256:a89201d6b5b9fd45c15d5952ece0a0129e7e80cb26ec023fd59cf09bc26f1604" "/opt/rustwide/cargo-home/bin/cargo" "+1.55.0" "metadata" "--no-deps" "--format-version=1", kill_on_drop: false }`
[INFO] [stdout] 4c6d8defdbf54209c69a56bfaf44903be123a63ea9b32035819cebfffbd5a1f3
[INFO] running `Command { std: "docker" "start" "-a" "4c6d8defdbf54209c69a56bfaf44903be123a63ea9b32035819cebfffbd5a1f3", kill_on_drop: false }`
[INFO] running `Command { std: "docker" "inspect" "4c6d8defdbf54209c69a56bfaf44903be123a63ea9b32035819cebfffbd5a1f3", kill_on_drop: false }`
[INFO] running `Command { std: "docker" "rm" "-f" "4c6d8defdbf54209c69a56bfaf44903be123a63ea9b32035819cebfffbd5a1f3", kill_on_drop: false }`
[INFO] [stdout] 4c6d8defdbf54209c69a56bfaf44903be123a63ea9b32035819cebfffbd5a1f3
[INFO] running `Command { std: "docker" "create" "-v" "/var/lib/crater-agent-workspace/builds/worker-63/target:/opt/rustwide/target:rw,Z" "-v" "/var/lib/crater-agent-workspace/builds/worker-63/source:/opt/rustwide/workdir:ro,Z" "-v" "/var/lib/crater-agent-workspace/cargo-home:/opt/rustwide/cargo-home:ro,Z" "-v" "/var/lib/crater-agent-workspace/rustup-home:/opt/rustwide/rustup-home:ro,Z" "-e" "SOURCE_DIR=/opt/rustwide/workdir" "-e" "CARGO_TARGET_DIR=/opt/rustwide/target" "-e" "CARGO_INCREMENTAL=0" "-e" "RUST_BACKTRACE=full" "-e" "RUSTFLAGS=--cap-lints=warn" "-e" "CARGO_HOME=/opt/rustwide/cargo-home" "-e" "RUSTUP_HOME=/opt/rustwide/rustup-home" "-w" "/opt/rustwide/workdir" "-m" "1610612736" "--user" "0:0" "--network" "none" "ghcr.io/rust-lang/crates-build-env/linux@sha256:a89201d6b5b9fd45c15d5952ece0a0129e7e80cb26ec023fd59cf09bc26f1604" "/opt/rustwide/cargo-home/bin/cargo" "+1.55.0" "check" "--frozen" "--all" "--all-targets" "--message-format=json", kill_on_drop: false }`
[INFO] [stdout] ebfaef77d22c8c1ef26e99b8797758ff047a605733c8822c231a5d936e32e4f9
[INFO] running `Command { std: "docker" "start" "-a" "ebfaef77d22c8c1ef26e99b8797758ff047a605733c8822c231a5d936e32e4f9", kill_on_drop: false }`
[INFO] [stderr]     Blocking waiting for file lock on package cache
[INFO] [stderr]    Compiling proc-macro2 v1.0.30
[INFO] [stderr]    Compiling syn v1.0.80
[INFO] [stderr]    Compiling serde_derive v1.0.130
[INFO] [stderr]    Compiling serde v1.0.130
[INFO] [stderr]    Compiling either v1.6.1
[INFO] [stderr]    Compiling eyre v0.6.5
[INFO] [stderr]     Checking indenter v0.3.3
[INFO] [stderr]     Checking bytes v1.1.0
[INFO] [stderr]    Compiling paste v1.0.5
[INFO] [stderr]     Checking zeroize v1.4.2
[INFO] [stderr]    Compiling num-traits v0.2.14
[INFO] [stderr]    Compiling num-integer v0.1.44
[INFO] [stderr]     Checking subtle-encoding v0.5.1
[INFO] [stderr]    Compiling itertools v0.10.1
[INFO] [stderr]    Compiling quote v1.0.10
[INFO] [stderr]     Checking flex-error v0.4.3
[INFO] [stderr]    Compiling prost-derive v0.9.0
[INFO] [stderr]    Compiling num-derive v0.3.3
[INFO] [stderr]     Checking prost v0.9.0
[INFO] [stderr]     Checking prost-types v0.9.0
[INFO] [stderr]     Checking chrono v0.4.19
[INFO] [stderr]     Checking serde_bytes v0.11.5
[INFO] [stderr]     Checking serde_json v1.0.68
[INFO] [stderr]     Checking tendermint-proto-althea v0.23.0 (/opt/rustwide/workdir)
[INFO] [stdout] error[E0433]: failed to resolve: use of undeclared crate or module `tendermint_proto`
[INFO] [stdout]  --> tests/unit.rs:2:5
[INFO] [stdout]   |
[INFO] [stdout] 2 | use tendermint_proto::types::BlockId as RawBlockId;
[INFO] [stdout]   |     ^^^^^^^^^^^^^^^^ use of undeclared crate or module `tendermint_proto`
[INFO] [stdout] 
[INFO] [stdout] 
[INFO] [stdout] error[E0433]: failed to resolve: use of undeclared crate or module `tendermint_proto`
[INFO] [stdout]  --> tests/unit.rs:3:5
[INFO] [stdout]   |
[INFO] [stdout] 3 | use tendermint_proto::types::PartSetHeader as RawPartSetHeader;
[INFO] [stdout]   |     ^^^^^^^^^^^^^^^^ use of undeclared crate or module `tendermint_proto`
[INFO] [stdout] 
[INFO] [stdout] 
[INFO] [stdout] error[E0432]: unresolved import `tendermint_proto`
[INFO] [stdout]  --> tests/unit.rs:4:5
[INFO] [stdout]   |
[INFO] [stdout] 4 | use tendermint_proto::Protobuf;
[INFO] [stdout]   |     ^^^^^^^^^^^^^^^^ use of undeclared crate or module `tendermint_proto`
[INFO] [stdout] 
[INFO] [stdout] 
[INFO] [stdout] error[E0412]: cannot find type `RawBlockId` in this scope
[INFO] [stdout]   --> tests/unit.rs:6:15
[INFO] [stdout]    |
[INFO] [stdout] 6  | impl Protobuf<RawBlockId> for BlockId {}
[INFO] [stdout]    |               ^^^^^^^^^^
[INFO] [stdout] ...
[INFO] [stdout] 10 | pub struct BlockId {
[INFO] [stdout]    | ------------------ similarly named struct `BlockId` defined here
[INFO] [stdout]    |
[INFO] [stdout] help: a struct with a similar name exists
[INFO] [stdout]    |
[INFO] [stdout] 6  | impl Protobuf<BlockId> for BlockId {}
[INFO] [stdout]    |               ^^^^^^^
[INFO] [stdout] help: you might be missing a type parameter
[INFO] [stdout]    |
[INFO] [stdout] 6  | impl<RawBlockId> Protobuf<RawBlockId> for BlockId {}
[INFO] [stdout]    |     ^^^^^^^^^^^^
[INFO] [stdout] 
[INFO] [stdout] 
[INFO] [stdout] error[E0412]: cannot find type `RawBlockId` in this scope
[INFO] [stdout]   --> tests/unit.rs:16:14
[INFO] [stdout]    |
[INFO] [stdout] 10 | pub struct BlockId {
[INFO] [stdout]    | ------------------ similarly named struct `BlockId` defined here
[INFO] [stdout] ...
[INFO] [stdout] 16 | impl TryFrom<RawBlockId> for BlockId {
[INFO] [stdout]    |              ^^^^^^^^^^
[INFO] [stdout]    |
[INFO] [stdout] help: a struct with a similar name exists
[INFO] [stdout]    |
[INFO] [stdout] 16 | impl TryFrom<BlockId> for BlockId {
[INFO] [stdout]    |              ^^^^^^^
[INFO] [stdout] help: you might be missing a type parameter
[INFO] [stdout]    |
[INFO] [stdout] 16 | impl<RawBlockId> TryFrom<RawBlockId> for BlockId {
[INFO] [stdout]    |     ^^^^^^^^^^^^
[INFO] [stdout] 
[INFO] [stdout] 
[INFO] [stdout] error[E0412]: cannot find type `RawBlockId` in this scope
[INFO] [stdout]   --> tests/unit.rs:19:24
[INFO] [stdout]    |
[INFO] [stdout] 10 | pub struct BlockId {
[INFO] [stdout]    | ------------------ similarly named struct `BlockId` defined here
[INFO] [stdout] ...
[INFO] [stdout] 19 |     fn try_from(value: RawBlockId) -> Result<Self, Self::Error> {
[INFO] [stdout]    |                        ^^^^^^^^^^ help: a struct with a similar name exists: `BlockId`
[INFO] [stdout] 
[INFO] [stdout] 
[INFO] [stdout] error[E0412]: cannot find type `RawBlockId` in this scope
[INFO] [stdout]   --> tests/unit.rs:29:24
[INFO] [stdout]    |
[INFO] [stdout] 10 | pub struct BlockId {
[INFO] [stdout]    | ------------------ similarly named struct `BlockId` defined here
[INFO] [stdout] ...
[INFO] [stdout] 29 | impl From<BlockId> for RawBlockId {
[INFO] [stdout]    |                        ^^^^^^^^^^ help: a struct with a similar name exists: `BlockId`
[INFO] [stdout] 
[INFO] [stdout] 
[INFO] [stdout] error[E0422]: cannot find struct, variant or union type `RawBlockId` in this scope
[INFO] [stdout]   --> tests/unit.rs:31:9
[INFO] [stdout]    |
[INFO] [stdout] 10 | pub struct BlockId {
[INFO] [stdout]    | ------------------ similarly named struct `BlockId` defined here
[INFO] [stdout] ...
[INFO] [stdout] 31 |         RawBlockId {
[INFO] [stdout]    |         ^^^^^^^^^^ help: a struct with a similar name exists: `BlockId`
[INFO] [stdout] 
[INFO] [stdout] 
[INFO] [stdout] error[E0422]: cannot find struct, variant or union type `RawPartSetHeader` in this scope
[INFO] [stdout]   --> tests/unit.rs:34:30
[INFO] [stdout]    |
[INFO] [stdout] 34 |                 true => Some(RawPartSetHeader {
[INFO] [stdout]    |                              ^^^^^^^^^^^^^^^^ not found in this scope
[INFO] [stdout] 
[INFO] [stdout] 
[INFO] [stdout] error: aborting due to 9 previous errors
[INFO] [stdout] 
[INFO] [stdout] 
[INFO] [stdout] Some errors have detailed explanations: E0412, E0422, E0432, E0433.
[INFO] [stdout] 
[INFO] [stdout] For more information about an error, try `rustc --explain E0412`.
[INFO] [stdout] 
[INFO] [stderr] error: could not compile `tendermint-proto-althea` due to 10 previous errors
[INFO] running `Command { std: "docker" "inspect" "ebfaef77d22c8c1ef26e99b8797758ff047a605733c8822c231a5d936e32e4f9", kill_on_drop: false }`
[INFO] running `Command { std: "docker" "rm" "-f" "ebfaef77d22c8c1ef26e99b8797758ff047a605733c8822c231a5d936e32e4f9", kill_on_drop: false }`
[INFO] [stdout] ebfaef77d22c8c1ef26e99b8797758ff047a605733c8822c231a5d936e32e4f9
