[INFO] fetching crate taskpipe 0.1.2...
[INFO] checking taskpipe-0.1.2 against beta-2021-10-15 for beta-1.56-3
[INFO] extracting crate taskpipe 0.1.2 into /workspace/builds/worker-0/source
[INFO] validating manifest of crates.io crate taskpipe 0.1.2 on toolchain beta-2021-10-15
[INFO] running `Command { std: "/workspace/cargo-home/bin/cargo" "+beta-2021-10-15" "metadata" "--manifest-path" "Cargo.toml" "--no-deps", kill_on_drop: false }`
[INFO] started tweaking crates.io crate taskpipe 0.1.2
[INFO] finished tweaking crates.io crate taskpipe 0.1.2
[INFO] tweaked toml for crates.io crate taskpipe 0.1.2 written to /workspace/builds/worker-0/source/Cargo.toml
[INFO] running `Command { std: "/workspace/cargo-home/bin/cargo" "+beta-2021-10-15" "generate-lockfile" "--manifest-path" "Cargo.toml" "-Zno-index-update", kill_on_drop: false }`
[INFO] [stderr]     Blocking waiting for file lock on package cache
[INFO] running `Command { std: "/workspace/cargo-home/bin/cargo" "+beta-2021-10-15" "fetch" "--manifest-path" "Cargo.toml", kill_on_drop: false }`
[INFO] [stderr]     Blocking waiting for file lock on package cache
[INFO] [stderr]     Blocking waiting for file lock on package cache
[INFO] running `Command { std: "docker" "create" "-v" "/var/lib/crater-agent-workspace/builds/worker-0/target:/opt/rustwide/target:rw,Z" "-v" "/var/lib/crater-agent-workspace/builds/worker-0/source:/opt/rustwide/workdir:ro,Z" "-v" "/var/lib/crater-agent-workspace/cargo-home:/opt/rustwide/cargo-home:ro,Z" "-v" "/var/lib/crater-agent-workspace/rustup-home:/opt/rustwide/rustup-home:ro,Z" "-e" "SOURCE_DIR=/opt/rustwide/workdir" "-e" "CARGO_TARGET_DIR=/opt/rustwide/target" "-e" "CARGO_HOME=/opt/rustwide/cargo-home" "-e" "RUSTUP_HOME=/opt/rustwide/rustup-home" "-w" "/opt/rustwide/workdir" "-m" "1610612736" "--user" "0:0" "--network" "none" "ghcr.io/rust-lang/crates-build-env/linux@sha256:a89201d6b5b9fd45c15d5952ece0a0129e7e80cb26ec023fd59cf09bc26f1604" "/opt/rustwide/cargo-home/bin/cargo" "+beta-2021-10-15" "metadata" "--no-deps" "--format-version=1", kill_on_drop: false }`
[INFO] [stdout] e3000c01e4475af94cd13eea497e5b6b0a0069babf3d4c3f7145f61c9ceaf31e
[INFO] running `Command { std: "docker" "start" "-a" "e3000c01e4475af94cd13eea497e5b6b0a0069babf3d4c3f7145f61c9ceaf31e", kill_on_drop: false }`
[INFO] running `Command { std: "docker" "inspect" "e3000c01e4475af94cd13eea497e5b6b0a0069babf3d4c3f7145f61c9ceaf31e", kill_on_drop: false }`
[INFO] running `Command { std: "docker" "rm" "-f" "e3000c01e4475af94cd13eea497e5b6b0a0069babf3d4c3f7145f61c9ceaf31e", kill_on_drop: false }`
[INFO] [stdout] e3000c01e4475af94cd13eea497e5b6b0a0069babf3d4c3f7145f61c9ceaf31e
[INFO] running `Command { std: "docker" "create" "-v" "/var/lib/crater-agent-workspace/builds/worker-0/target:/opt/rustwide/target:rw,Z" "-v" "/var/lib/crater-agent-workspace/builds/worker-0/source:/opt/rustwide/workdir:ro,Z" "-v" "/var/lib/crater-agent-workspace/cargo-home:/opt/rustwide/cargo-home:ro,Z" "-v" "/var/lib/crater-agent-workspace/rustup-home:/opt/rustwide/rustup-home:ro,Z" "-e" "SOURCE_DIR=/opt/rustwide/workdir" "-e" "CARGO_TARGET_DIR=/opt/rustwide/target" "-e" "CARGO_INCREMENTAL=0" "-e" "RUST_BACKTRACE=full" "-e" "RUSTFLAGS=--cap-lints=warn" "-e" "CARGO_HOME=/opt/rustwide/cargo-home" "-e" "RUSTUP_HOME=/opt/rustwide/rustup-home" "-w" "/opt/rustwide/workdir" "-m" "1610612736" "--user" "0:0" "--network" "none" "ghcr.io/rust-lang/crates-build-env/linux@sha256:a89201d6b5b9fd45c15d5952ece0a0129e7e80cb26ec023fd59cf09bc26f1604" "/opt/rustwide/cargo-home/bin/cargo" "+beta-2021-10-15" "check" "--frozen" "--all" "--all-targets" "--message-format=json", kill_on_drop: false }`
[INFO] [stdout] 97b3950a5e8a462bf98cc3eaf5c7c646bfccd31f90dd456cea7f39c0e27b354a
[INFO] running `Command { std: "docker" "start" "-a" "97b3950a5e8a462bf98cc3eaf5c7c646bfccd31f90dd456cea7f39c0e27b354a", kill_on_drop: false }`
[INFO] [stderr]     Blocking waiting for file lock on package cache
[INFO] [stderr]     Checking taskpipe v0.1.2 (/opt/rustwide/workdir)
[INFO] [stdout] error[E0432]: unresolved import `std::thread::JoinGuard`
[INFO] [stdout]  --> src/lib.rs:6:26
[INFO] [stdout]   |
[INFO] [stdout] 6 | use std::thread::{Thread,JoinGuard};
[INFO] [stdout]   |                          ^^^^^^^^^ no `JoinGuard` in `thread`
[INFO] [stdout] 
[INFO] [stdout] 
[INFO] [stdout] error[E0432]: unresolved import `std::thread::JoinGuard`
[INFO] [stdout]  --> src/lib.rs:6:26
[INFO] [stdout]   |
[INFO] [stdout] 6 | use std::thread::{Thread,JoinGuard};
[INFO] [stdout]   |                          ^^^^^^^^^ no `JoinGuard` in `thread`
[INFO] [stdout] 
[INFO] [stdout] 
[INFO] [stdout] error[E0599]: no function or associated item named `spawn` found for struct `Thread` in the current scope
[INFO] [stdout]   --> src/lib.rs:34:13
[INFO] [stdout]    |
[INFO] [stdout] 34 |     Thread::spawn(move || {
[INFO] [stdout]    |             ^^^^^ function or associated item not found in `Thread`
[INFO] [stdout] 
[INFO] [stdout] 
[INFO] [stdout] error[E0599]: no function or associated item named `spawn` found for struct `Thread` in the current scope
[INFO] [stdout]   --> src/lib.rs:34:13
[INFO] [stdout]    |
[INFO] [stdout] 34 |     Thread::spawn(move || {
[INFO] [stdout]    |             ^^^^^ function or associated item not found in `Thread`
[INFO] [stdout] 
[INFO] [stdout] 
[INFO] [stdout] error[E0599]: no function or associated item named `spawn` found for struct `Thread` in the current scope
[INFO] [stdout]   --> src/lib.rs:61:17
[INFO] [stdout]    |
[INFO] [stdout] 61 |         Thread::spawn(move || {
[INFO] [stdout]    |                 ^^^^^ function or associated item not found in `Thread`
[INFO] [stdout] 
[INFO] [stdout] 
[INFO] [stdout] error[E0599]: no function or associated item named `spawn` found for struct `Thread` in the current scope
[INFO] [stdout]   --> src/lib.rs:66:17
[INFO] [stdout]    |
[INFO] [stdout] 66 |         Thread::spawn(move || {
[INFO] [stdout]    |                 ^^^^^ function or associated item not found in `Thread`
[INFO] [stdout] 
[INFO] [stdout] 
[INFO] [stdout] error[E0599]: no function or associated item named `spawn` found for struct `Thread` in the current scope
[INFO] [stdout]   --> src/lib.rs:61:17
[INFO] [stdout]    |
[INFO] [stdout] 61 |         Thread::spawn(move || {
[INFO] [stdout]    |                 ^^^^^ function or associated item not found in `Thread`
[INFO] [stdout] 
[INFO] [stdout] 
[INFO] [stdout] error[E0599]: no function or associated item named `spawn` found for struct `Thread` in the current scope
[INFO] [stdout]   --> src/lib.rs:92:17
[INFO] [stdout]    |
[INFO] [stdout] 92 |         Thread::spawn(move || {
[INFO] [stdout]    |                 ^^^^^ function or associated item not found in `Thread`
[INFO] [stdout] 
[INFO] [stdout] 
[INFO] [stdout] error[E0599]: no function or associated item named `spawn` found for struct `Thread` in the current scope
[INFO] [stdout]   --> src/lib.rs:66:17
[INFO] [stdout]    |
[INFO] [stdout] 66 |         Thread::spawn(move || {
[INFO] [stdout]    |                 ^^^^^ function or associated item not found in `Thread`
[INFO] [stdout] 
[INFO] [stdout] 
[INFO] [stdout] error[E0599]: no function or associated item named `scoped` found for struct `Thread` in the current scope
[INFO] [stdout]    --> src/lib.rs:133:17
[INFO] [stdout]     |
[INFO] [stdout] 133 |         Thread::scoped(move || {
[INFO] [stdout]     |                 ^^^^^^ function or associated item not found in `Thread`
[INFO] [stdout] 
[INFO] [stdout] 
[INFO] [stdout] error: aborting due to 6 previous errors
[INFO] [stdout] 
[INFO] [stdout] 
[INFO] [stdout] Some errors have detailed explanations: E0432, E0599.
[INFO] [stdout] 
[INFO] [stdout] For more information about an error, try `rustc --explain E0432`.
[INFO] [stdout] 
[INFO] [stdout] error[E0599]: no function or associated item named `spawn` found for struct `Thread` in the current scope
[INFO] [stdout]   --> src/lib.rs:92:17
[INFO] [stdout]    |
[INFO] [stdout] 92 |         Thread::spawn(move || {
[INFO] [stdout]    |                 ^^^^^ function or associated item not found in `Thread`
[INFO] [stdout] 
[INFO] [stdout] 
[INFO] [stdout] error[E0599]: no function or associated item named `scoped` found for struct `Thread` in the current scope
[INFO] [stdout]    --> src/lib.rs:133:17
[INFO] [stdout]     |
[INFO] [stdout] 133 |         Thread::scoped(move || {
[INFO] [stdout]     |                 ^^^^^^ function or associated item not found in `Thread`
[INFO] [stdout] 
[INFO] [stdout] 
[INFO] [stdout] error: aborting due to 6 previous errors
[INFO] [stdout] 
[INFO] [stdout] 
[INFO] [stdout] Some errors have detailed explanations: E0432, E0599.
[INFO] [stdout] 
[INFO] [stderr] error: could not compile `taskpipe` due to 7 previous errors
[INFO] [stdout] For more information about an error, try `rustc --explain E0432`.
[INFO] [stdout] 
[INFO] [stderr] warning: build failed, waiting for other jobs to finish...
[INFO] [stderr] error: build failed
[INFO] running `Command { std: "docker" "inspect" "97b3950a5e8a462bf98cc3eaf5c7c646bfccd31f90dd456cea7f39c0e27b354a", kill_on_drop: false }`
[INFO] running `Command { std: "docker" "rm" "-f" "97b3950a5e8a462bf98cc3eaf5c7c646bfccd31f90dd456cea7f39c0e27b354a", kill_on_drop: false }`
[INFO] [stdout] 97b3950a5e8a462bf98cc3eaf5c7c646bfccd31f90dd456cea7f39c0e27b354a
