[INFO] fetching crate tari_comms_dht 0.8.1...
[INFO] checking tari_comms_dht-0.8.1 against 1.55.0 for beta-1.56-3
[INFO] extracting crate tari_comms_dht 0.8.1 into /workspace/builds/worker-23/source
[INFO] validating manifest of crates.io crate tari_comms_dht 0.8.1 on toolchain 1.55.0
[INFO] running `Command { std: "/workspace/cargo-home/bin/cargo" "+1.55.0" "metadata" "--manifest-path" "Cargo.toml" "--no-deps", kill_on_drop: false }`
[INFO] started tweaking crates.io crate tari_comms_dht 0.8.1
[INFO] finished tweaking crates.io crate tari_comms_dht 0.8.1
[INFO] tweaked toml for crates.io crate tari_comms_dht 0.8.1 written to /workspace/builds/worker-23/source/Cargo.toml
[INFO] crate crates.io crate tari_comms_dht 0.8.1 already has a lockfile, it will not be regenerated
[INFO] running `Command { std: "/workspace/cargo-home/bin/cargo" "+1.55.0" "fetch" "--manifest-path" "Cargo.toml", kill_on_drop: false }`
[INFO] [stderr]     Blocking waiting for file lock on package cache
[INFO] [stderr]     Blocking waiting for file lock on package cache
[INFO] running `Command { std: "docker" "create" "-v" "/var/lib/crater-agent-workspace/builds/worker-23/target:/opt/rustwide/target:rw,Z" "-v" "/var/lib/crater-agent-workspace/builds/worker-23/source:/opt/rustwide/workdir:ro,Z" "-v" "/var/lib/crater-agent-workspace/cargo-home:/opt/rustwide/cargo-home:ro,Z" "-v" "/var/lib/crater-agent-workspace/rustup-home:/opt/rustwide/rustup-home:ro,Z" "-e" "SOURCE_DIR=/opt/rustwide/workdir" "-e" "CARGO_TARGET_DIR=/opt/rustwide/target" "-e" "CARGO_HOME=/opt/rustwide/cargo-home" "-e" "RUSTUP_HOME=/opt/rustwide/rustup-home" "-w" "/opt/rustwide/workdir" "-m" "1610612736" "--user" "0:0" "--network" "none" "ghcr.io/rust-lang/crates-build-env/linux@sha256:a89201d6b5b9fd45c15d5952ece0a0129e7e80cb26ec023fd59cf09bc26f1604" "/opt/rustwide/cargo-home/bin/cargo" "+1.55.0" "metadata" "--no-deps" "--format-version=1", kill_on_drop: false }`
[INFO] [stdout] 50b829d9c895d6489ae4270f3c3ed51c1406ec34269197eb48a60e678cab95f7
[INFO] running `Command { std: "docker" "start" "-a" "50b829d9c895d6489ae4270f3c3ed51c1406ec34269197eb48a60e678cab95f7", kill_on_drop: false }`
[INFO] running `Command { std: "docker" "inspect" "50b829d9c895d6489ae4270f3c3ed51c1406ec34269197eb48a60e678cab95f7", kill_on_drop: false }`
[INFO] running `Command { std: "docker" "rm" "-f" "50b829d9c895d6489ae4270f3c3ed51c1406ec34269197eb48a60e678cab95f7", kill_on_drop: false }`
[INFO] [stdout] 50b829d9c895d6489ae4270f3c3ed51c1406ec34269197eb48a60e678cab95f7
[INFO] running `Command { std: "docker" "create" "-v" "/var/lib/crater-agent-workspace/builds/worker-23/target:/opt/rustwide/target:rw,Z" "-v" "/var/lib/crater-agent-workspace/builds/worker-23/source:/opt/rustwide/workdir:ro,Z" "-v" "/var/lib/crater-agent-workspace/cargo-home:/opt/rustwide/cargo-home:ro,Z" "-v" "/var/lib/crater-agent-workspace/rustup-home:/opt/rustwide/rustup-home:ro,Z" "-e" "SOURCE_DIR=/opt/rustwide/workdir" "-e" "CARGO_TARGET_DIR=/opt/rustwide/target" "-e" "CARGO_INCREMENTAL=0" "-e" "RUST_BACKTRACE=full" "-e" "RUSTFLAGS=--cap-lints=warn" "-e" "CARGO_HOME=/opt/rustwide/cargo-home" "-e" "RUSTUP_HOME=/opt/rustwide/rustup-home" "-w" "/opt/rustwide/workdir" "-m" "1610612736" "--user" "0:0" "--network" "none" "ghcr.io/rust-lang/crates-build-env/linux@sha256:a89201d6b5b9fd45c15d5952ece0a0129e7e80cb26ec023fd59cf09bc26f1604" "/opt/rustwide/cargo-home/bin/cargo" "+1.55.0" "check" "--frozen" "--all" "--all-targets" "--message-format=json", kill_on_drop: false }`
[INFO] [stdout] a22112a7d9ef90cc6335dc1871f1ea528c570c6efa5309f8418206f68a3fa315
[INFO] running `Command { std: "docker" "start" "-a" "a22112a7d9ef90cc6335dc1871f1ea528c570c6efa5309f8418206f68a3fa315", kill_on_drop: false }`
[INFO] [stderr]     Blocking waiting for file lock on package cache
[INFO] [stderr]    Compiling proc-macro2 v1.0.24
[INFO] [stderr]    Compiling unicode-xid v0.2.1
[INFO] [stderr]    Compiling syn v1.0.60
[INFO] [stderr]    Compiling libc v0.2.85
[INFO] [stderr]    Compiling serde_derive v1.0.123
[INFO] [stderr]    Compiling serde v1.0.123
[INFO] [stderr]    Compiling typenum v1.12.0
[INFO] [stderr]    Compiling log v0.4.14
[INFO] [stderr]    Compiling version_check v0.9.2
[INFO] [stderr]    Compiling memchr v2.3.4
[INFO] [stderr]    Compiling byteorder v1.4.2
[INFO] [stderr]    Compiling serde_json v1.0.61
[INFO] [stderr]    Compiling pin-project-internal v0.4.27
[INFO] [stderr]    Compiling getrandom v0.2.2
[INFO] [stderr]    Compiling cc v1.0.66
[INFO] [stderr]     Checking futures-core v0.3.12
[INFO] [stderr]    Compiling itoa v0.4.7
[INFO] [stderr]    Compiling libm v0.1.4
[INFO] [stderr]    Compiling fnv v1.0.7
[INFO] [stderr]    Compiling unicode-segmentation v1.7.1
[INFO] [stderr]    Compiling anyhow v1.0.38
[INFO] [stderr]    Compiling packed_simd_2 v0.3.4
[INFO] [stderr]    Compiling unicode-width v0.1.8
[INFO] [stderr]    Compiling byte-tools v0.3.1
[INFO] [stderr]    Compiling hashbrown v0.9.1
[INFO] [stderr]     Checking once_cell v1.5.2
[INFO] [stderr]    Compiling vec_map v0.8.2
[INFO] [stderr]    Compiling opaque-debug v0.2.3
[INFO] [stderr]     Checking futures-sink v0.3.12
[INFO] [stderr]    Compiling tinyvec_macros v0.1.0
[INFO] [stderr]     Checking pin-project-lite v0.2.4
[INFO] [stderr]    Compiling arrayref v0.3.6
[INFO] [stderr]     Checking pin-project-lite v0.1.11
[INFO] [stderr]    Compiling tower-service v0.3.1
[INFO] [stderr]    Compiling crc32fast v1.2.1
[INFO] [stderr]    Compiling fake-simd v0.1.2
[INFO] [stderr]    Compiling adler v0.2.3
[INFO] [stderr]    Compiling linked-hash-map v0.5.4
[INFO] [stderr]    Compiling percent-encoding v2.1.0
[INFO] [stderr]    Compiling newtype-ops v0.1.4
[INFO] [stderr]     Checking futures-io v0.3.12
[INFO] [stderr]    Compiling bitflags v0.9.1
[INFO] [stderr]    Compiling static_assertions v1.1.0
[INFO] [stderr]    Compiling supercow v0.1.0
[INFO] [stderr]    Compiling dtoa v0.4.7
[INFO] [stderr]    Compiling pkg-config v0.3.19
[INFO] [stderr]    Compiling quick-error v1.2.3
[INFO] [stderr]    Compiling unsigned-varint v0.5.1
[INFO] [stderr]    Compiling multimap v0.8.2
[INFO] [stderr]    Compiling bs58 v0.4.0
[INFO] [stderr]    Compiling unsigned-varint v0.6.0
[INFO] [stderr]    Compiling data-encoding v2.3.2
[INFO] [stderr]    Compiling arc-swap v0.3.11
[INFO] [stderr]    Compiling cbindgen v0.16.0
[INFO] [stderr]    Compiling log-mdc v0.1.0
[INFO] [stderr]    Compiling c_linked_list v1.1.1
[INFO] [stderr]    Compiling subtle v2.4.0
[INFO] [stderr]    Compiling antidote v1.0.0
[INFO] [stderr]    Compiling path-clean v0.1.0
[INFO] [stderr]    Compiling tower-layer v0.3.1
[INFO] [stderr]    Compiling constant_time_eq v0.1.5
[INFO] [stderr]    Compiling keccak v0.1.0
[INFO] [stderr]    Compiling smallvec v1.6.1
[INFO] [stderr]    Compiling block-padding v0.2.1
[INFO] [stderr]    Compiling subtle v1.0.0
[INFO] [stderr]    Compiling nodrop v0.1.14
[INFO] [stderr]    Compiling opaque-debug v0.3.0
[INFO] [stderr]    Compiling arrayvec v0.5.2
[INFO] [stderr]    Compiling nohash-hasher v0.2.0
[INFO] [stderr]    Compiling bitstring v0.1.1
[INFO] [stderr]     Checking futures-io-preview v0.3.0-alpha.19
[INFO] [stderr]     Checking futures-core-preview v0.3.0-alpha.19
[INFO] [stderr]     Checking regex-syntax v0.6.22
[INFO] [stderr]     Checking fixedbitset v0.2.0
[INFO] [stderr]    Compiling num-integer v0.1.44
[INFO] [stderr]    Compiling indexmap v1.6.1
[INFO] [stderr]    Compiling liblmdb-sys v0.2.2
[INFO] [stderr]    Compiling itertools v0.8.2
[INFO] [stderr]    Compiling miniz_oxide v0.4.3
[INFO] [stderr]    Compiling nom v4.2.3
[INFO] [stderr]    Compiling unsafe-any v0.4.2
[INFO] [stderr]    Compiling tracing-core v0.1.17
[INFO] [stderr]     Checking tinyvec v1.1.1
[INFO] [stderr]    Compiling lock_api v0.3.4
[INFO] [stderr]     Checking form_urlencoded v1.0.0
[INFO] [stderr]     Checking chacha20-poly1305-aead v0.1.2
[INFO] [stderr]     Checking tower-make v0.3.0
[INFO] [stderr]    Compiling ryu v1.0.5
[INFO] [stderr]    Compiling proc-macro-nested v0.1.7
[INFO] [stderr]     Checking ttl_cache v0.5.1
[INFO] [stderr]    Compiling num-traits v0.2.14
[INFO] [stderr]    Compiling snow v0.6.2
[INFO] [stderr]     Checking blake2-rfc v0.2.18
[INFO] [stdout] error[E0557]: feature has been removed
[INFO] [stdout]   --> /opt/rustwide/cargo-home/registry/src/github.com-1ecc6299db9ec823/subtle-2.4.0/src/lib.rs:12:42
[INFO] [stdout]    |
[INFO] [stdout] 12 | #![cfg_attr(feature = "nightly", feature(external_doc))]
[INFO] [stdout]    |                                          ^^^^^^^^^^^^ feature has been removed
[INFO] [stdout]    |
[INFO] [stdout]    = note: use #[doc = include_str!("filename")] instead, which handles macro invocations
[INFO] [stdout] 
[INFO] [stdout] 
[INFO] [stderr]    Compiling block-padding v0.1.5
[INFO] [stdout] error[E0554]: `#![feature]` may not be used on the stable release channel
[INFO] [stdout]   --> /opt/rustwide/cargo-home/registry/src/github.com-1ecc6299db9ec823/subtle-2.4.0/src/lib.rs:12:34
[INFO] [stdout]    |
[INFO] [stdout] 12 | #![cfg_attr(feature = "nightly", feature(external_doc))]
[INFO] [stdout]    |                                  ^^^^^^^^^^^^^^^^^^^^^
[INFO] [stdout] 
[INFO] [stdout] 
[INFO] [stderr] error: could not compile `cc`
[INFO] [stderr] 
[INFO] [stderr] Caused by:
[INFO] [stderr]   process didn't exit successfully: `rustc --crate-name cc --edition=2018 /opt/rustwide/cargo-home/registry/src/github.com-1ecc6299db9ec823/cc-1.0.66/src/lib.rs --error-format=json --json=diagnostic-rendered-ansi --crate-type lib --emit=dep-info,metadata,link -C embed-bitcode=no -C debuginfo=2 -C metadata=8bfd7f93bc0106d6 -C extra-filename=-8bfd7f93bc0106d6 --out-dir /opt/rustwide/target/debug/deps -L dependency=/opt/rustwide/target/debug/deps --cap-lints allow --cap-lints=warn` (signal: 9, SIGKILL: kill)
[INFO] [stderr] warning: build failed, waiting for other jobs to finish...
[INFO] [stdout] error: aborting due to 2 previous errors
[INFO] [stdout] 
[INFO] [stdout] 
[INFO] [stdout] Some errors have detailed explanations: E0554, E0557.
[INFO] [stdout] 
[INFO] [stdout] For more information about an error, try `rustc --explain E0554`.
[INFO] [stdout] 
[INFO] [stdout] error[E0557]: feature has been removed
[INFO] [stdout]   --> /opt/rustwide/cargo-home/registry/src/github.com-1ecc6299db9ec823/subtle-2.4.0/src/lib.rs:12:42
[INFO] [stdout]    |
[INFO] [stdout] 12 | #![cfg_attr(feature = "nightly", feature(external_doc))]
[INFO] [stdout]    |                                          ^^^^^^^^^^^^ feature has been removed
[INFO] [stdout]    |
[INFO] [stdout]    = note: use #[doc = include_str!("filename")] instead, which handles macro invocations
[INFO] [stdout] 
[INFO] [stdout] 
[INFO] [stdout] error[E0554]: `#![feature]` may not be used on the stable release channel
[INFO] [stdout]   --> /opt/rustwide/cargo-home/registry/src/github.com-1ecc6299db9ec823/subtle-2.4.0/src/lib.rs:12:34
[INFO] [stdout]    |
[INFO] [stdout] 12 | #![cfg_attr(feature = "nightly", feature(external_doc))]
[INFO] [stdout]    |                                  ^^^^^^^^^^^^^^^^^^^^^
[INFO] [stdout] 
[INFO] [stdout] 
[INFO] [stdout] error: aborting due to 2 previous errors
[INFO] [stdout] 
[INFO] [stdout] 
[INFO] [stdout] Some errors have detailed explanations: E0554, E0557.
[INFO] [stdout] 
[INFO] [stdout] For more information about an error, try `rustc --explain E0554`.
[INFO] [stdout] 
[INFO] [stderr] error: build failed
[INFO] running `Command { std: "docker" "inspect" "a22112a7d9ef90cc6335dc1871f1ea528c570c6efa5309f8418206f68a3fa315", kill_on_drop: false }`
[INFO] running `Command { std: "docker" "rm" "-f" "a22112a7d9ef90cc6335dc1871f1ea528c570c6efa5309f8418206f68a3fa315", kill_on_drop: false }`
[INFO] [stdout] a22112a7d9ef90cc6335dc1871f1ea528c570c6efa5309f8418206f68a3fa315
