[INFO] fetching crate tapir-cwtch 0.1.11...
[INFO] checking tapir-cwtch-0.1.11 against 1.55.0 for beta-1.56-3
[INFO] extracting crate tapir-cwtch 0.1.11 into /workspace/builds/worker-106/source
[INFO] validating manifest of crates.io crate tapir-cwtch 0.1.11 on toolchain 1.55.0
[INFO] running `Command { std: "/workspace/cargo-home/bin/cargo" "+1.55.0" "metadata" "--manifest-path" "Cargo.toml" "--no-deps", kill_on_drop: false }`
[INFO] started tweaking crates.io crate tapir-cwtch 0.1.11
[INFO] removed 0 missing tests
[INFO] finished tweaking crates.io crate tapir-cwtch 0.1.11
[INFO] tweaked toml for crates.io crate tapir-cwtch 0.1.11 written to /workspace/builds/worker-106/source/Cargo.toml
[INFO] crate crates.io crate tapir-cwtch 0.1.11 already has a lockfile, it will not be regenerated
[INFO] running `Command { std: "/workspace/cargo-home/bin/cargo" "+1.55.0" "fetch" "--manifest-path" "Cargo.toml", kill_on_drop: false }`
[INFO] [stderr]     Blocking waiting for file lock on package cache
[INFO] [stderr]     Blocking waiting for file lock on package cache
[INFO] [stderr]  Downloading crates ...
[INFO] [stderr]   Downloaded socks v0.3.3
[INFO] [stderr]   Downloaded sha2 v0.9.2
[INFO] [stderr]   Downloaded ed25519 v1.0.3
[INFO] [stderr]   Downloaded base32 v0.4.0
[INFO] [stderr]   Downloaded secretbox v0.1.2
[INFO] [stderr]   Downloaded which v4.0.2
[INFO] [stderr]   Downloaded integer-encoding v2.1.1
[INFO] running `Command { std: "docker" "create" "-v" "/var/lib/crater-agent-workspace/builds/worker-106/target:/opt/rustwide/target:rw,Z" "-v" "/var/lib/crater-agent-workspace/builds/worker-106/source:/opt/rustwide/workdir:ro,Z" "-v" "/var/lib/crater-agent-workspace/cargo-home:/opt/rustwide/cargo-home:ro,Z" "-v" "/var/lib/crater-agent-workspace/rustup-home:/opt/rustwide/rustup-home:ro,Z" "-e" "SOURCE_DIR=/opt/rustwide/workdir" "-e" "CARGO_TARGET_DIR=/opt/rustwide/target" "-e" "CARGO_HOME=/opt/rustwide/cargo-home" "-e" "RUSTUP_HOME=/opt/rustwide/rustup-home" "-w" "/opt/rustwide/workdir" "-m" "1610612736" "--user" "0:0" "--network" "none" "ghcr.io/rust-lang/crates-build-env/linux@sha256:a89201d6b5b9fd45c15d5952ece0a0129e7e80cb26ec023fd59cf09bc26f1604" "/opt/rustwide/cargo-home/bin/cargo" "+1.55.0" "metadata" "--no-deps" "--format-version=1", kill_on_drop: false }`
[INFO] [stdout] b95c0c3e1d7e0aae45491c27ef88d4ad78e9062f45f9af448aae42f8827a86ac
[INFO] running `Command { std: "docker" "start" "-a" "b95c0c3e1d7e0aae45491c27ef88d4ad78e9062f45f9af448aae42f8827a86ac", kill_on_drop: false }`
[INFO] running `Command { std: "docker" "inspect" "b95c0c3e1d7e0aae45491c27ef88d4ad78e9062f45f9af448aae42f8827a86ac", kill_on_drop: false }`
[INFO] running `Command { std: "docker" "rm" "-f" "b95c0c3e1d7e0aae45491c27ef88d4ad78e9062f45f9af448aae42f8827a86ac", kill_on_drop: false }`
[INFO] [stdout] b95c0c3e1d7e0aae45491c27ef88d4ad78e9062f45f9af448aae42f8827a86ac
[INFO] running `Command { std: "docker" "create" "-v" "/var/lib/crater-agent-workspace/builds/worker-106/target:/opt/rustwide/target:rw,Z" "-v" "/var/lib/crater-agent-workspace/builds/worker-106/source:/opt/rustwide/workdir:ro,Z" "-v" "/var/lib/crater-agent-workspace/cargo-home:/opt/rustwide/cargo-home:ro,Z" "-v" "/var/lib/crater-agent-workspace/rustup-home:/opt/rustwide/rustup-home:ro,Z" "-e" "SOURCE_DIR=/opt/rustwide/workdir" "-e" "CARGO_TARGET_DIR=/opt/rustwide/target" "-e" "CARGO_INCREMENTAL=0" "-e" "RUST_BACKTRACE=full" "-e" "RUSTFLAGS=--cap-lints=warn" "-e" "CARGO_HOME=/opt/rustwide/cargo-home" "-e" "RUSTUP_HOME=/opt/rustwide/rustup-home" "-w" "/opt/rustwide/workdir" "-m" "1610612736" "--user" "0:0" "--network" "none" "ghcr.io/rust-lang/crates-build-env/linux@sha256:a89201d6b5b9fd45c15d5952ece0a0129e7e80cb26ec023fd59cf09bc26f1604" "/opt/rustwide/cargo-home/bin/cargo" "+1.55.0" "check" "--frozen" "--all" "--all-targets" "--message-format=json", kill_on_drop: false }`
[INFO] [stdout] fc32391aed1caabe1458a51fa207ca45fd600e7bfa41e35ccdef377c51dfa7ef
[INFO] running `Command { std: "docker" "start" "-a" "fc32391aed1caabe1458a51fa207ca45fd600e7bfa41e35ccdef377c51dfa7ef", kill_on_drop: false }`
[INFO] [stderr]     Blocking waiting for file lock on package cache
[INFO] [stderr]    Compiling proc-macro2 v1.0.24
[INFO] [stderr]    Compiling syn v1.0.48
[INFO] [stderr]    Compiling libc v0.2.80
[INFO] [stderr]    Compiling getrandom v0.1.15
[INFO] [stderr]    Compiling typenum v1.12.0
[INFO] [stderr]    Compiling byteorder v1.3.4
[INFO] [stderr]    Compiling serde_derive v1.0.117
[INFO] [stderr]    Compiling serde v1.0.117
[INFO] [stderr]     Checking ppv-lite86 v0.2.10
[INFO] [stderr]     Checking subtle v2.3.0
[INFO] [stderr]     Checking signature v1.2.2
[INFO] [stderr]     Checking cpuid-bool v0.1.2
[INFO] [stderr]    Compiling serde_json v1.0.61
[INFO] [stderr]     Checking integer-encoding v2.1.1
[INFO] [stderr]     Checking hex v0.4.2
[INFO] [stderr]     Checking base32 v0.4.0
[INFO] [stderr]     Checking sha1 v0.6.0
[INFO] [stderr]    Compiling generic-array v0.14.4
[INFO] [stderr]     Checking hashbrown v0.9.1
[INFO] [stderr]     Checking uint v0.8.5
[INFO] [stderr]    Compiling quote v1.0.7
[INFO] [stderr]     Checking socks v0.3.3
[INFO] [stderr]     Checking rand_core v0.5.1
[INFO] [stderr]     Checking rand_chacha v0.2.2
[INFO] [stderr]     Checking rand v0.7.3
[INFO] [stderr]     Checking digest v0.9.0
[INFO] [stderr]     Checking block-buffer v0.9.0
[INFO] [stderr]     Checking sha2 v0.9.2
[INFO] [stderr]     Checking sha3 v0.9.1
[INFO] [stderr]     Checking secretbox v0.1.2
[INFO] [stderr]    Compiling synstructure v0.12.4
[INFO] [stderr]    Compiling zeroize_derive v1.0.1
[INFO] [stderr]    Compiling thiserror-impl v1.0.23
[INFO] [stderr]     Checking zeroize v1.1.1
[INFO] [stderr]     Checking curve25519-dalek v3.0.0
[INFO] [stderr]     Checking merlin v2.0.0
[INFO] [stderr]     Checking thiserror v1.0.23
[INFO] [stderr]     Checking which v4.0.2
[INFO] [stderr]     Checking x25519-dalek v1.1.0
[INFO] [stderr]     Checking serde_bytes v0.11.5
[INFO] [stderr]     Checking ed25519 v1.0.3
[INFO] [stderr]     Checking ed25519-dalek v1.0.1
[INFO] [stderr]     Checking tapir-cwtch v0.1.11 (/opt/rustwide/workdir)
[INFO] [stdout] error[E0557]: feature has been removed
[INFO] [stdout]  --> src/lib.rs:3:12
[INFO] [stdout]   |
[INFO] [stdout] 3 | #![feature(external_doc)]
[INFO] [stdout]   |            ^^^^^^^^^^^^ feature has been removed
[INFO] [stdout]   |
[INFO] [stdout]   = note: use #[doc = include_str!("filename")] instead, which handles macro invocations
[INFO] [stdout] 
[INFO] [stdout] 
[INFO] [stdout] error[E0557]: feature has been removed
[INFO] [stdout]  --> src/lib.rs:3:12
[INFO] [stdout]   |
[INFO] [stdout] 3 | #![feature(external_doc)]
[INFO] [stdout]   |            ^^^^^^^^^^^^ feature has been removed
[INFO] [stdout]   |
[INFO] [stdout]   = note: use #[doc = include_str!("filename")] instead, which handles macro invocations
[INFO] [stdout] 
[INFO] [stdout] 
[INFO] [stdout] error[E0554]: `#![feature]` may not be used on the stable release channel
[INFO] [stdout]  --> src/lib.rs:1:1
[INFO] [stdout]   |
[INFO] [stdout] 1 | #![feature(array_methods)]
[INFO] [stdout]   | ^^^^^^^^^^^^^^^^^^^^^^^^^^
[INFO] [stdout] 
[INFO] [stdout] 
[INFO] [stdout] error[E0554]: `#![feature]` may not be used on the stable release channel
[INFO] [stdout]  --> src/lib.rs:3:1
[INFO] [stdout]   |
[INFO] [stdout] 3 | #![feature(external_doc)]
[INFO] [stdout]   | ^^^^^^^^^^^^^^^^^^^^^^^^^
[INFO] [stdout] 
[INFO] [stdout] 
[INFO] [stdout] warning: unknown `doc` attribute `include`
[INFO] [stdout]  --> src/lib.rs:4:8
[INFO] [stdout]   |
[INFO] [stdout] 4 | #![doc(include = "../README.md")]
[INFO] [stdout]   | -------^^^^^^^^^^^^^^^^^^^^^^^^-- help: use `doc = include_str!` instead: `#![doc = include_str!("../README.md")]`
[INFO] [stdout]   |
[INFO] [stdout]   = note: `#[warn(invalid_doc_attributes)]` on by default
[INFO] [stdout]   = warning: this was previously accepted by the compiler but is being phased out; it will become a hard error in a future release!
[INFO] [stdout]   = note: for more information, see issue #82730 <https://github.com/rust-lang/rust/issues/82730>
[INFO] [stdout] 
[INFO] [stdout] 
[INFO] [stdout] error[E0554]: `#![feature]` may not be used on the stable release channel
[INFO] [stdout]  --> src/lib.rs:1:1
[INFO] [stdout]   |
[INFO] [stdout] 1 | #![feature(array_methods)]
[INFO] [stdout]   | ^^^^^^^^^^^^^^^^^^^^^^^^^^
[INFO] [stdout] 
[INFO] [stdout] 
[INFO] [stdout] error[E0554]: `#![feature]` may not be used on the stable release channel
[INFO] [stdout]  --> src/lib.rs:3:1
[INFO] [stdout]   |
[INFO] [stdout] 3 | #![feature(external_doc)]
[INFO] [stdout]   | ^^^^^^^^^^^^^^^^^^^^^^^^^
[INFO] [stdout] 
[INFO] [stdout] 
[INFO] [stdout] warning: unused import: `std::process::id`
[INFO] [stdout]   --> src/acns/tor/validation.rs:44:9
[INFO] [stdout]    |
[INFO] [stdout] 44 |     use std::process::id;
[INFO] [stdout]    |         ^^^^^^^^^^^^^^^^
[INFO] [stdout]    |
[INFO] [stdout]    = note: `#[warn(unused_imports)]` on by default
[INFO] [stdout] 
[INFO] [stdout] 
[INFO] [stdout] warning: unknown `doc` attribute `include`
[INFO] [stdout]  --> src/lib.rs:4:8
[INFO] [stdout]   |
[INFO] [stdout] 4 | #![doc(include = "../README.md")]
[INFO] [stdout]   | -------^^^^^^^^^^^^^^^^^^^^^^^^-- help: use `doc = include_str!` instead: `#![doc = include_str!("../README.md")]`
[INFO] [stdout]   |
[INFO] [stdout]   = note: `#[warn(invalid_doc_attributes)]` on by default
[INFO] [stdout]   = warning: this was previously accepted by the compiler but is being phased out; it will become a hard error in a future release!
[INFO] [stdout]   = note: for more information, see issue #82730 <https://github.com/rust-lang/rust/issues/82730>
[INFO] [stdout] 
[INFO] [stdout] 
[INFO] [stdout] error: aborting due to 3 previous errors; 1 warning emitted
[INFO] [stdout] 
[INFO] [stdout] 
[INFO] [stdout] Some errors have detailed explanations: E0554, E0557.
[INFO] [stdout] 
[INFO] [stdout] For more information about an error, try `rustc --explain E0554`.
[INFO] [stdout] 
[INFO] [stderr] error: could not compile `tapir-cwtch` due to 4 previous errors; 1 warning emitted
[INFO] [stderr] warning: build failed, waiting for other jobs to finish...
[INFO] [stdout] error: aborting due to 3 previous errors; 2 warnings emitted
[INFO] [stdout] 
[INFO] [stdout] 
[INFO] [stdout] Some errors have detailed explanations: E0554, E0557.
[INFO] [stdout] 
[INFO] [stdout] For more information about an error, try `rustc --explain E0554`.
[INFO] [stdout] 
[INFO] [stderr] error: build failed
[INFO] running `Command { std: "docker" "inspect" "fc32391aed1caabe1458a51fa207ca45fd600e7bfa41e35ccdef377c51dfa7ef", kill_on_drop: false }`
[INFO] running `Command { std: "docker" "rm" "-f" "fc32391aed1caabe1458a51fa207ca45fd600e7bfa41e35ccdef377c51dfa7ef", kill_on_drop: false }`
[INFO] [stdout] fc32391aed1caabe1458a51fa207ca45fd600e7bfa41e35ccdef377c51dfa7ef
