[INFO] fetching crate tab-pty-process 0.2.0...
[INFO] checking tab-pty-process-0.2.0 against 1.55.0 for beta-1.56-3
[INFO] extracting crate tab-pty-process 0.2.0 into /workspace/builds/worker-77/source
[INFO] validating manifest of crates.io crate tab-pty-process 0.2.0 on toolchain 1.55.0
[INFO] running `Command { std: "/workspace/cargo-home/bin/cargo" "+1.55.0" "metadata" "--manifest-path" "Cargo.toml" "--no-deps", kill_on_drop: false }`
[INFO] started tweaking crates.io crate tab-pty-process 0.2.0
[INFO] finished tweaking crates.io crate tab-pty-process 0.2.0
[INFO] tweaked toml for crates.io crate tab-pty-process 0.2.0 written to /workspace/builds/worker-77/source/Cargo.toml
[INFO] running `Command { std: "/workspace/cargo-home/bin/cargo" "+1.55.0" "generate-lockfile" "--manifest-path" "Cargo.toml" "-Zno-index-update", kill_on_drop: false }`
[INFO] [stderr]     Blocking waiting for file lock on package cache
[INFO] running `Command { std: "/workspace/cargo-home/bin/cargo" "+1.55.0" "fetch" "--manifest-path" "Cargo.toml", kill_on_drop: false }`
[INFO] [stderr]     Blocking waiting for file lock on package cache
[INFO] [stderr]     Blocking waiting for file lock on package cache
[INFO] running `Command { std: "docker" "create" "-v" "/var/lib/crater-agent-workspace/builds/worker-77/target:/opt/rustwide/target:rw,Z" "-v" "/var/lib/crater-agent-workspace/builds/worker-77/source:/opt/rustwide/workdir:ro,Z" "-v" "/var/lib/crater-agent-workspace/cargo-home:/opt/rustwide/cargo-home:ro,Z" "-v" "/var/lib/crater-agent-workspace/rustup-home:/opt/rustwide/rustup-home:ro,Z" "-e" "SOURCE_DIR=/opt/rustwide/workdir" "-e" "CARGO_TARGET_DIR=/opt/rustwide/target" "-e" "CARGO_HOME=/opt/rustwide/cargo-home" "-e" "RUSTUP_HOME=/opt/rustwide/rustup-home" "-w" "/opt/rustwide/workdir" "-m" "1610612736" "--user" "0:0" "--network" "none" "ghcr.io/rust-lang/crates-build-env/linux@sha256:a89201d6b5b9fd45c15d5952ece0a0129e7e80cb26ec023fd59cf09bc26f1604" "/opt/rustwide/cargo-home/bin/cargo" "+1.55.0" "metadata" "--no-deps" "--format-version=1", kill_on_drop: false }`
[INFO] [stdout] daf9dc472fd028f853b306fbf06e63fa20c24b40881a45142286750d19715c4f
[INFO] running `Command { std: "docker" "start" "-a" "daf9dc472fd028f853b306fbf06e63fa20c24b40881a45142286750d19715c4f", kill_on_drop: false }`
[INFO] running `Command { std: "docker" "inspect" "daf9dc472fd028f853b306fbf06e63fa20c24b40881a45142286750d19715c4f", kill_on_drop: false }`
[INFO] running `Command { std: "docker" "rm" "-f" "daf9dc472fd028f853b306fbf06e63fa20c24b40881a45142286750d19715c4f", kill_on_drop: false }`
[INFO] [stdout] daf9dc472fd028f853b306fbf06e63fa20c24b40881a45142286750d19715c4f
[INFO] running `Command { std: "docker" "create" "-v" "/var/lib/crater-agent-workspace/builds/worker-77/target:/opt/rustwide/target:rw,Z" "-v" "/var/lib/crater-agent-workspace/builds/worker-77/source:/opt/rustwide/workdir:ro,Z" "-v" "/var/lib/crater-agent-workspace/cargo-home:/opt/rustwide/cargo-home:ro,Z" "-v" "/var/lib/crater-agent-workspace/rustup-home:/opt/rustwide/rustup-home:ro,Z" "-e" "SOURCE_DIR=/opt/rustwide/workdir" "-e" "CARGO_TARGET_DIR=/opt/rustwide/target" "-e" "CARGO_INCREMENTAL=0" "-e" "RUST_BACKTRACE=full" "-e" "RUSTFLAGS=--cap-lints=warn" "-e" "CARGO_HOME=/opt/rustwide/cargo-home" "-e" "RUSTUP_HOME=/opt/rustwide/rustup-home" "-w" "/opt/rustwide/workdir" "-m" "1610612736" "--user" "0:0" "--network" "none" "ghcr.io/rust-lang/crates-build-env/linux@sha256:a89201d6b5b9fd45c15d5952ece0a0129e7e80cb26ec023fd59cf09bc26f1604" "/opt/rustwide/cargo-home/bin/cargo" "+1.55.0" "check" "--frozen" "--all" "--all-targets" "--message-format=json", kill_on_drop: false }`
[INFO] [stdout] 2044ae26ebd1369fcab4a95fbbe441acd11e5625779fb59daa1223a04e9a6516
[INFO] running `Command { std: "docker" "start" "-a" "2044ae26ebd1369fcab4a95fbbe441acd11e5625779fb59daa1223a04e9a6516", kill_on_drop: false }`
[INFO] [stderr]     Blocking waiting for file lock on package cache
[INFO] [stderr]    Compiling syn v1.0.80
[INFO] [stderr]    Compiling futures-core v0.3.17
[INFO] [stderr]    Compiling futures-task v0.3.17
[INFO] [stderr]    Compiling futures-channel v0.3.17
[INFO] [stderr]     Checking futures-sink v0.3.17
[INFO] [stderr]     Checking futures-io v0.3.17
[INFO] [stderr]    Compiling async-trait v0.1.51
[INFO] [stderr]     Checking pin-project-lite v0.1.12
[INFO] [stderr]    Compiling futures-util v0.3.17
[INFO] [stderr]     Checking iovec v0.1.4
[INFO] [stderr]     Checking net2 v0.2.37
[INFO] [stderr]     Checking errno v0.2.7
[INFO] [stderr]     Checking mio v0.6.23
[INFO] [stderr]     Checking bytes v0.4.12
[INFO] [stderr]     Checking mio-uds v0.6.8
[INFO] [stderr]     Checking tokio v0.2.25
[INFO] [stderr]    Compiling futures-macro v0.3.17
[INFO] [stderr]     Checking futures-executor v0.3.17
[INFO] [stderr]     Checking futures v0.3.17
[INFO] [stderr]     Checking tab-pty-process v0.2.0 (/opt/rustwide/workdir)
[INFO] [stdout] error[E0433]: failed to resolve: could not find `test` in `tokio`
[INFO] [stdout]    --> src/lib.rs:646:14
[INFO] [stdout]     |
[INFO] [stdout] 646 |     #[tokio::test]
[INFO] [stdout]     |              ^^^^ could not find `test` in `tokio`
[INFO] [stdout] 
[INFO] [stdout] 
[INFO] [stdout] error[E0433]: failed to resolve: could not find `test` in `tokio`
[INFO] [stdout]    --> src/lib.rs:659:14
[INFO] [stdout]     |
[INFO] [stdout] 659 |     #[tokio::test]
[INFO] [stdout]     |              ^^^^ could not find `test` in `tokio`
[INFO] [stdout] 
[INFO] [stdout] 
[INFO] [stdout] error[E0433]: failed to resolve: could not find `test` in `tokio`
[INFO] [stdout]    --> src/lib.rs:687:14
[INFO] [stdout]     |
[INFO] [stdout] 687 |     #[tokio::test]
[INFO] [stdout]     |              ^^^^ could not find `test` in `tokio`
[INFO] [stdout] 
[INFO] [stdout] 
[INFO] [stdout] error[E0433]: failed to resolve: could not find `test` in `tokio`
[INFO] [stdout]    --> src/lib.rs:704:14
[INFO] [stdout]     |
[INFO] [stdout] 704 |     #[tokio::test]
[INFO] [stdout]     |              ^^^^ could not find `test` in `tokio`
[INFO] [stdout] 
[INFO] [stdout] 
[INFO] [stdout] error[E0433]: failed to resolve: could not find `test` in `tokio`
[INFO] [stdout]    --> src/lib.rs:721:14
[INFO] [stdout]     |
[INFO] [stdout] 721 |     #[tokio::test]
[INFO] [stdout]     |              ^^^^ could not find `test` in `tokio`
[INFO] [stdout] 
[INFO] [stdout] 
[INFO] [stdout] error: aborting due to 5 previous errors
[INFO] [stdout] 
[INFO] [stdout] 
[INFO] [stdout] For more information about this error, try `rustc --explain E0433`.
[INFO] [stdout] 
[INFO] [stderr] error: could not compile `tab-pty-process` due to 6 previous errors
[INFO] [stderr] warning: build failed, waiting for other jobs to finish...
[INFO] [stderr] error: build failed
[INFO] running `Command { std: "docker" "inspect" "2044ae26ebd1369fcab4a95fbbe441acd11e5625779fb59daa1223a04e9a6516", kill_on_drop: false }`
[INFO] running `Command { std: "docker" "rm" "-f" "2044ae26ebd1369fcab4a95fbbe441acd11e5625779fb59daa1223a04e9a6516", kill_on_drop: false }`
[INFO] [stdout] 2044ae26ebd1369fcab4a95fbbe441acd11e5625779fb59daa1223a04e9a6516
