[INFO] fetching crate t-rust-less-lib 0.2.1...
[INFO] checking t-rust-less-lib-0.2.1 against 1.55.0 for beta-1.56-3
[INFO] extracting crate t-rust-less-lib 0.2.1 into /workspace/builds/worker-88/source
[INFO] validating manifest of crates.io crate t-rust-less-lib 0.2.1 on toolchain 1.55.0
[INFO] running `Command { std: "/workspace/cargo-home/bin/cargo" "+1.55.0" "metadata" "--manifest-path" "Cargo.toml" "--no-deps", kill_on_drop: false }`
[INFO] started tweaking crates.io crate t-rust-less-lib 0.2.1
[INFO] finished tweaking crates.io crate t-rust-less-lib 0.2.1
[INFO] tweaked toml for crates.io crate t-rust-less-lib 0.2.1 written to /workspace/builds/worker-88/source/Cargo.toml
[INFO] running `Command { std: "/workspace/cargo-home/bin/cargo" "+1.55.0" "generate-lockfile" "--manifest-path" "Cargo.toml" "-Zno-index-update", kill_on_drop: false }`
[INFO] [stderr]     Blocking waiting for file lock on package cache
[INFO] running `Command { std: "/workspace/cargo-home/bin/cargo" "+1.55.0" "fetch" "--manifest-path" "Cargo.toml", kill_on_drop: false }`
[INFO] [stderr]     Blocking waiting for file lock on package cache
[INFO] [stderr]  Downloading crates ...
[INFO] [stderr]   Downloaded simple_asn1 v0.5.4
[INFO] [stderr]   Downloaded rsa v0.4.1
[INFO] [stderr]   Downloaded num-bigint-dig v0.7.0
[INFO] [stderr]   Downloaded sublime_fuzzy v0.7.0
[INFO] [stderr]   Downloaded capnp v0.14.3
[INFO] [stderr]   Downloaded capnpc v0.14.4
[INFO] [stderr]   Downloaded x25519-dalek-ng v1.1.1
[INFO] [stderr]   Downloaded mach_o_sys v0.1.1
[INFO] [stderr]   Downloaded fancy-regex v0.7.1
[INFO] [stderr]   Downloaded zxcvbn v2.1.2
[INFO] running `Command { std: "docker" "create" "-v" "/var/lib/crater-agent-workspace/builds/worker-88/target:/opt/rustwide/target:rw,Z" "-v" "/var/lib/crater-agent-workspace/builds/worker-88/source:/opt/rustwide/workdir:ro,Z" "-v" "/var/lib/crater-agent-workspace/cargo-home:/opt/rustwide/cargo-home:ro,Z" "-v" "/var/lib/crater-agent-workspace/rustup-home:/opt/rustwide/rustup-home:ro,Z" "-e" "SOURCE_DIR=/opt/rustwide/workdir" "-e" "CARGO_TARGET_DIR=/opt/rustwide/target" "-e" "CARGO_HOME=/opt/rustwide/cargo-home" "-e" "RUSTUP_HOME=/opt/rustwide/rustup-home" "-w" "/opt/rustwide/workdir" "-m" "1610612736" "--user" "0:0" "--network" "none" "ghcr.io/rust-lang/crates-build-env/linux@sha256:a89201d6b5b9fd45c15d5952ece0a0129e7e80cb26ec023fd59cf09bc26f1604" "/opt/rustwide/cargo-home/bin/cargo" "+1.55.0" "metadata" "--no-deps" "--format-version=1", kill_on_drop: false }`
[INFO] [stdout] 6fd2e91a511c00b24afe5d4372a0adcb0151091a1572f20a63b59775241c4745
[INFO] running `Command { std: "docker" "start" "-a" "6fd2e91a511c00b24afe5d4372a0adcb0151091a1572f20a63b59775241c4745", kill_on_drop: false }`
[INFO] running `Command { std: "docker" "inspect" "6fd2e91a511c00b24afe5d4372a0adcb0151091a1572f20a63b59775241c4745", kill_on_drop: false }`
[INFO] running `Command { std: "docker" "rm" "-f" "6fd2e91a511c00b24afe5d4372a0adcb0151091a1572f20a63b59775241c4745", kill_on_drop: false }`
[INFO] [stdout] 6fd2e91a511c00b24afe5d4372a0adcb0151091a1572f20a63b59775241c4745
[INFO] running `Command { std: "docker" "create" "-v" "/var/lib/crater-agent-workspace/builds/worker-88/target:/opt/rustwide/target:rw,Z" "-v" "/var/lib/crater-agent-workspace/builds/worker-88/source:/opt/rustwide/workdir:ro,Z" "-v" "/var/lib/crater-agent-workspace/cargo-home:/opt/rustwide/cargo-home:ro,Z" "-v" "/var/lib/crater-agent-workspace/rustup-home:/opt/rustwide/rustup-home:ro,Z" "-e" "SOURCE_DIR=/opt/rustwide/workdir" "-e" "CARGO_TARGET_DIR=/opt/rustwide/target" "-e" "CARGO_INCREMENTAL=0" "-e" "RUST_BACKTRACE=full" "-e" "RUSTFLAGS=--cap-lints=warn" "-e" "CARGO_HOME=/opt/rustwide/cargo-home" "-e" "RUSTUP_HOME=/opt/rustwide/rustup-home" "-w" "/opt/rustwide/workdir" "-m" "1610612736" "--user" "0:0" "--network" "none" "ghcr.io/rust-lang/crates-build-env/linux@sha256:a89201d6b5b9fd45c15d5952ece0a0129e7e80cb26ec023fd59cf09bc26f1604" "/opt/rustwide/cargo-home/bin/cargo" "+1.55.0" "check" "--frozen" "--all" "--all-targets" "--message-format=json", kill_on_drop: false }`
[INFO] [stdout] 6d05023410296155e8512c3148aa1fbaf0432169e460025da202d4727376897d
[INFO] running `Command { std: "docker" "start" "-a" "6d05023410296155e8512c3148aa1fbaf0432169e460025da202d4727376897d", kill_on_drop: false }`
[INFO] [stderr]     Blocking waiting for file lock on package cache
[INFO] [stderr]    Compiling syn v1.0.80
[INFO] [stderr]    Compiling libm v0.2.1
[INFO] [stderr]    Compiling futures-core v0.3.17
[INFO] [stderr]    Compiling ident_case v1.0.1
[INFO] [stderr]    Compiling strsim v0.10.0
[INFO] [stderr]     Checking subtle v2.4.1
[INFO] [stderr]    Compiling proc-macro-hack v0.5.19
[INFO] [stderr]     Checking byteorder v1.4.3
[INFO] [stderr]    Compiling futures-task v0.3.17
[INFO] [stderr]    Compiling futures-channel v0.3.17
[INFO] [stderr]    Compiling proc-macro-nested v0.1.7
[INFO] [stderr]    Compiling unicode-width v0.1.9
[INFO] [stderr]     Checking rustc-serialize v0.3.24
[INFO] [stderr]     Checking futures-io v0.3.17
[INFO] [stderr]    Compiling autocfg v0.1.7
[INFO] [stderr]    Compiling ansi_term v0.11.0
[INFO] [stderr]     Checking base64 v0.13.0
[INFO] [stderr]     Checking slab v0.4.5
[INFO] [stderr]    Compiling capnp v0.14.3
[INFO] [stderr]     Checking bit-vec v0.6.3
[INFO] [stderr]    Compiling strsim v0.8.0
[INFO] [stderr]     Checking subtle-ng v2.5.0
[INFO] [stderr]     Checking arrayvec v0.5.2
[INFO] [stderr]     Checking smallvec v1.7.0
[INFO] [stderr]     Checking bytes v1.1.0
[INFO] [stderr]     Checking itoa v0.4.8
[INFO] [stderr]     Checking quick-error v2.0.1
[INFO] [stderr]     Checking data-encoding v2.3.2
[INFO] [stderr]     Checking sublime_fuzzy v0.7.0
[INFO] [stderr]    Compiling hex-literal v0.3.3
[INFO] [stderr]    Compiling num-traits v0.2.14
[INFO] [stderr]    Compiling num-integer v0.1.44
[INFO] [stderr]    Compiling num-iter v0.1.42
[INFO] [stderr]     Checking lazy_static v1.4.0
[INFO] [stderr]    Compiling futures-macro v0.3.17
[INFO] [stderr]    Compiling num-bigint v0.4.2
[INFO] [stderr]    Compiling libc v0.2.103
[INFO] [stderr]    Compiling futures-util v0.3.17
[INFO] [stderr]    Compiling tokio v1.12.0
[INFO] [stderr]    Compiling x11 v2.19.1
[INFO] [stderr]     Checking chacha20-poly1305-aead v0.1.2
[INFO] [stderr]     Checking time v0.1.43
[INFO] [stderr]     Checking getrandom v0.1.16
[INFO] [stderr]     Checking dirs-sys v0.3.6
[INFO] [stderr]     Checking generic-array v0.14.4
[INFO] [stderr]     Checking mio v0.7.13
[INFO] [stderr]     Checking env_logger v0.7.1
[INFO] [stderr]     Checking tempfile v3.2.0
[INFO] [stderr]     Checking bit-set v0.5.2
[INFO] [stderr]    Compiling textwrap v0.11.0
[INFO] [stderr]     Checking crossbeam-utils v0.8.5
[INFO] [stderr]     Checking rand_core v0.5.1
[INFO] [stderr]    Compiling num-bigint-dig v0.7.0
[INFO] [stderr]     Checking blake2b_simd v0.5.11
[INFO] [stderr]     Checking dirs v2.0.2
[INFO] [stderr]     Checking pem v0.8.3
[INFO] [stderr]     Checking rand_chacha v0.2.2
[INFO] [stderr]     Checking fancy-regex v0.7.1
[INFO] [stderr]     Checking rand v0.7.3
[INFO] [stderr]     Checking digest v0.9.0
[INFO] [stderr]     Checking universal-hash v0.4.1
[INFO] [stderr]     Checking cipher v0.3.0
[INFO] [stderr]     Checking block-buffer v0.9.0
[INFO] [stderr]     Checking crypto-mac v0.11.1
[INFO] [stderr]     Checking aead v0.4.3
[INFO] [stderr]    Compiling atty v0.2.14
[INFO] [stderr]     Checking rust-argon2 v0.8.3
[INFO] [stderr]    Compiling capnpc v0.14.4
[INFO] [stderr]     Checking aes v0.7.5
[INFO] [stderr]     Checking ctr v0.8.0
[INFO] [stderr]     Checking polyval v0.5.3
[INFO] [stderr]    Compiling clap v2.33.3
[INFO] [stderr]     Checking sha2 v0.9.8
[INFO] [stderr]     Checking sha-1 v0.9.8
[INFO] [stderr]     Checking hmac v0.11.0
[INFO] [stderr]     Checking ghash v0.4.4
[INFO] [stderr]     Checking aes-gcm v0.9.4
[INFO] [stderr]     Checking quickcheck v0.9.2
[INFO] [stderr]     Checking rmp v0.8.10
[INFO] [stderr]     Checking num-complex v0.1.43
[INFO] [stderr]     Checking num-bigint v0.1.44
[INFO] [stderr]     Checking tokio-util v0.6.8
[INFO] [stderr]     Checking num-rational v0.1.42
[INFO] [stderr]     Checking num v0.1.42
[INFO] [stderr]     Checking spectral v0.6.0
[INFO] [stderr]    Compiling darling_core v0.12.4
[INFO] [stderr]    Compiling synstructure v0.12.6
[INFO] [stderr]    Compiling t-rust-less-lib v0.2.1 (/opt/rustwide/workdir)
[INFO] [stderr]    Compiling serde_derive v1.0.130
[INFO] [stderr]    Compiling zeroize_derive v1.2.0
[INFO] [stderr]    Compiling thiserror-impl v1.0.30
[INFO] [stderr]    Compiling num-derive v0.3.3
[INFO] [stderr]    Compiling darling_macro v0.12.4
[INFO] [stderr]     Checking zeroize v1.3.0
[INFO] [stderr]     Checking curve25519-dalek-ng v4.1.1
[INFO] [stderr]    Compiling darling v0.12.4
[INFO] [stderr]    Compiling derive_builder_core v0.10.2
[INFO] [stderr]     Checking thiserror v1.0.30
[INFO] [stderr]     Checking x25519-dalek-ng v1.1.1
[INFO] [stderr]    Compiling derive_builder_macro v0.10.2
[INFO] [stderr]     Checking futures-executor v0.3.17
[INFO] [stderr]     Checking derive_builder v0.10.2
[INFO] [stderr]     Checking futures v0.3.17
[INFO] [stderr]     Checking serde v1.0.130
[INFO] [stderr]     Checking chrono v0.4.19
[INFO] [stderr]     Checking serde_json v1.0.68
[INFO] [stderr]     Checking rmp-serde v0.15.5
[INFO] [stderr]     Checking toml v0.5.8
[INFO] [stderr]     Checking simple_asn1 v0.5.4
[INFO] [stderr]     Checking zxcvbn v2.1.2
[INFO] [stderr]     Checking rsa v0.4.1
[INFO] [stdout] error[E0509]: cannot move out of type `command::CommandResult`, which implements the `Drop` trait
[INFO] [stdout]   --> src/api/command.rs:91:11
[INFO] [stdout]    |
[INFO] [stdout] 91 |     match result {
[INFO] [stdout]    |           ^^^^^^ cannot move out of here
[INFO] [stdout] 92 |       CommandResult::Void => Ok(()),
[INFO] [stdout] 93 |       CommandResult::ServiceError(error) => Err(error),
[INFO] [stdout]    |                                   ----- data moved here
[INFO] [stdout] 94 |       CommandResult::SecretStoreError(error) => Err(ServiceError::SecretsStore(error)),
[INFO] [stdout]    |                                       ----- ...and here
[INFO] [stdout]    |
[INFO] [stdout]    = note: move occurs because these variables have types that don't implement the `Copy` trait
[INFO] [stdout] 
[INFO] [stdout] 
[INFO] [stdout] error[E0509]: cannot move out of type `command::CommandResult`, which implements the `Drop` trait
[INFO] [stdout]    --> src/api/command.rs:111:11
[INFO] [stdout]     |
[INFO] [stdout] 111 |     match result {
[INFO] [stdout]     |           ^^^^^^ cannot move out of here
[INFO] [stdout] 112 |       CommandResult::Bool(value) => Ok(value),
[INFO] [stdout] 113 |       CommandResult::ServiceError(error) => Err(error),
[INFO] [stdout]     |                                   ----- data moved here
[INFO] [stdout] 114 |       CommandResult::SecretStoreError(error) => Err(ServiceError::SecretsStore(error)),
[INFO] [stdout]     |                                       ----- ...and here
[INFO] [stdout]     |
[INFO] [stdout]     = note: move occurs because these variables have types that don't implement the `Copy` trait
[INFO] [stdout] 
[INFO] [stdout] 
[INFO] [stdout] error[E0509]: cannot move out of type `command::CommandResult`, which implements the `Drop` trait
[INFO] [stdout]    --> src/api/command.rs:131:11
[INFO] [stdout]     |
[INFO] [stdout] 131 |     match result {
[INFO] [stdout]     |           ^^^^^^ cannot move out of here
[INFO] [stdout] 132 |       CommandResult::String(value) => Ok(value),
[INFO] [stdout]     |                             ----- data moved here
[INFO] [stdout] 133 |       CommandResult::ServiceError(error) => Err(error),
[INFO] [stdout]     |                                   ----- ...and here
[INFO] [stdout] 134 |       CommandResult::SecretStoreError(error) => Err(ServiceError::SecretsStore(error)),
[INFO] [stdout]     |                                       ----- ...and here
[INFO] [stdout]     |
[INFO] [stdout]     = note: move occurs because these variables have types that don't implement the `Copy` trait
[INFO] [stdout] 
[INFO] [stdout] 
[INFO] [stdout] error[E0509]: cannot move out of type `command::CommandResult`, which implements the `Drop` trait
[INFO] [stdout]    --> src/api/command.rs:151:11
[INFO] [stdout]     |
[INFO] [stdout] 151 |     match result {
[INFO] [stdout]     |           ^^^^^^ cannot move out of here
[INFO] [stdout] 152 |       CommandResult::Void => Ok(None),
[INFO] [stdout] 153 |       CommandResult::String(value) => Ok(Some(value)),
[INFO] [stdout]     |                             ----- data moved here
[INFO] [stdout] 154 |       CommandResult::ServiceError(error) => Err(error),
[INFO] [stdout]     |                                   ----- ...and here
[INFO] [stdout] 155 |       CommandResult::SecretStoreError(error) => Err(ServiceError::SecretsStore(error)),
[INFO] [stdout]     |                                       ----- ...and here
[INFO] [stdout]     |
[INFO] [stdout]     = note: move occurs because these variables have types that don't implement the `Copy` trait
[INFO] [stdout] 
[INFO] [stdout] 
[INFO] [stdout] error[E0509]: cannot move out of type `command::CommandResult`, which implements the `Drop` trait
[INFO] [stdout]    --> src/api/command.rs:173:11
[INFO] [stdout]     |
[INFO] [stdout] 173 |     match result {
[INFO] [stdout]     |           ^^^^^^ cannot move out of here
[INFO] [stdout] 174 |       CommandResult::Configs(value) => Ok(value),
[INFO] [stdout]     |                              ----- data moved here
[INFO] [stdout] 175 |       CommandResult::ServiceError(error) => Err(error),
[INFO] [stdout]     |                                   ----- ...and here
[INFO] [stdout] 176 |       CommandResult::SecretStoreError(error) => Err(ServiceError::SecretsStore(error)),
[INFO] [stdout]     |                                       ----- ...and here
[INFO] [stdout]     |
[INFO] [stdout]     = note: move occurs because these variables have types that don't implement the `Copy` trait
[INFO] [stdout] 
[INFO] [stdout] 
[INFO] [stdout] error[E0509]: cannot move out of type `command::CommandResult`, which implements the `Drop` trait
[INFO] [stdout]    --> src/api/command.rs:193:11
[INFO] [stdout]     |
[INFO] [stdout] 193 |     match result {
[INFO] [stdout]     |           ^^^^^^ cannot move out of here
[INFO] [stdout] 194 |       CommandResult::Events(value) => Ok(value),
[INFO] [stdout]     |                             ----- data moved here
[INFO] [stdout] 195 |       CommandResult::ServiceError(error) => Err(error),
[INFO] [stdout]     |                                   ----- ...and here
[INFO] [stdout] 196 |       CommandResult::SecretStoreError(error) => Err(ServiceError::SecretsStore(error)),
[INFO] [stdout]     |                                       ----- ...and here
[INFO] [stdout]     |
[INFO] [stdout]     = note: move occurs because these variables have types that don't implement the `Copy` trait
[INFO] [stdout] 
[INFO] [stdout] 
[INFO] [stdout] error[E0509]: cannot move out of type `command::CommandResult`, which implements the `Drop` trait
[INFO] [stdout]    --> src/api/command.rs:213:11
[INFO] [stdout]     |
[INFO] [stdout] 213 |     match result {
[INFO] [stdout]     |           ^^^^^^ cannot move out of here
[INFO] [stdout] 214 |       CommandResult::Void => Ok(()),
[INFO] [stdout] 215 |       CommandResult::SecretStoreError(error) => Err(error),
[INFO] [stdout]     |                                       -----
[INFO] [stdout]     |                                       |
[INFO] [stdout]     |                                       data moved here
[INFO] [stdout]     |                                       move occurs because `error` has type `SecretStoreError`, which does not implement the `Copy` trait
[INFO] [stdout] 
[INFO] [stdout] 
[INFO] [stdout] error[E0509]: cannot move out of type `command::CommandResult`, which implements the `Drop` trait
[INFO] [stdout]    --> src/api/command.rs:232:11
[INFO] [stdout]     |
[INFO] [stdout] 232 |     match result {
[INFO] [stdout]     |           ^^^^^^ cannot move out of here
[INFO] [stdout] 233 |       CommandResult::String(value) => Ok(value),
[INFO] [stdout]     |                             ----- data moved here
[INFO] [stdout] 234 |       CommandResult::SecretStoreError(error) => Err(error),
[INFO] [stdout]     |                                       ----- ...and here
[INFO] [stdout]     |
[INFO] [stdout]     = note: move occurs because these variables have types that don't implement the `Copy` trait
[INFO] [stdout] 
[INFO] [stdout] 
[INFO] [stdout] error[E0509]: cannot move out of type `command::CommandResult`, which implements the `Drop` trait
[INFO] [stdout]    --> src/api/command.rs:251:11
[INFO] [stdout]     |
[INFO] [stdout] 251 |     match result {
[INFO] [stdout]     |           ^^^^^^ cannot move out of here
[INFO] [stdout] 252 |       CommandResult::Status(value) => Ok(value),
[INFO] [stdout]     |                             ----- data moved here
[INFO] [stdout] 253 |       CommandResult::SecretStoreError(error) => Err(error),
[INFO] [stdout]     |                                       ----- ...and here
[INFO] [stdout]     |
[INFO] [stdout]     = note: move occurs because these variables have types that don't implement the `Copy` trait
[INFO] [stdout] 
[INFO] [stdout] 
[INFO] [stdout] error[E0509]: cannot move out of type `command::CommandResult`, which implements the `Drop` trait
[INFO] [stdout]    --> src/api/command.rs:270:11
[INFO] [stdout]     |
[INFO] [stdout] 270 |     match result {
[INFO] [stdout]     |           ^^^^^^ cannot move out of here
[INFO] [stdout] 271 |       CommandResult::Identities(value) => Ok(value),
[INFO] [stdout]     |                                 ----- data moved here
[INFO] [stdout] 272 |       CommandResult::SecretStoreError(error) => Err(error),
[INFO] [stdout]     |                                       ----- ...and here
[INFO] [stdout]     |
[INFO] [stdout]     = note: move occurs because these variables have types that don't implement the `Copy` trait
[INFO] [stdout] 
[INFO] [stdout] 
[INFO] [stdout] error[E0509]: cannot move out of type `command::CommandResult`, which implements the `Drop` trait
[INFO] [stdout]   --> src/api/command.rs:91:11
[INFO] [stdout]    |
[INFO] [stdout] 91 |     match result {
[INFO] [stdout]    |           ^^^^^^ cannot move out of here
[INFO] [stdout] 92 |       CommandResult::Void => Ok(()),
[INFO] [stdout] 93 |       CommandResult::ServiceError(error) => Err(error),
[INFO] [stdout]    |                                   ----- data moved here
[INFO] [stdout] 94 |       CommandResult::SecretStoreError(error) => Err(ServiceError::SecretsStore(error)),
[INFO] [stdout]    |                                       ----- ...and here
[INFO] [stdout]    |
[INFO] [stdout]    = note: move occurs because these variables have types that don't implement the `Copy` trait
[INFO] [stdout] 
[INFO] [stdout] 
[INFO] [stdout] error[E0509]: cannot move out of type `command::CommandResult`, which implements the `Drop` trait
[INFO] [stdout]    --> src/api/command.rs:111:11
[INFO] [stdout]     |
[INFO] [stdout] 111 |     match result {
[INFO] [stdout]     |           ^^^^^^ cannot move out of here
[INFO] [stdout] 112 |       CommandResult::Bool(value) => Ok(value),
[INFO] [stdout] 113 |       CommandResult::ServiceError(error) => Err(error),
[INFO] [stdout]     |                                   ----- data moved here
[INFO] [stdout] 114 |       CommandResult::SecretStoreError(error) => Err(ServiceError::SecretsStore(error)),
[INFO] [stdout]     |                                       ----- ...and here
[INFO] [stdout]     |
[INFO] [stdout]     = note: move occurs because these variables have types that don't implement the `Copy` trait
[INFO] [stdout] 
[INFO] [stdout] 
[INFO] [stdout] error[E0509]: cannot move out of type `command::CommandResult`, which implements the `Drop` trait
[INFO] [stdout]    --> src/api/command.rs:131:11
[INFO] [stdout]     |
[INFO] [stdout] 131 |     match result {
[INFO] [stdout]     |           ^^^^^^ cannot move out of here
[INFO] [stdout] 132 |       CommandResult::String(value) => Ok(value),
[INFO] [stdout]     |                             ----- data moved here
[INFO] [stdout] 133 |       CommandResult::ServiceError(error) => Err(error),
[INFO] [stdout]     |                                   ----- ...and here
[INFO] [stdout] 134 |       CommandResult::SecretStoreError(error) => Err(ServiceError::SecretsStore(error)),
[INFO] [stdout]     |                                       ----- ...and here
[INFO] [stdout]     |
[INFO] [stdout]     = note: move occurs because these variables have types that don't implement the `Copy` trait
[INFO] [stdout] 
[INFO] [stdout] 
[INFO] [stdout] error[E0509]: cannot move out of type `command::CommandResult`, which implements the `Drop` trait
[INFO] [stdout]    --> src/api/command.rs:151:11
[INFO] [stdout]     |
[INFO] [stdout] 151 |     match result {
[INFO] [stdout]     |           ^^^^^^ cannot move out of here
[INFO] [stdout] 152 |       CommandResult::Void => Ok(None),
[INFO] [stdout] 153 |       CommandResult::String(value) => Ok(Some(value)),
[INFO] [stdout]     |                             ----- data moved here
[INFO] [stdout] 154 |       CommandResult::ServiceError(error) => Err(error),
[INFO] [stdout]     |                                   ----- ...and here
[INFO] [stdout] 155 |       CommandResult::SecretStoreError(error) => Err(ServiceError::SecretsStore(error)),
[INFO] [stdout]     |                                       ----- ...and here
[INFO] [stdout]     |
[INFO] [stdout]     = note: move occurs because these variables have types that don't implement the `Copy` trait
[INFO] [stdout] 
[INFO] [stdout] 
[INFO] [stdout] error[E0509]: cannot move out of type `command::CommandResult`, which implements the `Drop` trait
[INFO] [stdout]    --> src/api/command.rs:289:11
[INFO] [stdout]     |
[INFO] [stdout] 289 |     match result {
[INFO] [stdout]     |           ^^^^^^ cannot move out of here
[INFO] [stdout] 290 |       CommandResult::SecretList(value) => Ok(value),
[INFO] [stdout]     |                                 ----- data moved here
[INFO] [stdout] 291 |       CommandResult::SecretStoreError(error) => Err(error),
[INFO] [stdout]     |                                       ----- ...and here
[INFO] [stdout]     |
[INFO] [stdout]     = note: move occurs because these variables have types that don't implement the `Copy` trait
[INFO] [stdout] 
[INFO] [stdout] 
[INFO] [stdout] error[E0509]: cannot move out of type `command::CommandResult`, which implements the `Drop` trait
[INFO] [stdout]    --> src/api/command.rs:173:11
[INFO] [stdout]     |
[INFO] [stdout] 173 |     match result {
[INFO] [stdout]     |           ^^^^^^ cannot move out of here
[INFO] [stdout] 174 |       CommandResult::Configs(value) => Ok(value),
[INFO] [stdout]     |                              ----- data moved here
[INFO] [stdout] 175 |       CommandResult::ServiceError(error) => Err(error),
[INFO] [stdout]     |                                   ----- ...and here
[INFO] [stdout] 176 |       CommandResult::SecretStoreError(error) => Err(ServiceError::SecretsStore(error)),
[INFO] [stdout]     |                                       ----- ...and here
[INFO] [stdout]     |
[INFO] [stdout]     = note: move occurs because these variables have types that don't implement the `Copy` trait
[INFO] [stdout] 
[INFO] [stdout] 
[INFO] [stdout] error[E0509]: cannot move out of type `command::CommandResult`, which implements the `Drop` trait
[INFO] [stdout]    --> src/api/command.rs:193:11
[INFO] [stdout]     |
[INFO] [stdout] 193 |     match result {
[INFO] [stdout]     |           ^^^^^^ cannot move out of here
[INFO] [stdout] 194 |       CommandResult::Events(value) => Ok(value),
[INFO] [stdout]     |                             ----- data moved here
[INFO] [stdout] 195 |       CommandResult::ServiceError(error) => Err(error),
[INFO] [stdout]     |                                   ----- ...and here
[INFO] [stdout] 196 |       CommandResult::SecretStoreError(error) => Err(ServiceError::SecretsStore(error)),
[INFO] [stdout]     |                                       ----- ...and here
[INFO] [stdout]     |
[INFO] [stdout]     = note: move occurs because these variables have types that don't implement the `Copy` trait
[INFO] [stdout] 
[INFO] [stdout] 
[INFO] [stdout] error[E0509]: cannot move out of type `command::CommandResult`, which implements the `Drop` trait
[INFO] [stdout]    --> src/api/command.rs:213:11
[INFO] [stdout]     |
[INFO] [stdout] 213 |     match result {
[INFO] [stdout]     |           ^^^^^^ cannot move out of here
[INFO] [stdout] 214 |       CommandResult::Void => Ok(()),
[INFO] [stdout] 215 |       CommandResult::SecretStoreError(error) => Err(error),
[INFO] [stdout]     |                                       -----
[INFO] [stdout]     |                                       |
[INFO] [stdout]     |                                       data moved here
[INFO] [stdout]     |                                       move occurs because `error` has type `SecretStoreError`, which does not implement the `Copy` trait
[INFO] [stdout] 
[INFO] [stdout] 
[INFO] [stdout] error[E0509]: cannot move out of type `command::CommandResult`, which implements the `Drop` trait
[INFO] [stdout]    --> src/api/command.rs:232:11
[INFO] [stdout]     |
[INFO] [stdout] 232 |     match result {
[INFO] [stdout]     |           ^^^^^^ cannot move out of here
[INFO] [stdout] 233 |       CommandResult::String(value) => Ok(value),
[INFO] [stdout]     |                             ----- data moved here
[INFO] [stdout] 234 |       CommandResult::SecretStoreError(error) => Err(error),
[INFO] [stdout]     |                                       ----- ...and here
[INFO] [stdout]     |
[INFO] [stdout]     = note: move occurs because these variables have types that don't implement the `Copy` trait
[INFO] [stdout] 
[INFO] [stdout] 
[INFO] [stdout] error[E0509]: cannot move out of type `command::CommandResult`, which implements the `Drop` trait
[INFO] [stdout]    --> src/api/command.rs:251:11
[INFO] [stdout]     |
[INFO] [stdout] 251 |     match result {
[INFO] [stdout]     |           ^^^^^^ cannot move out of here
[INFO] [stdout] 252 |       CommandResult::Status(value) => Ok(value),
[INFO] [stdout]     |                             ----- data moved here
[INFO] [stdout] 253 |       CommandResult::SecretStoreError(error) => Err(error),
[INFO] [stdout]     |                                       ----- ...and here
[INFO] [stdout]     |
[INFO] [stdout]     = note: move occurs because these variables have types that don't implement the `Copy` trait
[INFO] [stdout] 
[INFO] [stdout] 
[INFO] [stdout] error[E0509]: cannot move out of type `command::CommandResult`, which implements the `Drop` trait
[INFO] [stdout]    --> src/api/command.rs:270:11
[INFO] [stdout]     |
[INFO] [stdout] 270 |     match result {
[INFO] [stdout]     |           ^^^^^^ cannot move out of here
[INFO] [stdout] 271 |       CommandResult::Identities(value) => Ok(value),
[INFO] [stdout]     |                                 ----- data moved here
[INFO] [stdout] 272 |       CommandResult::SecretStoreError(error) => Err(error),
[INFO] [stdout]     |                                       ----- ...and here
[INFO] [stdout]     |
[INFO] [stdout]     = note: move occurs because these variables have types that don't implement the `Copy` trait
[INFO] [stdout] 
[INFO] [stdout] 
[INFO] [stdout] error[E0509]: cannot move out of type `command::CommandResult`, which implements the `Drop` trait
[INFO] [stdout]    --> src/api/command.rs:289:11
[INFO] [stdout]     |
[INFO] [stdout] 289 |     match result {
[INFO] [stdout]     |           ^^^^^^ cannot move out of here
[INFO] [stdout] 290 |       CommandResult::SecretList(value) => Ok(value),
[INFO] [stdout]     |                                 ----- data moved here
[INFO] [stdout] 291 |       CommandResult::SecretStoreError(error) => Err(error),
[INFO] [stdout]     |                                       ----- ...and here
[INFO] [stdout]     |
[INFO] [stdout]     = note: move occurs because these variables have types that don't implement the `Copy` trait
[INFO] [stdout] 
[INFO] [stdout] 
[INFO] [stdout] error[E0509]: cannot move out of type `command::CommandResult`, which implements the `Drop` trait
[INFO] [stdout]    --> src/api/command.rs:308:11
[INFO] [stdout]     |
[INFO] [stdout] 308 |     match result {
[INFO] [stdout]     |           ^^^^^^ cannot move out of here
[INFO] [stdout] 309 |       CommandResult::Secret(value) => Ok(value),
[INFO] [stdout]     |                             ----- data moved here
[INFO] [stdout] 310 |       CommandResult::SecretStoreError(error) => Err(error),
[INFO] [stdout]     |                                       ----- ...and here
[INFO] [stdout]     |
[INFO] [stdout]     = note: move occurs because these variables have types that don't implement the `Copy` trait
[INFO] [stdout] 
[INFO] [stdout] 
[INFO] [stdout] error[E0509]: cannot move out of type `command::CommandResult`, which implements the `Drop` trait
[INFO] [stdout]    --> src/api/command.rs:327:11
[INFO] [stdout]     |
[INFO] [stdout] 327 |     match result {
[INFO] [stdout]     |           ^^^^^^ cannot move out of here
[INFO] [stdout] 328 |       CommandResult::SecretVersion(value) => Ok(value),
[INFO] [stdout]     |                                    ----- data moved here
[INFO] [stdout] 329 |       CommandResult::SecretStoreError(error) => Err(error),
[INFO] [stdout]     |                                       ----- ...and here
[INFO] [stdout]     |
[INFO] [stdout]     = note: move occurs because these variables have types that don't implement the `Copy` trait
[INFO] [stdout] 
[INFO] [stdout] 
[INFO] [stdout] error[E0509]: cannot move out of type `command::CommandResult`, which implements the `Drop` trait
[INFO] [stdout]    --> src/api/command.rs:308:11
[INFO] [stdout]     |
[INFO] [stdout] 308 |     match result {
[INFO] [stdout]     |           ^^^^^^ cannot move out of here
[INFO] [stdout] 309 |       CommandResult::Secret(value) => Ok(value),
[INFO] [stdout]     |                             ----- data moved here
[INFO] [stdout] 310 |       CommandResult::SecretStoreError(error) => Err(error),
[INFO] [stdout]     |                                       ----- ...and here
[INFO] [stdout]     |
[INFO] [stdout]     = note: move occurs because these variables have types that don't implement the `Copy` trait
[INFO] [stdout] 
[INFO] [stdout] 
[INFO] [stdout] error[E0509]: cannot move out of type `command::CommandResult`, which implements the `Drop` trait
[INFO] [stdout]    --> src/api/command.rs:327:11
[INFO] [stdout]     |
[INFO] [stdout] 327 |     match result {
[INFO] [stdout]     |           ^^^^^^ cannot move out of here
[INFO] [stdout] 328 |       CommandResult::SecretVersion(value) => Ok(value),
[INFO] [stdout]     |                                    ----- data moved here
[INFO] [stdout] 329 |       CommandResult::SecretStoreError(error) => Err(error),
[INFO] [stdout]     |                                       ----- ...and here
[INFO] [stdout]     |
[INFO] [stdout]     = note: move occurs because these variables have types that don't implement the `Copy` trait
[INFO] [stdout] 
[INFO] [stdout] 
[INFO] [stdout] error[E0509]: cannot move out of type `PasswordGeneratorParam`, which implements the `Drop` trait
[INFO] [stdout]    --> src/service/local.rs:258:11
[INFO] [stdout]     |
[INFO] [stdout] 258 |     match param {
[INFO] [stdout]     |           ^^^^^ cannot move out of here
[INFO] [stdout] 259 |       PasswordGeneratorParam::Chars(params) => Ok(generate_chars(params)),
[INFO] [stdout]     |                                     ------ data moved here
[INFO] [stdout] 260 |       PasswordGeneratorParam::Words(params) => Ok(generate_words(params)),
[INFO] [stdout]     |                                     ------ ...and here
[INFO] [stdout]     |
[INFO] [stdout]     = note: move occurs because these variables have types that don't implement the `Copy` trait
[INFO] [stdout] 
[INFO] [stdout] 
[INFO] [stdout] error: aborting due to 14 previous errors
[INFO] [stdout] 
[INFO] [stdout] 
[INFO] [stdout] For more information about this error, try `rustc --explain E0509`.
[INFO] [stdout] 
[INFO] [stdout] error[E0509]: cannot move out of type `PasswordGeneratorParam`, which implements the `Drop` trait
[INFO] [stdout]    --> src/service/local.rs:258:11
[INFO] [stdout]     |
[INFO] [stdout] 258 |     match param {
[INFO] [stdout]     |           ^^^^^ cannot move out of here
[INFO] [stdout] 259 |       PasswordGeneratorParam::Chars(params) => Ok(generate_chars(params)),
[INFO] [stdout]     |                                     ------ data moved here
[INFO] [stdout] 260 |       PasswordGeneratorParam::Words(params) => Ok(generate_words(params)),
[INFO] [stdout]     |                                     ------ ...and here
[INFO] [stdout]     |
[INFO] [stdout]     = note: move occurs because these variables have types that don't implement the `Copy` trait
[INFO] [stdout] 
[INFO] [stdout] 
[INFO] [stderr] error: could not compile `t-rust-less-lib` due to 15 previous errors
[INFO] [stderr] warning: build failed, waiting for other jobs to finish...
[INFO] [stdout] error: aborting due to 14 previous errors
[INFO] [stdout] 
[INFO] [stdout] 
[INFO] [stdout] For more information about this error, try `rustc --explain E0509`.
[INFO] [stdout] 
[INFO] [stderr] error: build failed
[INFO] running `Command { std: "docker" "inspect" "6d05023410296155e8512c3148aa1fbaf0432169e460025da202d4727376897d", kill_on_drop: false }`
[INFO] running `Command { std: "docker" "rm" "-f" "6d05023410296155e8512c3148aa1fbaf0432169e460025da202d4727376897d", kill_on_drop: false }`
[INFO] [stdout] 6d05023410296155e8512c3148aa1fbaf0432169e460025da202d4727376897d
