[INFO] fetching crate system76_ecflash 0.1.2...
[INFO] checking system76_ecflash-0.1.2 against 1.55.0 for beta-1.56-3
[INFO] extracting crate system76_ecflash 0.1.2 into /workspace/builds/worker-113/source
[INFO] validating manifest of crates.io crate system76_ecflash 0.1.2 on toolchain 1.55.0
[INFO] running `Command { std: "/workspace/cargo-home/bin/cargo" "+1.55.0" "metadata" "--manifest-path" "Cargo.toml" "--no-deps", kill_on_drop: false }`
[INFO] started tweaking crates.io crate system76_ecflash 0.1.2
[INFO] finished tweaking crates.io crate system76_ecflash 0.1.2
[INFO] tweaked toml for crates.io crate system76_ecflash 0.1.2 written to /workspace/builds/worker-113/source/Cargo.toml
[INFO] crate crates.io crate system76_ecflash 0.1.2 already has a lockfile, it will not be regenerated
[INFO] running `Command { std: "/workspace/cargo-home/bin/cargo" "+1.55.0" "fetch" "--manifest-path" "Cargo.toml", kill_on_drop: false }`
[INFO] [stderr]     Blocking waiting for file lock on package cache
[INFO] [stderr]     Blocking waiting for file lock on package cache
[INFO] [stderr]  Downloading crates ...
[INFO] [stderr]   Downloaded serialport v3.3.0
[INFO] [stderr]   Downloaded redox_hwio v0.1.3
[INFO] running `Command { std: "docker" "create" "-v" "/var/lib/crater-agent-workspace/builds/worker-113/target:/opt/rustwide/target:rw,Z" "-v" "/var/lib/crater-agent-workspace/builds/worker-113/source:/opt/rustwide/workdir:ro,Z" "-v" "/var/lib/crater-agent-workspace/cargo-home:/opt/rustwide/cargo-home:ro,Z" "-v" "/var/lib/crater-agent-workspace/rustup-home:/opt/rustwide/rustup-home:ro,Z" "-e" "SOURCE_DIR=/opt/rustwide/workdir" "-e" "CARGO_TARGET_DIR=/opt/rustwide/target" "-e" "CARGO_HOME=/opt/rustwide/cargo-home" "-e" "RUSTUP_HOME=/opt/rustwide/rustup-home" "-w" "/opt/rustwide/workdir" "-m" "1610612736" "--user" "0:0" "--network" "none" "ghcr.io/rust-lang/crates-build-env/linux@sha256:a89201d6b5b9fd45c15d5952ece0a0129e7e80cb26ec023fd59cf09bc26f1604" "/opt/rustwide/cargo-home/bin/cargo" "+1.55.0" "metadata" "--no-deps" "--format-version=1", kill_on_drop: false }`
[INFO] [stdout] 8d121e02114aee5647cc01f5eaa5c0956fa1288e71837cc85028b91484a8e5f9
[INFO] running `Command { std: "docker" "start" "-a" "8d121e02114aee5647cc01f5eaa5c0956fa1288e71837cc85028b91484a8e5f9", kill_on_drop: false }`
[INFO] running `Command { std: "docker" "inspect" "8d121e02114aee5647cc01f5eaa5c0956fa1288e71837cc85028b91484a8e5f9", kill_on_drop: false }`
[INFO] running `Command { std: "docker" "rm" "-f" "8d121e02114aee5647cc01f5eaa5c0956fa1288e71837cc85028b91484a8e5f9", kill_on_drop: false }`
[INFO] [stdout] 8d121e02114aee5647cc01f5eaa5c0956fa1288e71837cc85028b91484a8e5f9
[INFO] running `Command { std: "docker" "create" "-v" "/var/lib/crater-agent-workspace/builds/worker-113/target:/opt/rustwide/target:rw,Z" "-v" "/var/lib/crater-agent-workspace/builds/worker-113/source:/opt/rustwide/workdir:ro,Z" "-v" "/var/lib/crater-agent-workspace/cargo-home:/opt/rustwide/cargo-home:ro,Z" "-v" "/var/lib/crater-agent-workspace/rustup-home:/opt/rustwide/rustup-home:ro,Z" "-e" "SOURCE_DIR=/opt/rustwide/workdir" "-e" "CARGO_TARGET_DIR=/opt/rustwide/target" "-e" "CARGO_INCREMENTAL=0" "-e" "RUST_BACKTRACE=full" "-e" "RUSTFLAGS=--cap-lints=warn" "-e" "CARGO_HOME=/opt/rustwide/cargo-home" "-e" "RUSTUP_HOME=/opt/rustwide/rustup-home" "-w" "/opt/rustwide/workdir" "-m" "1610612736" "--user" "0:0" "--network" "none" "ghcr.io/rust-lang/crates-build-env/linux@sha256:a89201d6b5b9fd45c15d5952ece0a0129e7e80cb26ec023fd59cf09bc26f1604" "/opt/rustwide/cargo-home/bin/cargo" "+1.55.0" "check" "--frozen" "--all" "--all-targets" "--message-format=json", kill_on_drop: false }`
[INFO] [stdout] e7d9d734d74f56e7651d177a929bb3e18900713455b5697a2ec82332b40c9ad8
[INFO] running `Command { std: "docker" "start" "-a" "e7d9d734d74f56e7651d177a929bb3e18900713455b5697a2ec82332b40c9ad8", kill_on_drop: false }`
[INFO] [stderr]    Compiling libc v0.2.79
[INFO] [stderr]    Compiling pkg-config v0.3.18
[INFO] [stderr]    Compiling nix v0.14.1
[INFO] [stderr]     Checking redox_hwio v0.1.3
[INFO] [stderr]     Checking system76_ecflash v0.1.2 (/opt/rustwide/workdir)
[INFO] [stdout] error[E0554]: `#![feature]` may not be used on the stable release channel
[INFO] [stdout]  --> src/lib.rs:2:1
[INFO] [stdout]   |
[INFO] [stdout] 2 | #![feature(llvm_asm)]
[INFO] [stdout]   | ^^^^^^^^^^^^^^^^^^^^^
[INFO] [stdout] 
[INFO] [stdout] 
[INFO] [stdout] error: aborting due to previous error
[INFO] [stdout] 
[INFO] [stdout] 
[INFO] [stdout] For more information about this error, try `rustc --explain E0554`.
[INFO] [stdout] 
[INFO] [stderr] error: could not compile `system76_ecflash` due to 2 previous errors
[INFO] [stderr] warning: build failed, waiting for other jobs to finish...
[INFO] [stdout] error[E0557]: feature has been removed
[INFO] [stdout]  --> /opt/rustwide/cargo-home/registry/src/github.com-1ecc6299db9ec823/redox_hwio-0.1.3/src/lib.rs:3:46
[INFO] [stdout]   |
[INFO] [stdout] 3 | #![cfg_attr(not(feature = "stable"), feature(const_fn))]
[INFO] [stdout]   |                                              ^^^^^^^^ feature has been removed
[INFO] [stdout]   |
[INFO] [stdout]   = note: split into finer-grained feature gates
[INFO] [stdout] 
[INFO] [stdout] 
[INFO] [stdout] error[E0554]: `#![feature]` may not be used on the stable release channel
[INFO] [stdout]  --> /opt/rustwide/cargo-home/registry/src/github.com-1ecc6299db9ec823/redox_hwio-0.1.3/src/lib.rs:2:93
[INFO] [stdout]   |
[INFO] [stdout] 2 | #![cfg_attr(all(not(feature = "stable"), any(target_arch = "x86", target_arch = "x86_64")), feature(llvm_asm))]
[INFO] [stdout]   |                                                                                             ^^^^^^^^^^^^^^^^^
[INFO] [stdout] 
[INFO] [stdout] 
[INFO] [stdout] error[E0554]: `#![feature]` may not be used on the stable release channel
[INFO] [stdout]  --> /opt/rustwide/cargo-home/registry/src/github.com-1ecc6299db9ec823/redox_hwio-0.1.3/src/lib.rs:3:38
[INFO] [stdout]   |
[INFO] [stdout] 3 | #![cfg_attr(not(feature = "stable"), feature(const_fn))]
[INFO] [stdout]   |                                      ^^^^^^^^^^^^^^^^^
[INFO] [stdout] 
[INFO] [stdout] 
[INFO] [stdout] error: aborting due to 3 previous errors
[INFO] [stdout] 
[INFO] [stdout] 
[INFO] [stdout] Some errors have detailed explanations: E0554, E0557.
[INFO] [stdout] 
[INFO] [stdout] For more information about an error, try `rustc --explain E0554`.
[INFO] [stdout] 
[INFO] [stderr] error: build failed
[INFO] running `Command { std: "docker" "inspect" "e7d9d734d74f56e7651d177a929bb3e18900713455b5697a2ec82332b40c9ad8", kill_on_drop: false }`
[INFO] running `Command { std: "docker" "rm" "-f" "e7d9d734d74f56e7651d177a929bb3e18900713455b5697a2ec82332b40c9ad8", kill_on_drop: false }`
[INFO] [stdout] e7d9d734d74f56e7651d177a929bb3e18900713455b5697a2ec82332b40c9ad8
