[INFO] fetching crate sync 0.1.0...
[INFO] checking sync-0.1.0 against beta-2021-10-15 for beta-1.56-3
[INFO] extracting crate sync 0.1.0 into /workspace/builds/worker-59/source
[INFO] validating manifest of crates.io crate sync 0.1.0 on toolchain beta-2021-10-15
[INFO] running `Command { std: "/workspace/cargo-home/bin/cargo" "+beta-2021-10-15" "metadata" "--manifest-path" "Cargo.toml" "--no-deps", kill_on_drop: false }`
[INFO] started tweaking crates.io crate sync 0.1.0
[INFO] finished tweaking crates.io crate sync 0.1.0
[INFO] tweaked toml for crates.io crate sync 0.1.0 written to /workspace/builds/worker-59/source/Cargo.toml
[INFO] running `Command { std: "/workspace/cargo-home/bin/cargo" "+beta-2021-10-15" "generate-lockfile" "--manifest-path" "Cargo.toml" "-Zno-index-update", kill_on_drop: false }`
[INFO] running `Command { std: "/workspace/cargo-home/bin/cargo" "+beta-2021-10-15" "fetch" "--manifest-path" "Cargo.toml", kill_on_drop: false }`
[INFO] [stderr]     Blocking waiting for file lock on package cache
[INFO] running `Command { std: "docker" "create" "-v" "/var/lib/crater-agent-workspace/builds/worker-59/target:/opt/rustwide/target:rw,Z" "-v" "/var/lib/crater-agent-workspace/builds/worker-59/source:/opt/rustwide/workdir:ro,Z" "-v" "/var/lib/crater-agent-workspace/cargo-home:/opt/rustwide/cargo-home:ro,Z" "-v" "/var/lib/crater-agent-workspace/rustup-home:/opt/rustwide/rustup-home:ro,Z" "-e" "SOURCE_DIR=/opt/rustwide/workdir" "-e" "CARGO_TARGET_DIR=/opt/rustwide/target" "-e" "CARGO_HOME=/opt/rustwide/cargo-home" "-e" "RUSTUP_HOME=/opt/rustwide/rustup-home" "-w" "/opt/rustwide/workdir" "-m" "1610612736" "--user" "0:0" "--network" "none" "ghcr.io/rust-lang/crates-build-env/linux@sha256:a89201d6b5b9fd45c15d5952ece0a0129e7e80cb26ec023fd59cf09bc26f1604" "/opt/rustwide/cargo-home/bin/cargo" "+beta-2021-10-15" "metadata" "--no-deps" "--format-version=1", kill_on_drop: false }`
[INFO] [stdout] f9956e7c8008c65deb53831de10dc2277e0a10e049597b7a277bbe0738946722
[INFO] running `Command { std: "docker" "start" "-a" "f9956e7c8008c65deb53831de10dc2277e0a10e049597b7a277bbe0738946722", kill_on_drop: false }`
[INFO] running `Command { std: "docker" "inspect" "f9956e7c8008c65deb53831de10dc2277e0a10e049597b7a277bbe0738946722", kill_on_drop: false }`
[INFO] running `Command { std: "docker" "rm" "-f" "f9956e7c8008c65deb53831de10dc2277e0a10e049597b7a277bbe0738946722", kill_on_drop: false }`
[INFO] [stdout] f9956e7c8008c65deb53831de10dc2277e0a10e049597b7a277bbe0738946722
[INFO] running `Command { std: "docker" "create" "-v" "/var/lib/crater-agent-workspace/builds/worker-59/target:/opt/rustwide/target:rw,Z" "-v" "/var/lib/crater-agent-workspace/builds/worker-59/source:/opt/rustwide/workdir:ro,Z" "-v" "/var/lib/crater-agent-workspace/cargo-home:/opt/rustwide/cargo-home:ro,Z" "-v" "/var/lib/crater-agent-workspace/rustup-home:/opt/rustwide/rustup-home:ro,Z" "-e" "SOURCE_DIR=/opt/rustwide/workdir" "-e" "CARGO_TARGET_DIR=/opt/rustwide/target" "-e" "CARGO_INCREMENTAL=0" "-e" "RUST_BACKTRACE=full" "-e" "RUSTFLAGS=--cap-lints=warn" "-e" "CARGO_HOME=/opt/rustwide/cargo-home" "-e" "RUSTUP_HOME=/opt/rustwide/rustup-home" "-w" "/opt/rustwide/workdir" "-m" "1610612736" "--user" "0:0" "--network" "none" "ghcr.io/rust-lang/crates-build-env/linux@sha256:a89201d6b5b9fd45c15d5952ece0a0129e7e80cb26ec023fd59cf09bc26f1604" "/opt/rustwide/cargo-home/bin/cargo" "+beta-2021-10-15" "check" "--frozen" "--all" "--all-targets" "--message-format=json", kill_on_drop: false }`
[INFO] [stdout] 20e1f66b20f41c573d0a31deee1eb6c93e5ba735fedfe5a9f6a8bbd7626885b4
[INFO] running `Command { std: "docker" "start" "-a" "20e1f66b20f41c573d0a31deee1eb6c93e5ba735fedfe5a9f6a8bbd7626885b4", kill_on_drop: false }`
[INFO] [stderr]     Checking sync v0.1.0 (/opt/rustwide/workdir)
[INFO] [stdout] error[E0557]: feature has been removed
[INFO] [stdout]  --> src/lib.rs:3:12
[INFO] [stdout]   |
[INFO] [stdout] 3 | #![feature(const_fn)]
[INFO] [stdout]   |            ^^^^^^^^ feature has been removed
[INFO] [stdout]   |
[INFO] [stdout]   = note: split into finer-grained feature gates
[INFO] [stdout] 
[INFO] [stdout] 
[INFO] [stdout] error[E0554]: `#![feature]` may not be used on the beta release channel
[INFO] [stdout]  --> src/lib.rs:3:1
[INFO] [stdout]   |
[INFO] [stdout] 3 | #![feature(const_fn)]
[INFO] [stdout]   | ^^^^^^^^^^^^^^^^^^^^^
[INFO] [stdout] 
[INFO] [stdout] 
[INFO] [stdout] error[E0557]: feature has been removed
[INFO] [stdout]  --> src/lib.rs:3:12
[INFO] [stdout]   |
[INFO] [stdout] 3 | #![feature(const_fn)]
[INFO] [stdout]   |            ^^^^^^^^ feature has been removed
[INFO] [stdout]   |
[INFO] [stdout]   = note: split into finer-grained feature gates
[INFO] [stdout] 
[INFO] [stdout] 
[INFO] [stdout] warning: use of deprecated function `core::sync::atomic::spin_loop_hint`: use hint::spin_loop instead
[INFO] [stdout]  --> src/raw/spin.rs:1:71
[INFO] [stdout]   |
[INFO] [stdout] 1 | use core::sync::atomic::{AtomicBool, AtomicUsize, Ordering as Memord, spin_loop_hint as cpu_relax};
[INFO] [stdout]   |                                                                       ^^^^^^^^^^^^^^
[INFO] [stdout]   |
[INFO] [stdout]   = note: `#[warn(deprecated)]` on by default
[INFO] [stdout] 
[INFO] [stdout] 
[INFO] [stdout] warning: use of deprecated function `core::sync::atomic::spin_loop_hint`: use hint::spin_loop instead
[INFO] [stdout]   --> src/raw/spin.rs:15:67
[INFO] [stdout]    |
[INFO] [stdout] 15 |         while !self.try_lock(mut_) { while self.0.load(Relaxed) { cpu_relax() } }
[INFO] [stdout]    |                                                                   ^^^^^^^^^
[INFO] [stdout] 
[INFO] [stdout] 
[INFO] [stdout] warning: use of deprecated function `core::sync::atomic::spin_loop_hint`: use hint::spin_loop instead
[INFO] [stdout]   --> src/raw/spin.rs:36:17
[INFO] [stdout]    |
[INFO] [stdout] 36 |             } { cpu_relax() }
[INFO] [stdout]    |                 ^^^^^^^^^
[INFO] [stdout] 
[INFO] [stdout] 
[INFO] [stdout] warning: use of deprecated function `core::sync::atomic::spin_loop_hint`: use hint::spin_loop instead
[INFO] [stdout]   --> src/raw/spin.rs:40:13
[INFO] [stdout]    |
[INFO] [stdout] 40 |         } { cpu_relax() }
[INFO] [stdout]    |             ^^^^^^^^^
[INFO] [stdout] 
[INFO] [stdout] 
[INFO] [stdout] warning: use of deprecated function `core::sync::atomic::spin_loop_hint`: use hint::spin_loop instead
[INFO] [stdout]   --> src/raw/spin.rs:49:13
[INFO] [stdout]    |
[INFO] [stdout] 49 |         } { cpu_relax() }
[INFO] [stdout]    |             ^^^^^^^^^
[INFO] [stdout] 
[INFO] [stdout] 
[INFO] [stdout] warning: use of deprecated function `core::sync::atomic::spin_loop_hint`: use hint::spin_loop instead
[INFO] [stdout]   --> src/raw/spin.rs:50:51
[INFO] [stdout]    |
[INFO] [stdout] 50 |         while USIZE_MSB != self.0.load(Relaxed) { cpu_relax() }
[INFO] [stdout]    |                                                   ^^^^^^^^^
[INFO] [stdout] 
[INFO] [stdout] 
[INFO] [stdout] error[E0554]: `#![feature]` may not be used on the beta release channel
[INFO] [stdout]  --> src/lib.rs:3:1
[INFO] [stdout]   |
[INFO] [stdout] 3 | #![feature(const_fn)]
[INFO] [stdout]   | ^^^^^^^^^^^^^^^^^^^^^
[INFO] [stdout] 
[INFO] [stdout] 
[INFO] [stdout] warning: use of deprecated function `core::sync::atomic::spin_loop_hint`: use hint::spin_loop instead
[INFO] [stdout]  --> src/raw/spin.rs:1:71
[INFO] [stdout]   |
[INFO] [stdout] 1 | use core::sync::atomic::{AtomicBool, AtomicUsize, Ordering as Memord, spin_loop_hint as cpu_relax};
[INFO] [stdout]   |                                                                       ^^^^^^^^^^^^^^
[INFO] [stdout]   |
[INFO] [stdout]   = note: `#[warn(deprecated)]` on by default
[INFO] [stdout] 
[INFO] [stdout] 
[INFO] [stdout] warning: use of deprecated function `core::sync::atomic::spin_loop_hint`: use hint::spin_loop instead
[INFO] [stdout]   --> src/raw/spin.rs:15:67
[INFO] [stdout]    |
[INFO] [stdout] 15 |         while !self.try_lock(mut_) { while self.0.load(Relaxed) { cpu_relax() } }
[INFO] [stdout]    |                                                                   ^^^^^^^^^
[INFO] [stdout] 
[INFO] [stdout] 
[INFO] [stdout] warning: use of deprecated function `core::sync::atomic::spin_loop_hint`: use hint::spin_loop instead
[INFO] [stdout]   --> src/raw/spin.rs:36:17
[INFO] [stdout]    |
[INFO] [stdout] 36 |             } { cpu_relax() }
[INFO] [stdout]    |                 ^^^^^^^^^
[INFO] [stdout] 
[INFO] [stdout] 
[INFO] [stdout] warning: use of deprecated function `core::sync::atomic::spin_loop_hint`: use hint::spin_loop instead
[INFO] [stdout]   --> src/raw/spin.rs:40:13
[INFO] [stdout]    |
[INFO] [stdout] 40 |         } { cpu_relax() }
[INFO] [stdout]    |             ^^^^^^^^^
[INFO] [stdout] 
[INFO] [stdout] 
[INFO] [stdout] warning: use of deprecated function `core::sync::atomic::spin_loop_hint`: use hint::spin_loop instead
[INFO] [stdout]   --> src/raw/spin.rs:49:13
[INFO] [stdout]    |
[INFO] [stdout] 49 |         } { cpu_relax() }
[INFO] [stdout]    |             ^^^^^^^^^
[INFO] [stdout] 
[INFO] [stdout] 
[INFO] [stdout] warning: use of deprecated function `core::sync::atomic::spin_loop_hint`: use hint::spin_loop instead
[INFO] [stdout]   --> src/raw/spin.rs:50:51
[INFO] [stdout]    |
[INFO] [stdout] 50 |         while USIZE_MSB != self.0.load(Relaxed) { cpu_relax() }
[INFO] [stdout]    |                                                   ^^^^^^^^^
[INFO] [stdout] 
[INFO] [stdout] 
[INFO] [stdout] error: aborting due to 2 previous errors; 6 warnings emitted
[INFO] [stdout] 
[INFO] [stdout] 
[INFO] [stdout] Some errors have detailed explanations: E0554, E0557.
[INFO] [stdout] 
[INFO] [stdout] For more information about an error, try `rustc --explain E0554`.
[INFO] [stdout] 
[INFO] [stderr] error: could not compile `sync` due to 3 previous errors; 6 warnings emitted
[INFO] [stdout] error: aborting due to 2 previous errors; 6 warnings emitted
[INFO] [stdout] 
[INFO] [stdout] 
[INFO] [stderr] warning: build failed, waiting for other jobs to finish...
[INFO] [stdout] Some errors have detailed explanations: E0554, E0557.
[INFO] [stdout] 
[INFO] [stdout] For more information about an error, try `rustc --explain E0554`.
[INFO] [stdout] 
[INFO] [stderr] error: build failed
[INFO] running `Command { std: "docker" "inspect" "20e1f66b20f41c573d0a31deee1eb6c93e5ba735fedfe5a9f6a8bbd7626885b4", kill_on_drop: false }`
[INFO] running `Command { std: "docker" "rm" "-f" "20e1f66b20f41c573d0a31deee1eb6c93e5ba735fedfe5a9f6a8bbd7626885b4", kill_on_drop: false }`
[INFO] [stdout] 20e1f66b20f41c573d0a31deee1eb6c93e5ba735fedfe5a9f6a8bbd7626885b4
