[INFO] fetching crate swiftnav 0.7.0...
[INFO] checking swiftnav-0.7.0 against beta-2021-10-15 for beta-1.56-3
[INFO] extracting crate swiftnav 0.7.0 into /workspace/builds/worker-57/source
[INFO] validating manifest of crates.io crate swiftnav 0.7.0 on toolchain beta-2021-10-15
[INFO] running `Command { std: "/workspace/cargo-home/bin/cargo" "+beta-2021-10-15" "metadata" "--manifest-path" "Cargo.toml" "--no-deps", kill_on_drop: false }`
[INFO] started tweaking crates.io crate swiftnav 0.7.0
[INFO] finished tweaking crates.io crate swiftnav 0.7.0
[INFO] tweaked toml for crates.io crate swiftnav 0.7.0 written to /workspace/builds/worker-57/source/Cargo.toml
[INFO] running `Command { std: "/workspace/cargo-home/bin/cargo" "+beta-2021-10-15" "generate-lockfile" "--manifest-path" "Cargo.toml" "-Zno-index-update", kill_on_drop: false }`
[INFO] [stderr]     Blocking waiting for file lock on package cache
[INFO] running `Command { std: "/workspace/cargo-home/bin/cargo" "+beta-2021-10-15" "fetch" "--manifest-path" "Cargo.toml", kill_on_drop: false }`
[INFO] [stderr]     Blocking waiting for file lock on package cache
[INFO] [stderr]     Blocking waiting for file lock on package cache
[INFO] running `Command { std: "docker" "create" "-v" "/var/lib/crater-agent-workspace/builds/worker-57/target:/opt/rustwide/target:rw,Z" "-v" "/var/lib/crater-agent-workspace/builds/worker-57/source:/opt/rustwide/workdir:ro,Z" "-v" "/var/lib/crater-agent-workspace/cargo-home:/opt/rustwide/cargo-home:ro,Z" "-v" "/var/lib/crater-agent-workspace/rustup-home:/opt/rustwide/rustup-home:ro,Z" "-e" "SOURCE_DIR=/opt/rustwide/workdir" "-e" "CARGO_TARGET_DIR=/opt/rustwide/target" "-e" "CARGO_HOME=/opt/rustwide/cargo-home" "-e" "RUSTUP_HOME=/opt/rustwide/rustup-home" "-w" "/opt/rustwide/workdir" "-m" "1610612736" "--user" "0:0" "--network" "none" "ghcr.io/rust-lang/crates-build-env/linux@sha256:a89201d6b5b9fd45c15d5952ece0a0129e7e80cb26ec023fd59cf09bc26f1604" "/opt/rustwide/cargo-home/bin/cargo" "+beta-2021-10-15" "metadata" "--no-deps" "--format-version=1", kill_on_drop: false }`
[INFO] [stdout] 3cb73f27f40efc015b14924b125b7bb0818ac8bd68f79347114592b782348b15
[INFO] running `Command { std: "docker" "start" "-a" "3cb73f27f40efc015b14924b125b7bb0818ac8bd68f79347114592b782348b15", kill_on_drop: false }`
[INFO] running `Command { std: "docker" "inspect" "3cb73f27f40efc015b14924b125b7bb0818ac8bd68f79347114592b782348b15", kill_on_drop: false }`
[INFO] running `Command { std: "docker" "rm" "-f" "3cb73f27f40efc015b14924b125b7bb0818ac8bd68f79347114592b782348b15", kill_on_drop: false }`
[INFO] [stdout] 3cb73f27f40efc015b14924b125b7bb0818ac8bd68f79347114592b782348b15
[INFO] running `Command { std: "docker" "create" "-v" "/var/lib/crater-agent-workspace/builds/worker-57/target:/opt/rustwide/target:rw,Z" "-v" "/var/lib/crater-agent-workspace/builds/worker-57/source:/opt/rustwide/workdir:ro,Z" "-v" "/var/lib/crater-agent-workspace/cargo-home:/opt/rustwide/cargo-home:ro,Z" "-v" "/var/lib/crater-agent-workspace/rustup-home:/opt/rustwide/rustup-home:ro,Z" "-e" "SOURCE_DIR=/opt/rustwide/workdir" "-e" "CARGO_TARGET_DIR=/opt/rustwide/target" "-e" "CARGO_INCREMENTAL=0" "-e" "RUST_BACKTRACE=full" "-e" "RUSTFLAGS=--cap-lints=warn" "-e" "CARGO_HOME=/opt/rustwide/cargo-home" "-e" "RUSTUP_HOME=/opt/rustwide/rustup-home" "-w" "/opt/rustwide/workdir" "-m" "1610612736" "--user" "0:0" "--network" "none" "ghcr.io/rust-lang/crates-build-env/linux@sha256:a89201d6b5b9fd45c15d5952ece0a0129e7e80cb26ec023fd59cf09bc26f1604" "/opt/rustwide/cargo-home/bin/cargo" "+beta-2021-10-15" "check" "--frozen" "--all" "--all-targets" "--message-format=json", kill_on_drop: false }`
[INFO] [stdout] 96db24a610664d2183bcef4d3b0b6f75a5cbdbb4590b149d1bc6596263a1c04a
[INFO] running `Command { std: "docker" "start" "-a" "96db24a610664d2183bcef4d3b0b6f75a5cbdbb4590b149d1bc6596263a1c04a", kill_on_drop: false }`
[INFO] [stderr]    Compiling glob v0.3.0
[INFO] [stderr]    Compiling proc-macro2 v1.0.30
[INFO] [stderr]    Compiling funty v1.1.0
[INFO] [stderr]    Compiling unicode-width v0.1.9
[INFO] [stderr]    Compiling regex-syntax v0.6.25
[INFO] [stderr]    Compiling strsim v0.8.0
[INFO] [stderr]    Compiling vec_map v0.8.2
[INFO] [stderr]    Compiling bindgen v0.59.1
[INFO] [stderr]    Compiling humantime v2.1.0
[INFO] [stderr]    Compiling ansi_term v0.11.0
[INFO] [stderr]    Compiling termcolor v1.1.2
[INFO] [stderr]    Compiling memchr v2.3.4
[INFO] [stderr]    Compiling radium v0.5.3
[INFO] [stderr]    Compiling libloading v0.7.1
[INFO] [stderr]    Compiling cmake v0.1.46
[INFO] [stderr]    Compiling nom v6.2.1
[INFO] [stderr]    Compiling which v3.1.1
[INFO] [stderr]    Compiling textwrap v0.11.0
[INFO] [stderr]    Compiling bitvec v0.19.5
[INFO] [stderr]    Compiling clang-sys v1.2.2
[INFO] [stderr]    Compiling clap v2.33.3
[INFO] [stderr]    Compiling aho-corasick v0.7.15
[INFO] [stderr]    Compiling quote v1.0.10
[INFO] [stderr]    Compiling regex v1.4.6
[INFO] [stderr]    Compiling env_logger v0.8.4
[INFO] [stderr]    Compiling cexpr v0.5.0
[INFO] [stderr]    Compiling swiftnav-sys v0.7.0
[INFO] [stderr]     Checking swiftnav v0.7.0 (/opt/rustwide/workdir)
[INFO] [stdout] error[E0433]: failed to resolve: use of undeclared crate or module `chrono`
[INFO] [stdout]     --> src/time.rs:1548:13
[INFO] [stdout]      |
[INFO] [stdout] 1548 |         use chrono::prelude::*;
[INFO] [stdout]      |             ^^^^^^ use of undeclared crate or module `chrono`
[INFO] [stdout] 
[INFO] [stdout] 
[INFO] [stdout] error[E0433]: failed to resolve: use of undeclared type `DateTime`
[INFO] [stdout]     --> src/time.rs:1551:28
[INFO] [stdout]      |
[INFO] [stdout] 1551 |         let expected_utc = DateTime::<Utc>::from_utc(
[INFO] [stdout]      |                            ^^^^^^^^ use of undeclared type `DateTime`
[INFO] [stdout] 
[INFO] [stdout] 
[INFO] [stdout] error[E0433]: failed to resolve: use of undeclared type `NaiveDateTime`
[INFO] [stdout]     --> src/time.rs:1552:13
[INFO] [stdout]      |
[INFO] [stdout] 1552 |             NaiveDateTime::new(
[INFO] [stdout]      |             ^^^^^^^^^^^^^ use of undeclared type `NaiveDateTime`
[INFO] [stdout] 
[INFO] [stdout] 
[INFO] [stdout] error[E0433]: failed to resolve: use of undeclared type `NaiveDate`
[INFO] [stdout]     --> src/time.rs:1553:17
[INFO] [stdout]      |
[INFO] [stdout] 1553 |                 NaiveDate::from_ymd(2021, 8, 1),
[INFO] [stdout]      |                 ^^^^^^^^^ use of undeclared type `NaiveDate`
[INFO] [stdout] 
[INFO] [stdout] 
[INFO] [stdout] error[E0433]: failed to resolve: use of undeclared type `NaiveTime`
[INFO] [stdout]     --> src/time.rs:1554:17
[INFO] [stdout]      |
[INFO] [stdout] 1554 |                 NaiveTime::from_hms_nano(00, 11, 0, 0),
[INFO] [stdout]      |                 ^^^^^^^^^ use of undeclared type `NaiveTime`
[INFO] [stdout] 
[INFO] [stdout] 
[INFO] [stdout] error[E0412]: cannot find type `Utc` in this scope
[INFO] [stdout]     --> src/time.rs:1551:39
[INFO] [stdout]      |
[INFO] [stdout] 1547 |     fn chrono_conversions() {
[INFO] [stdout]      |                          - help: you might be missing a type parameter: `<Utc>`
[INFO] [stdout] ...
[INFO] [stdout] 1551 |         let expected_utc = DateTime::<Utc>::from_utc(
[INFO] [stdout]      |                                       ^^^ not found in this scope
[INFO] [stdout] 
[INFO] [stdout] 
[INFO] [stdout] error[E0425]: cannot find value `Utc` in this scope
[INFO] [stdout]     --> src/time.rs:1556:13
[INFO] [stdout]      |
[INFO] [stdout] 1556 |             Utc,
[INFO] [stdout]      |             ^^^ not found in this scope
[INFO] [stdout] 
[INFO] [stdout] 
[INFO] [stdout] error[E0412]: cannot find type `DateTime` in this scope
[INFO] [stdout]     --> src/time.rs:1559:24
[INFO] [stdout]      |
[INFO] [stdout] 1559 |         let converted: DateTime<Utc> = swift_date.clone().into();
[INFO] [stdout]      |                        ^^^^^^^^ not found in this scope
[INFO] [stdout] 
[INFO] [stdout] 
[INFO] [stdout] error[E0412]: cannot find type `Utc` in this scope
[INFO] [stdout]     --> src/time.rs:1559:33
[INFO] [stdout]      |
[INFO] [stdout] 1547 |     fn chrono_conversions() {
[INFO] [stdout]      |                          - help: you might be missing a type parameter: `<Utc>`
[INFO] [stdout] ...
[INFO] [stdout] 1559 |         let converted: DateTime<Utc> = swift_date.clone().into();
[INFO] [stdout]      |                                 ^^^ not found in this scope
[INFO] [stdout] 
[INFO] [stdout] 
[INFO] [stdout] error: aborting due to 9 previous errors
[INFO] [stdout] 
[INFO] [stdout] 
[INFO] [stdout] Some errors have detailed explanations: E0412, E0425, E0433.
[INFO] [stdout] 
[INFO] [stdout] For more information about an error, try `rustc --explain E0412`.
[INFO] [stdout] 
[INFO] [stderr] error: could not compile `swiftnav` due to 10 previous errors
[INFO] running `Command { std: "docker" "inspect" "96db24a610664d2183bcef4d3b0b6f75a5cbdbb4590b149d1bc6596263a1c04a", kill_on_drop: false }`
[INFO] running `Command { std: "docker" "rm" "-f" "96db24a610664d2183bcef4d3b0b6f75a5cbdbb4590b149d1bc6596263a1c04a", kill_on_drop: false }`
[INFO] [stdout] 96db24a610664d2183bcef4d3b0b6f75a5cbdbb4590b149d1bc6596263a1c04a
