[INFO] fetching crate swc_ecma_scope 0.0.0...
[INFO] checking swc_ecma_scope-0.0.0 against 1.55.0 for beta-1.56-3
[INFO] extracting crate swc_ecma_scope 0.0.0 into /workspace/builds/worker-81/source
[INFO] validating manifest of crates.io crate swc_ecma_scope 0.0.0 on toolchain 1.55.0
[INFO] running `Command { std: "/workspace/cargo-home/bin/cargo" "+1.55.0" "metadata" "--manifest-path" "Cargo.toml" "--no-deps", kill_on_drop: false }`
[INFO] started tweaking crates.io crate swc_ecma_scope 0.0.0
[INFO] finished tweaking crates.io crate swc_ecma_scope 0.0.0
[INFO] tweaked toml for crates.io crate swc_ecma_scope 0.0.0 written to /workspace/builds/worker-81/source/Cargo.toml
[INFO] running `Command { std: "/workspace/cargo-home/bin/cargo" "+1.55.0" "generate-lockfile" "--manifest-path" "Cargo.toml" "-Zno-index-update", kill_on_drop: false }`
[INFO] [stderr]     Blocking waiting for file lock on package cache
[INFO] running `Command { std: "/workspace/cargo-home/bin/cargo" "+1.55.0" "fetch" "--manifest-path" "Cargo.toml", kill_on_drop: false }`
[INFO] [stderr]     Blocking waiting for file lock on package cache
[INFO] [stderr]     Blocking waiting for file lock on package cache
[INFO] running `Command { std: "docker" "create" "-v" "/var/lib/crater-agent-workspace/builds/worker-81/target:/opt/rustwide/target:rw,Z" "-v" "/var/lib/crater-agent-workspace/builds/worker-81/source:/opt/rustwide/workdir:ro,Z" "-v" "/var/lib/crater-agent-workspace/cargo-home:/opt/rustwide/cargo-home:ro,Z" "-v" "/var/lib/crater-agent-workspace/rustup-home:/opt/rustwide/rustup-home:ro,Z" "-e" "SOURCE_DIR=/opt/rustwide/workdir" "-e" "CARGO_TARGET_DIR=/opt/rustwide/target" "-e" "CARGO_HOME=/opt/rustwide/cargo-home" "-e" "RUSTUP_HOME=/opt/rustwide/rustup-home" "-w" "/opt/rustwide/workdir" "-m" "1610612736" "--user" "0:0" "--network" "none" "ghcr.io/rust-lang/crates-build-env/linux@sha256:a89201d6b5b9fd45c15d5952ece0a0129e7e80cb26ec023fd59cf09bc26f1604" "/opt/rustwide/cargo-home/bin/cargo" "+1.55.0" "metadata" "--no-deps" "--format-version=1", kill_on_drop: false }`
[INFO] [stdout] ac7548819609c5d43326852772b457a6912ee7a0a9889d63a58f6c54f59beff1
[INFO] running `Command { std: "docker" "start" "-a" "ac7548819609c5d43326852772b457a6912ee7a0a9889d63a58f6c54f59beff1", kill_on_drop: false }`
[INFO] running `Command { std: "docker" "inspect" "ac7548819609c5d43326852772b457a6912ee7a0a9889d63a58f6c54f59beff1", kill_on_drop: false }`
[INFO] running `Command { std: "docker" "rm" "-f" "ac7548819609c5d43326852772b457a6912ee7a0a9889d63a58f6c54f59beff1", kill_on_drop: false }`
[INFO] [stdout] ac7548819609c5d43326852772b457a6912ee7a0a9889d63a58f6c54f59beff1
[INFO] running `Command { std: "docker" "create" "-v" "/var/lib/crater-agent-workspace/builds/worker-81/target:/opt/rustwide/target:rw,Z" "-v" "/var/lib/crater-agent-workspace/builds/worker-81/source:/opt/rustwide/workdir:ro,Z" "-v" "/var/lib/crater-agent-workspace/cargo-home:/opt/rustwide/cargo-home:ro,Z" "-v" "/var/lib/crater-agent-workspace/rustup-home:/opt/rustwide/rustup-home:ro,Z" "-e" "SOURCE_DIR=/opt/rustwide/workdir" "-e" "CARGO_TARGET_DIR=/opt/rustwide/target" "-e" "CARGO_INCREMENTAL=0" "-e" "RUST_BACKTRACE=full" "-e" "RUSTFLAGS=--cap-lints=warn" "-e" "CARGO_HOME=/opt/rustwide/cargo-home" "-e" "RUSTUP_HOME=/opt/rustwide/rustup-home" "-w" "/opt/rustwide/workdir" "-m" "1610612736" "--user" "0:0" "--network" "none" "ghcr.io/rust-lang/crates-build-env/linux@sha256:a89201d6b5b9fd45c15d5952ece0a0129e7e80cb26ec023fd59cf09bc26f1604" "/opt/rustwide/cargo-home/bin/cargo" "+1.55.0" "check" "--frozen" "--all" "--all-targets" "--message-format=json", kill_on_drop: false }`
[INFO] [stdout] f80787f0d6b6c9f397c50c7b9d3e98f7970020595e46615be459f2d7e3156993
[INFO] running `Command { std: "docker" "start" "-a" "f80787f0d6b6c9f397c50c7b9d3e98f7970020595e46615be459f2d7e3156993", kill_on_drop: false }`
[INFO] [stderr]    Compiling syn v1.0.65
[INFO] [stderr]    Compiling memchr v2.4.1
[INFO] [stderr]    Compiling siphasher v0.3.7
[INFO] [stderr]    Compiling ident_case v1.0.1
[INFO] [stderr]    Compiling fnv v1.0.7
[INFO] [stderr]    Compiling strsim v0.9.3
[INFO] [stderr]     Checking new_debug_unreachable v1.0.4
[INFO] [stderr]     Checking precomputed-hash v0.1.1
[INFO] [stderr]    Compiling lexical-core v0.7.6
[INFO] [stderr]     Checking arrayvec v0.5.2
[INFO] [stderr]     Checking swc_ecma_scope v0.0.0 (/opt/rustwide/workdir)
[INFO] [stderr]    Compiling num-traits v0.2.14
[INFO] [stderr]    Compiling num-bigint v0.2.6
[INFO] [stderr]     Checking fxhash v0.2.1
[INFO] [stderr]     Checking owning_ref v0.4.1
[INFO] [stderr]    Compiling nom v5.1.2
[INFO] [stderr]    Compiling getrandom v0.1.16
[INFO] [stderr]    Compiling phf_shared v0.8.0
[INFO] [stderr]    Compiling rand_core v0.5.1
[INFO] [stderr]    Compiling rand_pcg v0.2.1
[INFO] [stderr]    Compiling rand_chacha v0.2.2
[INFO] [stderr]    Compiling rand v0.7.3
[INFO] [stderr]    Compiling aho-corasick v0.7.18
[INFO] [stderr]    Compiling phf_generator v0.8.0
[INFO] [stderr]    Compiling string_cache_codegen v0.5.1
[INFO] [stderr]     Checking num-integer v0.1.44
[INFO] [stderr]     Checking ordered-float v1.1.1
[INFO] [stderr]     Checking regex v1.5.4
[INFO] [stderr]    Compiling swc_atoms v0.2.8
[INFO] [stderr]     Checking Inflector v0.11.4
[INFO] [stderr]    Compiling pmutil v0.5.3
[INFO] [stderr]    Compiling darling_core v0.10.2
[INFO] [stderr]    Compiling swc_macros_common v0.3.3
[INFO] [stderr]    Compiling serde_derive v1.0.130
[INFO] [stderr]    Compiling swc_visit_macros v0.1.1
[INFO] [stderr]    Compiling from_variant v0.1.3
[INFO] [stderr]    Compiling string_enum v0.3.1
[INFO] [stderr]    Compiling enum_kind v0.2.1
[INFO] [stderr]    Compiling is-macro v0.1.9
[INFO] [stderr]    Compiling swc_ecma_parser_macros v0.4.1
[INFO] [stderr]    Compiling darling_macro v0.10.2
[INFO] [stderr]    Compiling darling v0.10.2
[INFO] [stderr]    Compiling ast_node v0.7.4
[INFO] [stderr]     Checking swc_visit v0.1.1
[INFO] [stderr]     Checking serde v1.0.130
[INFO] [stderr]     Checking string_cache v0.8.2
[INFO] [stderr]     Checking swc_common v0.9.1
[INFO] [stderr]     Checking serde_json v1.0.68
[INFO] [stderr]     Checking swc_ecma_ast v0.28.0
[INFO] [stderr]     Checking jsdoc v0.2.0
[INFO] [stdout] error[E0433]: failed to resolve: could not find `private` in `swc_common`
[INFO] [stdout]   --> /opt/rustwide/cargo-home/registry/src/github.com-1ecc6299db9ec823/jsdoc-0.2.0/src/ast.rs:30:1
[INFO] [stdout]    |
[INFO] [stdout] 30 | #[ast_node]
[INFO] [stdout]    | ^^^^^^^^^^^ could not find `private` in `swc_common`
[INFO] [stdout]    |
[INFO] [stdout]    = note: this error originates in the derive macro `::swc_common::DeserializeEnum` (in Nightly builds, run with -Z macro-backtrace for more info)
[INFO] [stdout] 
[INFO] [stdout] 
[INFO] [stdout] error[E0433]: failed to resolve: could not find `private` in `swc_common`
[INFO] [stdout]    --> /opt/rustwide/cargo-home/registry/src/github.com-1ecc6299db9ec823/jsdoc-0.2.0/src/ast.rs:238:1
[INFO] [stdout]     |
[INFO] [stdout] 238 | #[ast_node]
[INFO] [stdout]     | ^^^^^^^^^^^ could not find `private` in `swc_common`
[INFO] [stdout]     |
[INFO] [stdout]     = note: this error originates in the derive macro `::swc_common::DeserializeEnum` (in Nightly builds, run with -Z macro-backtrace for more info)
[INFO] [stdout] 
[INFO] [stdout] 
[INFO] [stdout] error[E0433]: failed to resolve: could not find `private` in `swc_common`
[INFO] [stdout]    --> /opt/rustwide/cargo-home/registry/src/github.com-1ecc6299db9ec823/jsdoc-0.2.0/src/ast.rs:356:1
[INFO] [stdout]     |
[INFO] [stdout] 356 | #[ast_node]
[INFO] [stdout]     | ^^^^^^^^^^^ could not find `private` in `swc_common`
[INFO] [stdout]     |
[INFO] [stdout]     = note: this error originates in the derive macro `::swc_common::DeserializeEnum` (in Nightly builds, run with -Z macro-backtrace for more info)
[INFO] [stdout] 
[INFO] [stdout] 
[INFO] [stdout] error[E0433]: failed to resolve: could not find `private` in `swc_common`
[INFO] [stdout]    --> /opt/rustwide/cargo-home/registry/src/github.com-1ecc6299db9ec823/jsdoc-0.2.0/src/ast.rs:458:1
[INFO] [stdout]     |
[INFO] [stdout] 458 | #[ast_node]
[INFO] [stdout]     | ^^^^^^^^^^^ could not find `private` in `swc_common`
[INFO] [stdout]     |
[INFO] [stdout]     = note: this error originates in the derive macro `::swc_common::DeserializeEnum` (in Nightly builds, run with -Z macro-backtrace for more info)
[INFO] [stdout] 
[INFO] [stdout] 
[INFO] [stdout] error[E0433]: failed to resolve: could not find `private` in `swc_common`
[INFO] [stdout]    --> /opt/rustwide/cargo-home/registry/src/github.com-1ecc6299db9ec823/jsdoc-0.2.0/src/ast.rs:466:1
[INFO] [stdout]     |
[INFO] [stdout] 466 | #[ast_node]
[INFO] [stdout]     | ^^^^^^^^^^^ could not find `private` in `swc_common`
[INFO] [stdout]     |
[INFO] [stdout]     = note: this error originates in the derive macro `::swc_common::DeserializeEnum` (in Nightly builds, run with -Z macro-backtrace for more info)
[INFO] [stdout] 
[INFO] [stdout] 
[INFO] [stdout] error[E0433]: failed to resolve: could not find `private` in `swc_common`
[INFO] [stdout]    --> /opt/rustwide/cargo-home/registry/src/github.com-1ecc6299db9ec823/jsdoc-0.2.0/src/ast.rs:482:1
[INFO] [stdout]     |
[INFO] [stdout] 482 | #[ast_node]
[INFO] [stdout]     | ^^^^^^^^^^^ could not find `private` in `swc_common`
[INFO] [stdout]     |
[INFO] [stdout]     = note: this error originates in the derive macro `::swc_common::DeserializeEnum` (in Nightly builds, run with -Z macro-backtrace for more info)
[INFO] [stdout] 
[INFO] [stdout] 
[INFO] [stdout] error[E0433]: failed to resolve: could not find `private` in `swc_common`
[INFO] [stdout]   --> /opt/rustwide/cargo-home/registry/src/github.com-1ecc6299db9ec823/jsdoc-0.2.0/src/ast.rs:30:1
[INFO] [stdout]    |
[INFO] [stdout] 30 | #[ast_node]
[INFO] [stdout]    | ^^^^^^^^^^^ not found in `swc_common::private::serde::de`
[INFO] [stdout]    |
[INFO] [stdout]    = note: this error originates in the derive macro `::swc_common::DeserializeEnum` (in Nightly builds, run with -Z macro-backtrace for more info)
[INFO] [stdout] help: consider importing this struct
[INFO] [stdout]    |
[INFO] [stdout] 1  | use serde::__private::de::ContentRefDeserializer;
[INFO] [stdout]    |
[INFO] [stdout] 
[INFO] [stdout] 
[INFO] [stdout] error[E0433]: failed to resolve: could not find `private` in `swc_common`
[INFO] [stdout]    --> /opt/rustwide/cargo-home/registry/src/github.com-1ecc6299db9ec823/jsdoc-0.2.0/src/ast.rs:238:1
[INFO] [stdout]     |
[INFO] [stdout] 238 | #[ast_node]
[INFO] [stdout]     | ^^^^^^^^^^^ not found in `swc_common::private::serde::de`
[INFO] [stdout]     |
[INFO] [stdout]     = note: this error originates in the derive macro `::swc_common::DeserializeEnum` (in Nightly builds, run with -Z macro-backtrace for more info)
[INFO] [stdout] help: consider importing this struct
[INFO] [stdout]     |
[INFO] [stdout] 1   | use serde::__private::de::ContentRefDeserializer;
[INFO] [stdout]     |
[INFO] [stdout] 
[INFO] [stdout] 
[INFO] [stdout] error[E0433]: failed to resolve: could not find `private` in `swc_common`
[INFO] [stdout]    --> /opt/rustwide/cargo-home/registry/src/github.com-1ecc6299db9ec823/jsdoc-0.2.0/src/ast.rs:356:1
[INFO] [stdout]     |
[INFO] [stdout] 356 | #[ast_node]
[INFO] [stdout]     | ^^^^^^^^^^^ not found in `swc_common::private::serde::de`
[INFO] [stdout]     |
[INFO] [stdout]     = note: this error originates in the derive macro `::swc_common::DeserializeEnum` (in Nightly builds, run with -Z macro-backtrace for more info)
[INFO] [stdout] help: consider importing this struct
[INFO] [stdout]     |
[INFO] [stdout] 1   | use serde::__private::de::ContentRefDeserializer;
[INFO] [stdout]     |
[INFO] [stdout] 
[INFO] [stdout] 
[INFO] [stdout] error[E0433]: failed to resolve: could not find `private` in `swc_common`
[INFO] [stdout]    --> /opt/rustwide/cargo-home/registry/src/github.com-1ecc6299db9ec823/jsdoc-0.2.0/src/ast.rs:458:1
[INFO] [stdout]     |
[INFO] [stdout] 458 | #[ast_node]
[INFO] [stdout]     | ^^^^^^^^^^^ not found in `swc_common::private::serde::de`
[INFO] [stdout]     |
[INFO] [stdout]     = note: this error originates in the derive macro `::swc_common::DeserializeEnum` (in Nightly builds, run with -Z macro-backtrace for more info)
[INFO] [stdout] help: consider importing this struct
[INFO] [stdout]     |
[INFO] [stdout] 1   | use serde::__private::de::ContentRefDeserializer;
[INFO] [stdout]     |
[INFO] [stdout] 
[INFO] [stdout] 
[INFO] [stdout] error[E0433]: failed to resolve: could not find `private` in `swc_common`
[INFO] [stdout]    --> /opt/rustwide/cargo-home/registry/src/github.com-1ecc6299db9ec823/jsdoc-0.2.0/src/ast.rs:466:1
[INFO] [stdout]     |
[INFO] [stdout] 466 | #[ast_node]
[INFO] [stdout]     | ^^^^^^^^^^^ not found in `swc_common::private::serde::de`
[INFO] [stdout]     |
[INFO] [stdout]     = note: this error originates in the derive macro `::swc_common::DeserializeEnum` (in Nightly builds, run with -Z macro-backtrace for more info)
[INFO] [stdout] help: consider importing this struct
[INFO] [stdout]     |
[INFO] [stdout] 1   | use serde::__private::de::ContentRefDeserializer;
[INFO] [stdout]     |
[INFO] [stdout] 
[INFO] [stdout] 
[INFO] [stdout] error[E0433]: failed to resolve: could not find `private` in `swc_common`
[INFO] [stdout]    --> /opt/rustwide/cargo-home/registry/src/github.com-1ecc6299db9ec823/jsdoc-0.2.0/src/ast.rs:482:1
[INFO] [stdout]     |
[INFO] [stdout] 482 | #[ast_node]
[INFO] [stdout]     | ^^^^^^^^^^^ not found in `swc_common::private::serde::de`
[INFO] [stdout]     |
[INFO] [stdout]     = note: this error originates in the derive macro `::swc_common::DeserializeEnum` (in Nightly builds, run with -Z macro-backtrace for more info)
[INFO] [stdout] help: consider importing this struct
[INFO] [stdout]     |
[INFO] [stdout] 1   | use serde::__private::de::ContentRefDeserializer;
[INFO] [stdout]     |
[INFO] [stdout] 
[INFO] [stdout] 
[INFO] [stdout] error: aborting due to 12 previous errors
[INFO] [stdout] 
[INFO] [stdout] 
[INFO] [stdout] For more information about this error, try `rustc --explain E0433`.
[INFO] [stdout] 
[INFO] [stderr] error: could not compile `jsdoc` due to 13 previous errors
[INFO] [stderr] warning: build failed, waiting for other jobs to finish...
[INFO] [stdout] error[E0433]: failed to resolve: could not find `private` in `swc_common`
[INFO] [stdout]   --> /opt/rustwide/cargo-home/registry/src/github.com-1ecc6299db9ec823/swc_ecma_ast-0.28.0/src/class.rs:45:1
[INFO] [stdout]    |
[INFO] [stdout] 45 | #[ast_node]
[INFO] [stdout]    | ^^^^^^^^^^^ could not find `private` in `swc_common`
[INFO] [stdout]    |
[INFO] [stdout]    = note: this error originates in the derive macro `::swc_common::DeserializeEnum` (in Nightly builds, run with -Z macro-backtrace for more info)
[INFO] [stdout] 
[INFO] [stdout] 
[INFO] [stdout] error[E0433]: failed to resolve: could not find `private` in `swc_common`
[INFO] [stdout]   --> /opt/rustwide/cargo-home/registry/src/github.com-1ecc6299db9ec823/swc_ecma_ast-0.28.0/src/decl.rs:13:1
[INFO] [stdout]    |
[INFO] [stdout] 13 | #[ast_node]
[INFO] [stdout]    | ^^^^^^^^^^^ could not find `private` in `swc_common`
[INFO] [stdout]    |
[INFO] [stdout]    = note: this error originates in the derive macro `::swc_common::DeserializeEnum` (in Nightly builds, run with -Z macro-backtrace for more info)
[INFO] [stdout] 
[INFO] [stdout] 
[INFO] [stdout] error[E0433]: failed to resolve: could not find `private` in `swc_common`
[INFO] [stdout]   --> /opt/rustwide/cargo-home/registry/src/github.com-1ecc6299db9ec823/swc_ecma_ast-0.28.0/src/expr.rs:22:1
[INFO] [stdout]    |
[INFO] [stdout] 22 | #[ast_node]
[INFO] [stdout]    | ^^^^^^^^^^^ could not find `private` in `swc_common`
[INFO] [stdout]    |
[INFO] [stdout]    = note: this error originates in the derive macro `::swc_common::DeserializeEnum` (in Nightly builds, run with -Z macro-backtrace for more info)
[INFO] [stdout] 
[INFO] [stdout] 
[INFO] [stdout] error[E0433]: failed to resolve: could not find `private` in `swc_common`
[INFO] [stdout]    --> /opt/rustwide/cargo-home/registry/src/github.com-1ecc6299db9ec823/swc_ecma_ast-0.28.0/src/expr.rs:183:1
[INFO] [stdout]     |
[INFO] [stdout] 183 | #[ast_node]
[INFO] [stdout]     | ^^^^^^^^^^^ could not find `private` in `swc_common`
[INFO] [stdout]     |
[INFO] [stdout]     = note: this error originates in the derive macro `::swc_common::DeserializeEnum` (in Nightly builds, run with -Z macro-backtrace for more info)
[INFO] [stdout] 
[INFO] [stdout] 
[INFO] [stdout] error[E0433]: failed to resolve: could not find `private` in `swc_common`
[INFO] [stdout]    --> /opt/rustwide/cargo-home/registry/src/github.com-1ecc6299db9ec823/swc_ecma_ast-0.28.0/src/expr.rs:447:1
[INFO] [stdout]     |
[INFO] [stdout] 447 | #[ast_node]
[INFO] [stdout]     | ^^^^^^^^^^^ could not find `private` in `swc_common`
[INFO] [stdout]     |
[INFO] [stdout]     = note: this error originates in the derive macro `::swc_common::DeserializeEnum` (in Nightly builds, run with -Z macro-backtrace for more info)
[INFO] [stdout] 
[INFO] [stdout] 
[INFO] [stdout] error[E0433]: failed to resolve: could not find `private` in `swc_common`
[INFO] [stdout]    --> /opt/rustwide/cargo-home/registry/src/github.com-1ecc6299db9ec823/swc_ecma_ast-0.28.0/src/expr.rs:484:1
[INFO] [stdout]     |
[INFO] [stdout] 484 | #[ast_node]
[INFO] [stdout]     | ^^^^^^^^^^^ could not find `private` in `swc_common`
[INFO] [stdout]     |
[INFO] [stdout]     = note: this error originates in the derive macro `::swc_common::DeserializeEnum` (in Nightly builds, run with -Z macro-backtrace for more info)
[INFO] [stdout] 
[INFO] [stdout] 
[INFO] [stdout] error[E0433]: failed to resolve: could not find `private` in `swc_common`
[INFO] [stdout]    --> /opt/rustwide/cargo-home/registry/src/github.com-1ecc6299db9ec823/swc_ecma_ast-0.28.0/src/expr.rs:494:1
[INFO] [stdout]     |
[INFO] [stdout] 494 | #[ast_node]
[INFO] [stdout]     | ^^^^^^^^^^^ could not find `private` in `swc_common`
[INFO] [stdout]     |
[INFO] [stdout]     = note: this error originates in the derive macro `::swc_common::DeserializeEnum` (in Nightly builds, run with -Z macro-backtrace for more info)
[INFO] [stdout] 
[INFO] [stdout] 
[INFO] [stdout] error[E0433]: failed to resolve: could not find `private` in `swc_common`
[INFO] [stdout]   --> /opt/rustwide/cargo-home/registry/src/github.com-1ecc6299db9ec823/swc_ecma_ast-0.28.0/src/function.rs:47:1
[INFO] [stdout]    |
[INFO] [stdout] 47 | #[ast_node]
[INFO] [stdout]    | ^^^^^^^^^^^ could not find `private` in `swc_common`
[INFO] [stdout]    |
[INFO] [stdout]    = note: this error originates in the derive macro `::swc_common::DeserializeEnum` (in Nightly builds, run with -Z macro-backtrace for more info)
[INFO] [stdout] 
[INFO] [stdout] 
[INFO] [stdout] error[E0433]: failed to resolve: could not find `private` in `swc_common`
[INFO] [stdout]   --> /opt/rustwide/cargo-home/registry/src/github.com-1ecc6299db9ec823/swc_ecma_ast-0.28.0/src/jsx.rs:12:1
[INFO] [stdout]    |
[INFO] [stdout] 12 | #[ast_node]
[INFO] [stdout]    | ^^^^^^^^^^^ could not find `private` in `swc_common`
[INFO] [stdout]    |
[INFO] [stdout]    = note: this error originates in the derive macro `::swc_common::DeserializeEnum` (in Nightly builds, run with -Z macro-backtrace for more info)
[INFO] [stdout] 
[INFO] [stdout] 
[INFO] [stdout] error[E0433]: failed to resolve: could not find `private` in `swc_common`
[INFO] [stdout]   --> /opt/rustwide/cargo-home/registry/src/github.com-1ecc6299db9ec823/swc_ecma_ast-0.28.0/src/jsx.rs:59:1
[INFO] [stdout]    |
[INFO] [stdout] 59 | #[ast_node]
[INFO] [stdout]    | ^^^^^^^^^^^ could not find `private` in `swc_common`
[INFO] [stdout]    |
[INFO] [stdout]    = note: this error originates in the derive macro `::swc_common::DeserializeEnum` (in Nightly builds, run with -Z macro-backtrace for more info)
[INFO] [stdout] 
[INFO] [stdout] 
[INFO] [stdout] error[E0433]: failed to resolve: could not find `private` in `swc_common`
[INFO] [stdout]   --> /opt/rustwide/cargo-home/registry/src/github.com-1ecc6299db9ec823/swc_ecma_ast-0.28.0/src/jsx.rs:77:1
[INFO] [stdout]    |
[INFO] [stdout] 77 | #[ast_node]
[INFO] [stdout]    | ^^^^^^^^^^^ could not find `private` in `swc_common`
[INFO] [stdout]    |
[INFO] [stdout]    = note: this error originates in the derive macro `::swc_common::DeserializeEnum` (in Nightly builds, run with -Z macro-backtrace for more info)
[INFO] [stdout] 
[INFO] [stdout] 
[INFO] [stdout] error[E0433]: failed to resolve: could not find `private` in `swc_common`
[INFO] [stdout]    --> /opt/rustwide/cargo-home/registry/src/github.com-1ecc6299db9ec823/swc_ecma_ast-0.28.0/src/jsx.rs:107:1
[INFO] [stdout]     |
[INFO] [stdout] 107 | #[ast_node]
[INFO] [stdout]     | ^^^^^^^^^^^ could not find `private` in `swc_common`
[INFO] [stdout]     |
[INFO] [stdout]     = note: this error originates in the derive macro `::swc_common::DeserializeEnum` (in Nightly builds, run with -Z macro-backtrace for more info)
[INFO] [stdout] 
[INFO] [stdout] 
[INFO] [stdout] error[E0433]: failed to resolve: could not find `private` in `swc_common`
[INFO] [stdout]    --> /opt/rustwide/cargo-home/registry/src/github.com-1ecc6299db9ec823/swc_ecma_ast-0.28.0/src/jsx.rs:133:1
[INFO] [stdout]     |
[INFO] [stdout] 133 | #[ast_node]
[INFO] [stdout]     | ^^^^^^^^^^^ could not find `private` in `swc_common`
[INFO] [stdout]     |
[INFO] [stdout]     = note: this error originates in the derive macro `::swc_common::DeserializeEnum` (in Nightly builds, run with -Z macro-backtrace for more info)
[INFO] [stdout] 
[INFO] [stdout] 
[INFO] [stdout] error[E0433]: failed to resolve: could not find `private` in `swc_common`
[INFO] [stdout]    --> /opt/rustwide/cargo-home/registry/src/github.com-1ecc6299db9ec823/swc_ecma_ast-0.28.0/src/jsx.rs:142:1
[INFO] [stdout]     |
[INFO] [stdout] 142 | #[ast_node]
[INFO] [stdout]     | ^^^^^^^^^^^ could not find `private` in `swc_common`
[INFO] [stdout]     |
[INFO] [stdout]     = note: this error originates in the derive macro `::swc_common::DeserializeEnum` (in Nightly builds, run with -Z macro-backtrace for more info)
[INFO] [stdout] 
[INFO] [stdout] 
[INFO] [stdout] error[E0433]: failed to resolve: could not find `private` in `swc_common`
[INFO] [stdout]    --> /opt/rustwide/cargo-home/registry/src/github.com-1ecc6299db9ec823/swc_ecma_ast-0.28.0/src/jsx.rs:180:1
[INFO] [stdout]     |
[INFO] [stdout] 180 | #[ast_node]
[INFO] [stdout]     | ^^^^^^^^^^^ could not find `private` in `swc_common`
[INFO] [stdout]     |
[INFO] [stdout]     = note: this error originates in the derive macro `::swc_common::DeserializeEnum` (in Nightly builds, run with -Z macro-backtrace for more info)
[INFO] [stdout] 
[INFO] [stdout] 
[INFO] [stdout] error[E0433]: failed to resolve: could not find `private` in `swc_common`
[INFO] [stdout]   --> /opt/rustwide/cargo-home/registry/src/github.com-1ecc6299db9ec823/swc_ecma_ast-0.28.0/src/lit.rs:11:1
[INFO] [stdout]    |
[INFO] [stdout] 11 | #[ast_node]
[INFO] [stdout]    | ^^^^^^^^^^^ could not find `private` in `swc_common`
[INFO] [stdout]    |
[INFO] [stdout]    = note: this error originates in the derive macro `::swc_common::DeserializeEnum` (in Nightly builds, run with -Z macro-backtrace for more info)
[INFO] [stdout] 
[INFO] [stdout] 
[INFO] [stdout] error[E0433]: failed to resolve: could not find `private` in `swc_common`
[INFO] [stdout]  --> /opt/rustwide/cargo-home/registry/src/github.com-1ecc6299db9ec823/swc_ecma_ast-0.28.0/src/module.rs:6:1
[INFO] [stdout]   |
[INFO] [stdout] 6 | #[ast_node]
[INFO] [stdout]   | ^^^^^^^^^^^ could not find `private` in `swc_common`
[INFO] [stdout]   |
[INFO] [stdout]   = note: this error originates in the derive macro `::swc_common::DeserializeEnum` (in Nightly builds, run with -Z macro-backtrace for more info)
[INFO] [stdout] 
[INFO] [stdout] 
[INFO] [stdout] error[E0433]: failed to resolve: could not find `private` in `swc_common`
[INFO] [stdout]   --> /opt/rustwide/cargo-home/registry/src/github.com-1ecc6299db9ec823/swc_ecma_ast-0.28.0/src/module.rs:37:1
[INFO] [stdout]    |
[INFO] [stdout] 37 | #[ast_node]
[INFO] [stdout]    | ^^^^^^^^^^^ could not find `private` in `swc_common`
[INFO] [stdout]    |
[INFO] [stdout]    = note: this error originates in the derive macro `::swc_common::DeserializeEnum` (in Nightly builds, run with -Z macro-backtrace for more info)
[INFO] [stdout] 
[INFO] [stdout] 
[INFO] [stdout] error[E0433]: failed to resolve: could not find `private` in `swc_common`
[INFO] [stdout]   --> /opt/rustwide/cargo-home/registry/src/github.com-1ecc6299db9ec823/swc_ecma_ast-0.28.0/src/module_decl.rs:11:1
[INFO] [stdout]    |
[INFO] [stdout] 11 | #[ast_node]
[INFO] [stdout]    | ^^^^^^^^^^^ could not find `private` in `swc_common`
[INFO] [stdout]    |
[INFO] [stdout]    = note: this error originates in the derive macro `::swc_common::DeserializeEnum` (in Nightly builds, run with -Z macro-backtrace for more info)
[INFO] [stdout] 
[INFO] [stdout] 
[INFO] [stdout] error[E0433]: failed to resolve: could not find `private` in `swc_common`
[INFO] [stdout]    --> /opt/rustwide/cargo-home/registry/src/github.com-1ecc6299db9ec823/swc_ecma_ast-0.28.0/src/module_decl.rs:109:1
[INFO] [stdout]     |
[INFO] [stdout] 109 | #[ast_node]
[INFO] [stdout]     | ^^^^^^^^^^^ could not find `private` in `swc_common`
[INFO] [stdout]     |
[INFO] [stdout]     = note: this error originates in the derive macro `::swc_common::DeserializeEnum` (in Nightly builds, run with -Z macro-backtrace for more info)
[INFO] [stdout] 
[INFO] [stdout] 
[INFO] [stdout] error[E0433]: failed to resolve: could not find `private` in `swc_common`
[INFO] [stdout]    --> /opt/rustwide/cargo-home/registry/src/github.com-1ecc6299db9ec823/swc_ecma_ast-0.28.0/src/module_decl.rs:123:1
[INFO] [stdout]     |
[INFO] [stdout] 123 | #[ast_node]
[INFO] [stdout]     | ^^^^^^^^^^^ could not find `private` in `swc_common`
[INFO] [stdout]     |
[INFO] [stdout]     = note: this error originates in the derive macro `::swc_common::DeserializeEnum` (in Nightly builds, run with -Z macro-backtrace for more info)
[INFO] [stdout] 
[INFO] [stdout] 
[INFO] [stdout] error[E0433]: failed to resolve: could not find `private` in `swc_common`
[INFO] [stdout]    --> /opt/rustwide/cargo-home/registry/src/github.com-1ecc6299db9ec823/swc_ecma_ast-0.28.0/src/module_decl.rs:164:1
[INFO] [stdout]     |
[INFO] [stdout] 164 | #[ast_node]
[INFO] [stdout]     | ^^^^^^^^^^^ could not find `private` in `swc_common`
[INFO] [stdout]     |
[INFO] [stdout]     = note: this error originates in the derive macro `::swc_common::DeserializeEnum` (in Nightly builds, run with -Z macro-backtrace for more info)
[INFO] [stdout] 
[INFO] [stdout] 
[INFO] [stdout] error[E0433]: failed to resolve: could not find `private` in `swc_common`
[INFO] [stdout]  --> /opt/rustwide/cargo-home/registry/src/github.com-1ecc6299db9ec823/swc_ecma_ast-0.28.0/src/pat.rs:5:1
[INFO] [stdout]   |
[INFO] [stdout] 5 | #[ast_node]
[INFO] [stdout]   | ^^^^^^^^^^^ could not find `private` in `swc_common`
[INFO] [stdout]   |
[INFO] [stdout]   = note: this error originates in the derive macro `::swc_common::DeserializeEnum` (in Nightly builds, run with -Z macro-backtrace for more info)
[INFO] [stdout] 
[INFO] [stdout] 
[INFO] [stdout] error[E0433]: failed to resolve: could not find `private` in `swc_common`
[INFO] [stdout]   --> /opt/rustwide/cargo-home/registry/src/github.com-1ecc6299db9ec823/swc_ecma_ast-0.28.0/src/pat.rs:92:1
[INFO] [stdout]    |
[INFO] [stdout] 92 | #[ast_node]
[INFO] [stdout]    | ^^^^^^^^^^^ could not find `private` in `swc_common`
[INFO] [stdout]    |
[INFO] [stdout]    = note: this error originates in the derive macro `::swc_common::DeserializeEnum` (in Nightly builds, run with -Z macro-backtrace for more info)
[INFO] [stdout] 
[INFO] [stdout] 
[INFO] [stdout] error[E0433]: failed to resolve: could not find `private` in `swc_common`
[INFO] [stdout]   --> /opt/rustwide/cargo-home/registry/src/github.com-1ecc6299db9ec823/swc_ecma_ast-0.28.0/src/prop.rs:13:1
[INFO] [stdout]    |
[INFO] [stdout] 13 | #[ast_node]
[INFO] [stdout]    | ^^^^^^^^^^^ could not find `private` in `swc_common`
[INFO] [stdout]    |
[INFO] [stdout]    = note: this error originates in the derive macro `::swc_common::DeserializeEnum` (in Nightly builds, run with -Z macro-backtrace for more info)
[INFO] [stdout] 
[INFO] [stdout] 
[INFO] [stdout] error[E0433]: failed to resolve: could not find `private` in `swc_common`
[INFO] [stdout]   --> /opt/rustwide/cargo-home/registry/src/github.com-1ecc6299db9ec823/swc_ecma_ast-0.28.0/src/prop.rs:86:1
[INFO] [stdout]    |
[INFO] [stdout] 86 | #[ast_node]
[INFO] [stdout]    | ^^^^^^^^^^^ could not find `private` in `swc_common`
[INFO] [stdout]    |
[INFO] [stdout]    = note: this error originates in the derive macro `::swc_common::DeserializeEnum` (in Nightly builds, run with -Z macro-backtrace for more info)
[INFO] [stdout] 
[INFO] [stdout] 
[INFO] [stdout] error[E0433]: failed to resolve: could not find `private` in `swc_common`
[INFO] [stdout]   --> /opt/rustwide/cargo-home/registry/src/github.com-1ecc6299db9ec823/swc_ecma_ast-0.28.0/src/stmt.rs:20:1
[INFO] [stdout]    |
[INFO] [stdout] 20 | #[ast_node]
[INFO] [stdout]    | ^^^^^^^^^^^ could not find `private` in `swc_common`
[INFO] [stdout]    |
[INFO] [stdout]    = note: this error originates in the derive macro `::swc_common::DeserializeEnum` (in Nightly builds, run with -Z macro-backtrace for more info)
[INFO] [stdout] 
[INFO] [stdout] 
[INFO] [stdout] error[E0433]: failed to resolve: could not find `private` in `swc_common`
[INFO] [stdout]    --> /opt/rustwide/cargo-home/registry/src/github.com-1ecc6299db9ec823/swc_ecma_ast-0.28.0/src/stmt.rs:285:1
[INFO] [stdout]     |
[INFO] [stdout] 285 | #[ast_node]
[INFO] [stdout]     | ^^^^^^^^^^^ could not find `private` in `swc_common`
[INFO] [stdout]     |
[INFO] [stdout]     = note: this error originates in the derive macro `::swc_common::DeserializeEnum` (in Nightly builds, run with -Z macro-backtrace for more info)
[INFO] [stdout] 
[INFO] [stdout] 
[INFO] [stdout] error[E0433]: failed to resolve: could not find `private` in `swc_common`
[INFO] [stdout]    --> /opt/rustwide/cargo-home/registry/src/github.com-1ecc6299db9ec823/swc_ecma_ast-0.28.0/src/stmt.rs:295:1
[INFO] [stdout]     |
[INFO] [stdout] 295 | #[ast_node]
[INFO] [stdout]     | ^^^^^^^^^^^ could not find `private` in `swc_common`
[INFO] [stdout]     |
[INFO] [stdout]     = note: this error originates in the derive macro `::swc_common::DeserializeEnum` (in Nightly builds, run with -Z macro-backtrace for more info)
[INFO] [stdout] 
[INFO] [stdout] 
[INFO] [stdout] error[E0433]: failed to resolve: could not find `private` in `swc_common`
[INFO] [stdout]   --> /opt/rustwide/cargo-home/registry/src/github.com-1ecc6299db9ec823/swc_ecma_ast-0.28.0/src/typescript.rs:80:1
[INFO] [stdout]    |
[INFO] [stdout] 80 | #[ast_node]
[INFO] [stdout]    | ^^^^^^^^^^^ could not find `private` in `swc_common`
[INFO] [stdout]    |
[INFO] [stdout]    = note: this error originates in the derive macro `::swc_common::DeserializeEnum` (in Nightly builds, run with -Z macro-backtrace for more info)
[INFO] [stdout] 
[INFO] [stdout] 
[INFO] [stdout] error[E0433]: failed to resolve: could not find `private` in `swc_common`
[INFO] [stdout]   --> /opt/rustwide/cargo-home/registry/src/github.com-1ecc6299db9ec823/swc_ecma_ast-0.28.0/src/typescript.rs:99:1
[INFO] [stdout]    |
[INFO] [stdout] 99 | #[ast_node]
[INFO] [stdout]    | ^^^^^^^^^^^ could not find `private` in `swc_common`
[INFO] [stdout]    |
[INFO] [stdout]    = note: this error originates in the derive macro `::swc_common::DeserializeEnum` (in Nightly builds, run with -Z macro-backtrace for more info)
[INFO] [stdout] 
[INFO] [stdout] 
[INFO] [stdout] error[E0433]: failed to resolve: could not find `private` in `swc_common`
[INFO] [stdout]    --> /opt/rustwide/cargo-home/registry/src/github.com-1ecc6299db9ec823/swc_ecma_ast-0.28.0/src/typescript.rs:110:1
[INFO] [stdout]     |
[INFO] [stdout] 110 | #[ast_node]
[INFO] [stdout]     | ^^^^^^^^^^^ could not find `private` in `swc_common`
[INFO] [stdout]     |
[INFO] [stdout]     = note: this error originates in the derive macro `::swc_common::DeserializeEnum` (in Nightly builds, run with -Z macro-backtrace for more info)
[INFO] [stdout] 
[INFO] [stdout] 
[INFO] [stdout] error[E0433]: failed to resolve: could not find `private` in `swc_common`
[INFO] [stdout]    --> /opt/rustwide/cargo-home/registry/src/github.com-1ecc6299db9ec823/swc_ecma_ast-0.28.0/src/typescript.rs:133:1
[INFO] [stdout]     |
[INFO] [stdout] 133 | #[ast_node]
[INFO] [stdout]     | ^^^^^^^^^^^ could not find `private` in `swc_common`
[INFO] [stdout]     |
[INFO] [stdout]     = note: this error originates in the derive macro `::swc_common::DeserializeEnum` (in Nightly builds, run with -Z macro-backtrace for more info)
[INFO] [stdout] 
[INFO] [stdout] 
[INFO] [stdout] error[E0433]: failed to resolve: could not find `private` in `swc_common`
[INFO] [stdout]    --> /opt/rustwide/cargo-home/registry/src/github.com-1ecc6299db9ec823/swc_ecma_ast-0.28.0/src/typescript.rs:221:1
[INFO] [stdout]     |
[INFO] [stdout] 221 | #[ast_node]
[INFO] [stdout]     | ^^^^^^^^^^^ could not find `private` in `swc_common`
[INFO] [stdout]     |
[INFO] [stdout]     = note: this error originates in the derive macro `::swc_common::DeserializeEnum` (in Nightly builds, run with -Z macro-backtrace for more info)
[INFO] [stdout] 
[INFO] [stdout] 
[INFO] [stdout] error[E0433]: failed to resolve: could not find `private` in `swc_common`
[INFO] [stdout]    --> /opt/rustwide/cargo-home/registry/src/github.com-1ecc6299db9ec823/swc_ecma_ast-0.28.0/src/typescript.rs:287:1
[INFO] [stdout]     |
[INFO] [stdout] 287 | #[ast_node]
[INFO] [stdout]     | ^^^^^^^^^^^ could not find `private` in `swc_common`
[INFO] [stdout]     |
[INFO] [stdout]     = note: this error originates in the derive macro `::swc_common::DeserializeEnum` (in Nightly builds, run with -Z macro-backtrace for more info)
[INFO] [stdout] 
[INFO] [stdout] 
[INFO] [stdout] error[E0433]: failed to resolve: could not find `private` in `swc_common`
[INFO] [stdout]    --> /opt/rustwide/cargo-home/registry/src/github.com-1ecc6299db9ec823/swc_ecma_ast-0.28.0/src/typescript.rs:372:1
[INFO] [stdout]     |
[INFO] [stdout] 372 | #[ast_node]
[INFO] [stdout]     | ^^^^^^^^^^^ could not find `private` in `swc_common`
[INFO] [stdout]     |
[INFO] [stdout]     = note: this error originates in the derive macro `::swc_common::DeserializeEnum` (in Nightly builds, run with -Z macro-backtrace for more info)
[INFO] [stdout] 
[INFO] [stdout] 
[INFO] [stdout] error[E0433]: failed to resolve: could not find `private` in `swc_common`
[INFO] [stdout]    --> /opt/rustwide/cargo-home/registry/src/github.com-1ecc6299db9ec823/swc_ecma_ast-0.28.0/src/typescript.rs:430:1
[INFO] [stdout]     |
[INFO] [stdout] 430 | #[ast_node]
[INFO] [stdout]     | ^^^^^^^^^^^ could not find `private` in `swc_common`
[INFO] [stdout]     |
[INFO] [stdout]     = note: this error originates in the derive macro `::swc_common::DeserializeEnum` (in Nightly builds, run with -Z macro-backtrace for more info)
[INFO] [stdout] 
[INFO] [stdout] 
[INFO] [stdout] error[E0433]: failed to resolve: could not find `private` in `swc_common`
[INFO] [stdout]    --> /opt/rustwide/cargo-home/registry/src/github.com-1ecc6299db9ec823/swc_ecma_ast-0.28.0/src/typescript.rs:449:1
[INFO] [stdout]     |
[INFO] [stdout] 449 | #[ast_node]
[INFO] [stdout]     | ^^^^^^^^^^^ could not find `private` in `swc_common`
[INFO] [stdout]     |
[INFO] [stdout]     = note: this error originates in the derive macro `::swc_common::DeserializeEnum` (in Nightly builds, run with -Z macro-backtrace for more info)
[INFO] [stdout] 
[INFO] [stdout] 
[INFO] [stdout] error[E0433]: failed to resolve: could not find `private` in `swc_common`
[INFO] [stdout]    --> /opt/rustwide/cargo-home/registry/src/github.com-1ecc6299db9ec823/swc_ecma_ast-0.28.0/src/typescript.rs:515:1
[INFO] [stdout]     |
[INFO] [stdout] 515 | #[ast_node]
[INFO] [stdout]     | ^^^^^^^^^^^ could not find `private` in `swc_common`
[INFO] [stdout]     |
[INFO] [stdout]     = note: this error originates in the derive macro `::swc_common::DeserializeEnum` (in Nightly builds, run with -Z macro-backtrace for more info)
[INFO] [stdout] 
[INFO] [stdout] 
[INFO] [stdout] error[E0433]: failed to resolve: could not find `private` in `swc_common`
[INFO] [stdout]    --> /opt/rustwide/cargo-home/registry/src/github.com-1ecc6299db9ec823/swc_ecma_ast-0.28.0/src/typescript.rs:675:1
[INFO] [stdout]     |
[INFO] [stdout] 675 | #[ast_node]
[INFO] [stdout]     | ^^^^^^^^^^^ could not find `private` in `swc_common`
[INFO] [stdout]     |
[INFO] [stdout]     = note: this error originates in the derive macro `::swc_common::DeserializeEnum` (in Nightly builds, run with -Z macro-backtrace for more info)
[INFO] [stdout] 
[INFO] [stdout] 
[INFO] [stdout] error[E0433]: failed to resolve: could not find `private` in `swc_common`
[INFO] [stdout]    --> /opt/rustwide/cargo-home/registry/src/github.com-1ecc6299db9ec823/swc_ecma_ast-0.28.0/src/typescript.rs:757:1
[INFO] [stdout]     |
[INFO] [stdout] 757 | #[ast_node]
[INFO] [stdout]     | ^^^^^^^^^^^ could not find `private` in `swc_common`
[INFO] [stdout]     |
[INFO] [stdout]     = note: this error originates in the derive macro `::swc_common::DeserializeEnum` (in Nightly builds, run with -Z macro-backtrace for more info)
[INFO] [stdout] 
[INFO] [stdout] 
[INFO] [stdout] error[E0433]: failed to resolve: could not find `private` in `swc_common`
[INFO] [stdout]    --> /opt/rustwide/cargo-home/registry/src/github.com-1ecc6299db9ec823/swc_ecma_ast-0.28.0/src/typescript.rs:781:1
[INFO] [stdout]     |
[INFO] [stdout] 781 | #[ast_node]
[INFO] [stdout]     | ^^^^^^^^^^^ could not find `private` in `swc_common`
[INFO] [stdout]     |
[INFO] [stdout]     = note: this error originates in the derive macro `::swc_common::DeserializeEnum` (in Nightly builds, run with -Z macro-backtrace for more info)
[INFO] [stdout] 
[INFO] [stdout] 
[INFO] [stdout] error[E0433]: failed to resolve: could not find `private` in `swc_common`
[INFO] [stdout]    --> /opt/rustwide/cargo-home/registry/src/github.com-1ecc6299db9ec823/swc_ecma_ast-0.28.0/src/typescript.rs:809:1
[INFO] [stdout]     |
[INFO] [stdout] 809 | #[ast_node]
[INFO] [stdout]     | ^^^^^^^^^^^ could not find `private` in `swc_common`
[INFO] [stdout]     |
[INFO] [stdout]     = note: this error originates in the derive macro `::swc_common::DeserializeEnum` (in Nightly builds, run with -Z macro-backtrace for more info)
[INFO] [stdout] 
[INFO] [stdout] 
[INFO] [stdout] error[E0433]: failed to resolve: could not find `private` in `swc_common`
[INFO] [stdout]    --> /opt/rustwide/cargo-home/registry/src/github.com-1ecc6299db9ec823/swc_ecma_ast-0.28.0/src/typescript.rs:829:1
[INFO] [stdout]     |
[INFO] [stdout] 829 | #[ast_node]
[INFO] [stdout]     | ^^^^^^^^^^^ could not find `private` in `swc_common`
[INFO] [stdout]     |
[INFO] [stdout]     = note: this error originates in the derive macro `::swc_common::DeserializeEnum` (in Nightly builds, run with -Z macro-backtrace for more info)
[INFO] [stdout] 
[INFO] [stdout] 
[INFO] [stdout] error[E0433]: failed to resolve: could not find `private` in `swc_common`
[INFO] [stdout]   --> /opt/rustwide/cargo-home/registry/src/github.com-1ecc6299db9ec823/swc_ecma_ast-0.28.0/src/class.rs:45:1
[INFO] [stdout]    |
[INFO] [stdout] 45 | #[ast_node]
[INFO] [stdout]    | ^^^^^^^^^^^ not found in `swc_common::private::serde::de`
[INFO] [stdout]    |
[INFO] [stdout]    = note: this error originates in the derive macro `::swc_common::DeserializeEnum` (in Nightly builds, run with -Z macro-backtrace for more info)
[INFO] [stdout] help: consider importing this struct
[INFO] [stdout]    |
[INFO] [stdout] 1  | use serde::__private::de::ContentRefDeserializer;
[INFO] [stdout]    |
[INFO] [stdout] 
[INFO] [stdout] 
[INFO] [stdout] error[E0433]: failed to resolve: could not find `private` in `swc_common`
[INFO] [stdout]   --> /opt/rustwide/cargo-home/registry/src/github.com-1ecc6299db9ec823/swc_ecma_ast-0.28.0/src/decl.rs:13:1
[INFO] [stdout]    |
[INFO] [stdout] 13 | #[ast_node]
[INFO] [stdout]    | ^^^^^^^^^^^ not found in `swc_common::private::serde::de`
[INFO] [stdout]    |
[INFO] [stdout]    = note: this error originates in the derive macro `::swc_common::DeserializeEnum` (in Nightly builds, run with -Z macro-backtrace for more info)
[INFO] [stdout] help: consider importing this struct
[INFO] [stdout]    |
[INFO] [stdout] 1  | use serde::__private::de::ContentRefDeserializer;
[INFO] [stdout]    |
[INFO] [stdout] 
[INFO] [stdout] 
[INFO] [stdout] error[E0433]: failed to resolve: could not find `private` in `swc_common`
[INFO] [stdout]   --> /opt/rustwide/cargo-home/registry/src/github.com-1ecc6299db9ec823/swc_ecma_ast-0.28.0/src/expr.rs:22:1
[INFO] [stdout]    |
[INFO] [stdout] 22 | #[ast_node]
[INFO] [stdout]    | ^^^^^^^^^^^ not found in `swc_common::private::serde::de`
[INFO] [stdout]    |
[INFO] [stdout]    = note: this error originates in the derive macro `::swc_common::DeserializeEnum` (in Nightly builds, run with -Z macro-backtrace for more info)
[INFO] [stdout] help: consider importing one of these items
[INFO] [stdout]    |
[INFO] [stdout] 2  | use crate::expr::serde::__private::de::ContentRefDeserializer;
[INFO] [stdout]    |
[INFO] [stdout] 2  | use serde::__private::de::ContentRefDeserializer;
[INFO] [stdout]    |
[INFO] [stdout] 
[INFO] [stdout] 
[INFO] [stdout] error[E0433]: failed to resolve: could not find `private` in `swc_common`
[INFO] [stdout]    --> /opt/rustwide/cargo-home/registry/src/github.com-1ecc6299db9ec823/swc_ecma_ast-0.28.0/src/expr.rs:183:1
[INFO] [stdout]     |
[INFO] [stdout] 183 | #[ast_node]
[INFO] [stdout]     | ^^^^^^^^^^^ not found in `swc_common::private::serde::de`
[INFO] [stdout]     |
[INFO] [stdout]     = note: this error originates in the derive macro `::swc_common::DeserializeEnum` (in Nightly builds, run with -Z macro-backtrace for more info)
[INFO] [stdout] help: consider importing one of these items
[INFO] [stdout]     |
[INFO] [stdout] 2   | use crate::expr::serde::__private::de::ContentRefDeserializer;
[INFO] [stdout]     |
[INFO] [stdout] 2   | use serde::__private::de::ContentRefDeserializer;
[INFO] [stdout]     |
[INFO] [stdout] 
[INFO] [stdout] 
[INFO] [stdout] error[E0433]: failed to resolve: could not find `private` in `swc_common`
[INFO] [stdout]    --> /opt/rustwide/cargo-home/registry/src/github.com-1ecc6299db9ec823/swc_ecma_ast-0.28.0/src/expr.rs:447:1
[INFO] [stdout]     |
[INFO] [stdout] 447 | #[ast_node]
[INFO] [stdout]     | ^^^^^^^^^^^ not found in `swc_common::private::serde::de`
[INFO] [stdout]     |
[INFO] [stdout]     = note: this error originates in the derive macro `::swc_common::DeserializeEnum` (in Nightly builds, run with -Z macro-backtrace for more info)
[INFO] [stdout] help: consider importing one of these items
[INFO] [stdout]     |
[INFO] [stdout] 2   | use crate::expr::serde::__private::de::ContentRefDeserializer;
[INFO] [stdout]     |
[INFO] [stdout] 2   | use serde::__private::de::ContentRefDeserializer;
[INFO] [stdout]     |
[INFO] [stdout] 
[INFO] [stdout] 
[INFO] [stdout] error[E0433]: failed to resolve: could not find `private` in `swc_common`
[INFO] [stdout]    --> /opt/rustwide/cargo-home/registry/src/github.com-1ecc6299db9ec823/swc_ecma_ast-0.28.0/src/expr.rs:484:1
[INFO] [stdout]     |
[INFO] [stdout] 484 | #[ast_node]
[INFO] [stdout]     | ^^^^^^^^^^^ not found in `swc_common::private::serde::de`
[INFO] [stdout]     |
[INFO] [stdout]     = note: this error originates in the derive macro `::swc_common::DeserializeEnum` (in Nightly builds, run with -Z macro-backtrace for more info)
[INFO] [stdout] help: consider importing one of these items
[INFO] [stdout]     |
[INFO] [stdout] 2   | use crate::expr::serde::__private::de::ContentRefDeserializer;
[INFO] [stdout]     |
[INFO] [stdout] 2   | use serde::__private::de::ContentRefDeserializer;
[INFO] [stdout]     |
[INFO] [stdout] 
[INFO] [stdout] 
[INFO] [stdout] error[E0433]: failed to resolve: could not find `private` in `swc_common`
[INFO] [stdout]    --> /opt/rustwide/cargo-home/registry/src/github.com-1ecc6299db9ec823/swc_ecma_ast-0.28.0/src/expr.rs:494:1
[INFO] [stdout]     |
[INFO] [stdout] 494 | #[ast_node]
[INFO] [stdout]     | ^^^^^^^^^^^ not found in `swc_common::private::serde::de`
[INFO] [stdout]     |
[INFO] [stdout]     = note: this error originates in the derive macro `::swc_common::DeserializeEnum` (in Nightly builds, run with -Z macro-backtrace for more info)
[INFO] [stdout] help: consider importing one of these items
[INFO] [stdout]     |
[INFO] [stdout] 2   | use crate::expr::serde::__private::de::ContentRefDeserializer;
[INFO] [stdout]     |
[INFO] [stdout] 2   | use serde::__private::de::ContentRefDeserializer;
[INFO] [stdout]     |
[INFO] [stdout] 
[INFO] [stdout] 
[INFO] [stdout] error[E0433]: failed to resolve: could not find `private` in `swc_common`
[INFO] [stdout]   --> /opt/rustwide/cargo-home/registry/src/github.com-1ecc6299db9ec823/swc_ecma_ast-0.28.0/src/function.rs:47:1
[INFO] [stdout]    |
[INFO] [stdout] 47 | #[ast_node]
[INFO] [stdout]    | ^^^^^^^^^^^ not found in `swc_common::private::serde::de`
[INFO] [stdout]    |
[INFO] [stdout]    = note: this error originates in the derive macro `::swc_common::DeserializeEnum` (in Nightly builds, run with -Z macro-backtrace for more info)
[INFO] [stdout] help: consider importing this struct
[INFO] [stdout]    |
[INFO] [stdout] 1  | use serde::__private::de::ContentRefDeserializer;
[INFO] [stdout]    |
[INFO] [stdout] 
[INFO] [stdout] 
[INFO] [stdout] error[E0433]: failed to resolve: could not find `private` in `swc_common`
[INFO] [stdout]   --> /opt/rustwide/cargo-home/registry/src/github.com-1ecc6299db9ec823/swc_ecma_ast-0.28.0/src/jsx.rs:12:1
[INFO] [stdout]    |
[INFO] [stdout] 12 | #[ast_node]
[INFO] [stdout]    | ^^^^^^^^^^^ not found in `swc_common::private::serde::de`
[INFO] [stdout]    |
[INFO] [stdout]    = note: this error originates in the derive macro `::swc_common::DeserializeEnum` (in Nightly builds, run with -Z macro-backtrace for more info)
[INFO] [stdout] help: consider importing this struct
[INFO] [stdout]    |
[INFO] [stdout] 1  | use serde::__private::de::ContentRefDeserializer;
[INFO] [stdout]    |
[INFO] [stdout] 
[INFO] [stdout] 
[INFO] [stdout] error[E0433]: failed to resolve: could not find `private` in `swc_common`
[INFO] [stdout]   --> /opt/rustwide/cargo-home/registry/src/github.com-1ecc6299db9ec823/swc_ecma_ast-0.28.0/src/jsx.rs:59:1
[INFO] [stdout]    |
[INFO] [stdout] 59 | #[ast_node]
[INFO] [stdout]    | ^^^^^^^^^^^ not found in `swc_common::private::serde::de`
[INFO] [stdout]    |
[INFO] [stdout]    = note: this error originates in the derive macro `::swc_common::DeserializeEnum` (in Nightly builds, run with -Z macro-backtrace for more info)
[INFO] [stdout] help: consider importing this struct
[INFO] [stdout]    |
[INFO] [stdout] 1  | use serde::__private::de::ContentRefDeserializer;
[INFO] [stdout]    |
[INFO] [stdout] 
[INFO] [stdout] 
[INFO] [stdout] error[E0433]: failed to resolve: could not find `private` in `swc_common`
[INFO] [stdout]   --> /opt/rustwide/cargo-home/registry/src/github.com-1ecc6299db9ec823/swc_ecma_ast-0.28.0/src/jsx.rs:77:1
[INFO] [stdout]    |
[INFO] [stdout] 77 | #[ast_node]
[INFO] [stdout]    | ^^^^^^^^^^^ not found in `swc_common::private::serde::de`
[INFO] [stdout]    |
[INFO] [stdout]    = note: this error originates in the derive macro `::swc_common::DeserializeEnum` (in Nightly builds, run with -Z macro-backtrace for more info)
[INFO] [stdout] help: consider importing this struct
[INFO] [stdout]    |
[INFO] [stdout] 1  | use serde::__private::de::ContentRefDeserializer;
[INFO] [stdout]    |
[INFO] [stdout] 
[INFO] [stdout] 
[INFO] [stdout] error[E0433]: failed to resolve: could not find `private` in `swc_common`
[INFO] [stdout]    --> /opt/rustwide/cargo-home/registry/src/github.com-1ecc6299db9ec823/swc_ecma_ast-0.28.0/src/jsx.rs:107:1
[INFO] [stdout]     |
[INFO] [stdout] 107 | #[ast_node]
[INFO] [stdout]     | ^^^^^^^^^^^ not found in `swc_common::private::serde::de`
[INFO] [stdout]     |
[INFO] [stdout]     = note: this error originates in the derive macro `::swc_common::DeserializeEnum` (in Nightly builds, run with -Z macro-backtrace for more info)
[INFO] [stdout] help: consider importing this struct
[INFO] [stdout]     |
[INFO] [stdout] 1   | use serde::__private::de::ContentRefDeserializer;
[INFO] [stdout]     |
[INFO] [stdout] 
[INFO] [stdout] 
[INFO] [stdout] error[E0433]: failed to resolve: could not find `private` in `swc_common`
[INFO] [stdout]    --> /opt/rustwide/cargo-home/registry/src/github.com-1ecc6299db9ec823/swc_ecma_ast-0.28.0/src/jsx.rs:133:1
[INFO] [stdout]     |
[INFO] [stdout] 133 | #[ast_node]
[INFO] [stdout]     | ^^^^^^^^^^^ not found in `swc_common::private::serde::de`
[INFO] [stdout]     |
[INFO] [stdout]     = note: this error originates in the derive macro `::swc_common::DeserializeEnum` (in Nightly builds, run with -Z macro-backtrace for more info)
[INFO] [stdout] help: consider importing this struct
[INFO] [stdout]     |
[INFO] [stdout] 1   | use serde::__private::de::ContentRefDeserializer;
[INFO] [stdout]     |
[INFO] [stdout] 
[INFO] [stdout] 
[INFO] [stdout] error[E0433]: failed to resolve: could not find `private` in `swc_common`
[INFO] [stdout]    --> /opt/rustwide/cargo-home/registry/src/github.com-1ecc6299db9ec823/swc_ecma_ast-0.28.0/src/jsx.rs:142:1
[INFO] [stdout]     |
[INFO] [stdout] 142 | #[ast_node]
[INFO] [stdout]     | ^^^^^^^^^^^ not found in `swc_common::private::serde::de`
[INFO] [stdout]     |
[INFO] [stdout]     = note: this error originates in the derive macro `::swc_common::DeserializeEnum` (in Nightly builds, run with -Z macro-backtrace for more info)
[INFO] [stdout] help: consider importing this struct
[INFO] [stdout]     |
[INFO] [stdout] 1   | use serde::__private::de::ContentRefDeserializer;
[INFO] [stdout]     |
[INFO] [stdout] 
[INFO] [stdout] 
[INFO] [stdout] error[E0433]: failed to resolve: could not find `private` in `swc_common`
[INFO] [stdout]    --> /opt/rustwide/cargo-home/registry/src/github.com-1ecc6299db9ec823/swc_ecma_ast-0.28.0/src/jsx.rs:180:1
[INFO] [stdout]     |
[INFO] [stdout] 180 | #[ast_node]
[INFO] [stdout]     | ^^^^^^^^^^^ not found in `swc_common::private::serde::de`
[INFO] [stdout]     |
[INFO] [stdout]     = note: this error originates in the derive macro `::swc_common::DeserializeEnum` (in Nightly builds, run with -Z macro-backtrace for more info)
[INFO] [stdout] help: consider importing this struct
[INFO] [stdout]     |
[INFO] [stdout] 1   | use serde::__private::de::ContentRefDeserializer;
[INFO] [stdout]     |
[INFO] [stdout] 
[INFO] [stdout] 
[INFO] [stdout] error[E0433]: failed to resolve: could not find `private` in `swc_common`
[INFO] [stdout]   --> /opt/rustwide/cargo-home/registry/src/github.com-1ecc6299db9ec823/swc_ecma_ast-0.28.0/src/lit.rs:11:1
[INFO] [stdout]    |
[INFO] [stdout] 11 | #[ast_node]
[INFO] [stdout]    | ^^^^^^^^^^^ not found in `swc_common::private::serde::de`
[INFO] [stdout]    |
[INFO] [stdout]    = note: this error originates in the derive macro `::swc_common::DeserializeEnum` (in Nightly builds, run with -Z macro-backtrace for more info)
[INFO] [stdout] help: consider importing this struct
[INFO] [stdout]    |
[INFO] [stdout] 1  | use serde::__private::de::ContentRefDeserializer;
[INFO] [stdout]    |
[INFO] [stdout] 
[INFO] [stdout] 
[INFO] [stdout] error[E0433]: failed to resolve: could not find `private` in `swc_common`
[INFO] [stdout]  --> /opt/rustwide/cargo-home/registry/src/github.com-1ecc6299db9ec823/swc_ecma_ast-0.28.0/src/module.rs:6:1
[INFO] [stdout]   |
[INFO] [stdout] 6 | #[ast_node]
[INFO] [stdout]   | ^^^^^^^^^^^ not found in `swc_common::private::serde::de`
[INFO] [stdout]   |
[INFO] [stdout]   = note: this error originates in the derive macro `::swc_common::DeserializeEnum` (in Nightly builds, run with -Z macro-backtrace for more info)
[INFO] [stdout] help: consider importing this struct
[INFO] [stdout]   |
[INFO] [stdout] 1 | use serde::__private::de::ContentRefDeserializer;
[INFO] [stdout]   |
[INFO] [stdout] 
[INFO] [stdout] 
[INFO] [stdout] error[E0433]: failed to resolve: could not find `private` in `swc_common`
[INFO] [stdout]   --> /opt/rustwide/cargo-home/registry/src/github.com-1ecc6299db9ec823/swc_ecma_ast-0.28.0/src/module.rs:37:1
[INFO] [stdout]    |
[INFO] [stdout] 37 | #[ast_node]
[INFO] [stdout]    | ^^^^^^^^^^^ not found in `swc_common::private::serde::de`
[INFO] [stdout]    |
[INFO] [stdout]    = note: this error originates in the derive macro `::swc_common::DeserializeEnum` (in Nightly builds, run with -Z macro-backtrace for more info)
[INFO] [stdout] help: consider importing this struct
[INFO] [stdout]    |
[INFO] [stdout] 1  | use serde::__private::de::ContentRefDeserializer;
[INFO] [stdout]    |
[INFO] [stdout] 
[INFO] [stdout] 
[INFO] [stdout] error[E0433]: failed to resolve: could not find `private` in `swc_common`
[INFO] [stdout]   --> /opt/rustwide/cargo-home/registry/src/github.com-1ecc6299db9ec823/swc_ecma_ast-0.28.0/src/module_decl.rs:11:1
[INFO] [stdout]    |
[INFO] [stdout] 11 | #[ast_node]
[INFO] [stdout]    | ^^^^^^^^^^^ not found in `swc_common::private::serde::de`
[INFO] [stdout]    |
[INFO] [stdout]    = note: this error originates in the derive macro `::swc_common::DeserializeEnum` (in Nightly builds, run with -Z macro-backtrace for more info)
[INFO] [stdout] help: consider importing this struct
[INFO] [stdout]    |
[INFO] [stdout] 1  | use serde::__private::de::ContentRefDeserializer;
[INFO] [stdout]    |
[INFO] [stdout] 
[INFO] [stdout] 
[INFO] [stdout] error[E0433]: failed to resolve: could not find `private` in `swc_common`
[INFO] [stdout]    --> /opt/rustwide/cargo-home/registry/src/github.com-1ecc6299db9ec823/swc_ecma_ast-0.28.0/src/module_decl.rs:109:1
[INFO] [stdout]     |
[INFO] [stdout] 109 | #[ast_node]
[INFO] [stdout]     | ^^^^^^^^^^^ not found in `swc_common::private::serde::de`
[INFO] [stdout]     |
[INFO] [stdout]     = note: this error originates in the derive macro `::swc_common::DeserializeEnum` (in Nightly builds, run with -Z macro-backtrace for more info)
[INFO] [stdout] help: consider importing this struct
[INFO] [stdout]     |
[INFO] [stdout] 1   | use serde::__private::de::ContentRefDeserializer;
[INFO] [stdout]     |
[INFO] [stdout] 
[INFO] [stdout] 
[INFO] [stdout] error[E0433]: failed to resolve: could not find `private` in `swc_common`
[INFO] [stdout]    --> /opt/rustwide/cargo-home/registry/src/github.com-1ecc6299db9ec823/swc_ecma_ast-0.28.0/src/module_decl.rs:123:1
[INFO] [stdout]     |
[INFO] [stdout] 123 | #[ast_node]
[INFO] [stdout]     | ^^^^^^^^^^^ not found in `swc_common::private::serde::de`
[INFO] [stdout]     |
[INFO] [stdout]     = note: this error originates in the derive macro `::swc_common::DeserializeEnum` (in Nightly builds, run with -Z macro-backtrace for more info)
[INFO] [stdout] help: consider importing this struct
[INFO] [stdout]     |
[INFO] [stdout] 1   | use serde::__private::de::ContentRefDeserializer;
[INFO] [stdout]     |
[INFO] [stdout] 
[INFO] [stdout] 
[INFO] [stdout] error[E0433]: failed to resolve: could not find `private` in `swc_common`
[INFO] [stdout]    --> /opt/rustwide/cargo-home/registry/src/github.com-1ecc6299db9ec823/swc_ecma_ast-0.28.0/src/module_decl.rs:164:1
[INFO] [stdout]     |
[INFO] [stdout] 164 | #[ast_node]
[INFO] [stdout]     | ^^^^^^^^^^^ not found in `swc_common::private::serde::de`
[INFO] [stdout]     |
[INFO] [stdout]     = note: this error originates in the derive macro `::swc_common::DeserializeEnum` (in Nightly builds, run with -Z macro-backtrace for more info)
[INFO] [stdout] help: consider importing this struct
[INFO] [stdout]     |
[INFO] [stdout] 1   | use serde::__private::de::ContentRefDeserializer;
[INFO] [stdout]     |
[INFO] [stdout] 
[INFO] [stdout] 
[INFO] [stdout] error[E0433]: failed to resolve: could not find `private` in `swc_common`
[INFO] [stdout]  --> /opt/rustwide/cargo-home/registry/src/github.com-1ecc6299db9ec823/swc_ecma_ast-0.28.0/src/pat.rs:5:1
[INFO] [stdout]   |
[INFO] [stdout] 5 | #[ast_node]
[INFO] [stdout]   | ^^^^^^^^^^^ not found in `swc_common::private::serde::de`
[INFO] [stdout]   |
[INFO] [stdout]   = note: this error originates in the derive macro `::swc_common::DeserializeEnum` (in Nightly builds, run with -Z macro-backtrace for more info)
[INFO] [stdout] help: consider importing this struct
[INFO] [stdout]   |
[INFO] [stdout] 1 | use serde::__private::de::ContentRefDeserializer;
[INFO] [stdout]   |
[INFO] [stdout] 
[INFO] [stdout] 
[INFO] [stdout] error[E0433]: failed to resolve: could not find `private` in `swc_common`
[INFO] [stdout]   --> /opt/rustwide/cargo-home/registry/src/github.com-1ecc6299db9ec823/swc_ecma_ast-0.28.0/src/pat.rs:92:1
[INFO] [stdout]    |
[INFO] [stdout] 92 | #[ast_node]
[INFO] [stdout]    | ^^^^^^^^^^^ not found in `swc_common::private::serde::de`
[INFO] [stdout]    |
[INFO] [stdout]    = note: this error originates in the derive macro `::swc_common::DeserializeEnum` (in Nightly builds, run with -Z macro-backtrace for more info)
[INFO] [stdout] help: consider importing this struct
[INFO] [stdout]    |
[INFO] [stdout] 1  | use serde::__private::de::ContentRefDeserializer;
[INFO] [stdout]    |
[INFO] [stdout] 
[INFO] [stdout] 
[INFO] [stdout] error[E0433]: failed to resolve: could not find `private` in `swc_common`
[INFO] [stdout]   --> /opt/rustwide/cargo-home/registry/src/github.com-1ecc6299db9ec823/swc_ecma_ast-0.28.0/src/prop.rs:13:1
[INFO] [stdout]    |
[INFO] [stdout] 13 | #[ast_node]
[INFO] [stdout]    | ^^^^^^^^^^^ not found in `swc_common::private::serde::de`
[INFO] [stdout]    |
[INFO] [stdout]    = note: this error originates in the derive macro `::swc_common::DeserializeEnum` (in Nightly builds, run with -Z macro-backtrace for more info)
[INFO] [stdout] help: consider importing this struct
[INFO] [stdout]    |
[INFO] [stdout] 1  | use serde::__private::de::ContentRefDeserializer;
[INFO] [stdout]    |
[INFO] [stdout] 
[INFO] [stdout] 
[INFO] [stdout] error[E0433]: failed to resolve: could not find `private` in `swc_common`
[INFO] [stdout]   --> /opt/rustwide/cargo-home/registry/src/github.com-1ecc6299db9ec823/swc_ecma_ast-0.28.0/src/prop.rs:86:1
[INFO] [stdout]    |
[INFO] [stdout] 86 | #[ast_node]
[INFO] [stdout]    | ^^^^^^^^^^^ not found in `swc_common::private::serde::de`
[INFO] [stdout]    |
[INFO] [stdout]    = note: this error originates in the derive macro `::swc_common::DeserializeEnum` (in Nightly builds, run with -Z macro-backtrace for more info)
[INFO] [stdout] help: consider importing this struct
[INFO] [stdout]    |
[INFO] [stdout] 1  | use serde::__private::de::ContentRefDeserializer;
[INFO] [stdout]    |
[INFO] [stdout] 
[INFO] [stdout] 
[INFO] [stdout] error[E0433]: failed to resolve: could not find `private` in `swc_common`
[INFO] [stdout]   --> /opt/rustwide/cargo-home/registry/src/github.com-1ecc6299db9ec823/swc_ecma_ast-0.28.0/src/stmt.rs:20:1
[INFO] [stdout]    |
[INFO] [stdout] 20 | #[ast_node]
[INFO] [stdout]    | ^^^^^^^^^^^ not found in `swc_common::private::serde::de`
[INFO] [stdout]    |
[INFO] [stdout]    = note: this error originates in the derive macro `::swc_common::DeserializeEnum` (in Nightly builds, run with -Z macro-backtrace for more info)
[INFO] [stdout] help: consider importing this struct
[INFO] [stdout]    |
[INFO] [stdout] 1  | use serde::__private::de::ContentRefDeserializer;
[INFO] [stdout]    |
[INFO] [stdout] 
[INFO] [stdout] 
[INFO] [stdout] error[E0433]: failed to resolve: could not find `private` in `swc_common`
[INFO] [stdout]    --> /opt/rustwide/cargo-home/registry/src/github.com-1ecc6299db9ec823/swc_ecma_ast-0.28.0/src/stmt.rs:285:1
[INFO] [stdout]     |
[INFO] [stdout] 285 | #[ast_node]
[INFO] [stdout]     | ^^^^^^^^^^^ not found in `swc_common::private::serde::de`
[INFO] [stdout]     |
[INFO] [stdout]     = note: this error originates in the derive macro `::swc_common::DeserializeEnum` (in Nightly builds, run with -Z macro-backtrace for more info)
[INFO] [stdout] help: consider importing this struct
[INFO] [stdout]     |
[INFO] [stdout] 1   | use serde::__private::de::ContentRefDeserializer;
[INFO] [stdout]     |
[INFO] [stdout] 
[INFO] [stdout] 
[INFO] [stdout] error[E0433]: failed to resolve: could not find `private` in `swc_common`
[INFO] [stdout]    --> /opt/rustwide/cargo-home/registry/src/github.com-1ecc6299db9ec823/swc_ecma_ast-0.28.0/src/stmt.rs:295:1
[INFO] [stdout]     |
[INFO] [stdout] 295 | #[ast_node]
[INFO] [stdout]     | ^^^^^^^^^^^ not found in `swc_common::private::serde::de`
[INFO] [stdout]     |
[INFO] [stdout]     = note: this error originates in the derive macro `::swc_common::DeserializeEnum` (in Nightly builds, run with -Z macro-backtrace for more info)
[INFO] [stdout] help: consider importing this struct
[INFO] [stdout]     |
[INFO] [stdout] 1   | use serde::__private::de::ContentRefDeserializer;
[INFO] [stdout]     |
[INFO] [stdout] 
[INFO] [stdout] 
[INFO] [stdout] error[E0433]: failed to resolve: could not find `private` in `swc_common`
[INFO] [stdout]   --> /opt/rustwide/cargo-home/registry/src/github.com-1ecc6299db9ec823/swc_ecma_ast-0.28.0/src/typescript.rs:80:1
[INFO] [stdout]    |
[INFO] [stdout] 80 | #[ast_node]
[INFO] [stdout]    | ^^^^^^^^^^^ not found in `swc_common::private::serde::de`
[INFO] [stdout]    |
[INFO] [stdout]    = note: this error originates in the derive macro `::swc_common::DeserializeEnum` (in Nightly builds, run with -Z macro-backtrace for more info)
[INFO] [stdout] help: consider importing this struct
[INFO] [stdout]    |
[INFO] [stdout] 3  | use serde::__private::de::ContentRefDeserializer;
[INFO] [stdout]    |
[INFO] [stdout] 
[INFO] [stdout] 
[INFO] [stdout] error[E0433]: failed to resolve: could not find `private` in `swc_common`
[INFO] [stdout]   --> /opt/rustwide/cargo-home/registry/src/github.com-1ecc6299db9ec823/swc_ecma_ast-0.28.0/src/typescript.rs:99:1
[INFO] [stdout]    |
[INFO] [stdout] 99 | #[ast_node]
[INFO] [stdout]    | ^^^^^^^^^^^ not found in `swc_common::private::serde::de`
[INFO] [stdout]    |
[INFO] [stdout]    = note: this error originates in the derive macro `::swc_common::DeserializeEnum` (in Nightly builds, run with -Z macro-backtrace for more info)
[INFO] [stdout] help: consider importing this struct
[INFO] [stdout]    |
[INFO] [stdout] 3  | use serde::__private::de::ContentRefDeserializer;
[INFO] [stdout]    |
[INFO] [stdout] 
[INFO] [stdout] 
[INFO] [stdout] error[E0433]: failed to resolve: could not find `private` in `swc_common`
[INFO] [stdout]    --> /opt/rustwide/cargo-home/registry/src/github.com-1ecc6299db9ec823/swc_ecma_ast-0.28.0/src/typescript.rs:110:1
[INFO] [stdout]     |
[INFO] [stdout] 110 | #[ast_node]
[INFO] [stdout]     | ^^^^^^^^^^^ not found in `swc_common::private::serde::de`
[INFO] [stdout]     |
[INFO] [stdout]     = note: this error originates in the derive macro `::swc_common::DeserializeEnum` (in Nightly builds, run with -Z macro-backtrace for more info)
[INFO] [stdout] help: consider importing this struct
[INFO] [stdout]     |
[INFO] [stdout] 3   | use serde::__private::de::ContentRefDeserializer;
[INFO] [stdout]     |
[INFO] [stdout] 
[INFO] [stdout] 
[INFO] [stdout] error[E0433]: failed to resolve: could not find `private` in `swc_common`
[INFO] [stdout]    --> /opt/rustwide/cargo-home/registry/src/github.com-1ecc6299db9ec823/swc_ecma_ast-0.28.0/src/typescript.rs:133:1
[INFO] [stdout]     |
[INFO] [stdout] 133 | #[ast_node]
[INFO] [stdout]     | ^^^^^^^^^^^ not found in `swc_common::private::serde::de`
[INFO] [stdout]     |
[INFO] [stdout]     = note: this error originates in the derive macro `::swc_common::DeserializeEnum` (in Nightly builds, run with -Z macro-backtrace for more info)
[INFO] [stdout] help: consider importing this struct
[INFO] [stdout]     |
[INFO] [stdout] 3   | use serde::__private::de::ContentRefDeserializer;
[INFO] [stdout]     |
[INFO] [stdout] 
[INFO] [stdout] 
[INFO] [stdout] error[E0433]: failed to resolve: could not find `private` in `swc_common`
[INFO] [stdout]    --> /opt/rustwide/cargo-home/registry/src/github.com-1ecc6299db9ec823/swc_ecma_ast-0.28.0/src/typescript.rs:221:1
[INFO] [stdout]     |
[INFO] [stdout] 221 | #[ast_node]
[INFO] [stdout]     | ^^^^^^^^^^^ not found in `swc_common::private::serde::de`
[INFO] [stdout]     |
[INFO] [stdout]     = note: this error originates in the derive macro `::swc_common::DeserializeEnum` (in Nightly builds, run with -Z macro-backtrace for more info)
[INFO] [stdout] help: consider importing this struct
[INFO] [stdout]     |
[INFO] [stdout] 3   | use serde::__private::de::ContentRefDeserializer;
[INFO] [stdout]     |
[INFO] [stdout] 
[INFO] [stdout] 
[INFO] [stdout] error[E0433]: failed to resolve: could not find `private` in `swc_common`
[INFO] [stdout]    --> /opt/rustwide/cargo-home/registry/src/github.com-1ecc6299db9ec823/swc_ecma_ast-0.28.0/src/typescript.rs:287:1
[INFO] [stdout]     |
[INFO] [stdout] 287 | #[ast_node]
[INFO] [stdout]     | ^^^^^^^^^^^ not found in `swc_common::private::serde::de`
[INFO] [stdout]     |
[INFO] [stdout]     = note: this error originates in the derive macro `::swc_common::DeserializeEnum` (in Nightly builds, run with -Z macro-backtrace for more info)
[INFO] [stdout] help: consider importing this struct
[INFO] [stdout]     |
[INFO] [stdout] 3   | use serde::__private::de::ContentRefDeserializer;
[INFO] [stdout]     |
[INFO] [stdout] 
[INFO] [stdout] 
[INFO] [stdout] error[E0433]: failed to resolve: could not find `private` in `swc_common`
[INFO] [stdout]    --> /opt/rustwide/cargo-home/registry/src/github.com-1ecc6299db9ec823/swc_ecma_ast-0.28.0/src/typescript.rs:372:1
[INFO] [stdout]     |
[INFO] [stdout] 372 | #[ast_node]
[INFO] [stdout]     | ^^^^^^^^^^^ not found in `swc_common::private::serde::de`
[INFO] [stdout]     |
[INFO] [stdout]     = note: this error originates in the derive macro `::swc_common::DeserializeEnum` (in Nightly builds, run with -Z macro-backtrace for more info)
[INFO] [stdout] help: consider importing this struct
[INFO] [stdout]     |
[INFO] [stdout] 3   | use serde::__private::de::ContentRefDeserializer;
[INFO] [stdout]     |
[INFO] [stdout] 
[INFO] [stdout] 
[INFO] [stdout] error[E0433]: failed to resolve: could not find `private` in `swc_common`
[INFO] [stdout]    --> /opt/rustwide/cargo-home/registry/src/github.com-1ecc6299db9ec823/swc_ecma_ast-0.28.0/src/typescript.rs:430:1
[INFO] [stdout]     |
[INFO] [stdout] 430 | #[ast_node]
[INFO] [stdout]     | ^^^^^^^^^^^ not found in `swc_common::private::serde::de`
[INFO] [stdout]     |
[INFO] [stdout]     = note: this error originates in the derive macro `::swc_common::DeserializeEnum` (in Nightly builds, run with -Z macro-backtrace for more info)
[INFO] [stdout] help: consider importing this struct
[INFO] [stdout]     |
[INFO] [stdout] 3   | use serde::__private::de::ContentRefDeserializer;
[INFO] [stdout]     |
[INFO] [stdout] 
[INFO] [stdout] 
[INFO] [stdout] error[E0433]: failed to resolve: could not find `private` in `swc_common`
[INFO] [stdout]    --> /opt/rustwide/cargo-home/registry/src/github.com-1ecc6299db9ec823/swc_ecma_ast-0.28.0/src/typescript.rs:449:1
[INFO] [stdout]     |
[INFO] [stdout] 449 | #[ast_node]
[INFO] [stdout]     | ^^^^^^^^^^^ not found in `swc_common::private::serde::de`
[INFO] [stdout]     |
[INFO] [stdout]     = note: this error originates in the derive macro `::swc_common::DeserializeEnum` (in Nightly builds, run with -Z macro-backtrace for more info)
[INFO] [stdout] help: consider importing this struct
[INFO] [stdout]     |
[INFO] [stdout] 3   | use serde::__private::de::ContentRefDeserializer;
[INFO] [stdout]     |
[INFO] [stdout] 
[INFO] [stdout] 
[INFO] [stdout] error[E0433]: failed to resolve: could not find `private` in `swc_common`
[INFO] [stdout]    --> /opt/rustwide/cargo-home/registry/src/github.com-1ecc6299db9ec823/swc_ecma_ast-0.28.0/src/typescript.rs:515:1
[INFO] [stdout]     |
[INFO] [stdout] 515 | #[ast_node]
[INFO] [stdout]     | ^^^^^^^^^^^ not found in `swc_common::private::serde::de`
[INFO] [stdout]     |
[INFO] [stdout]     = note: this error originates in the derive macro `::swc_common::DeserializeEnum` (in Nightly builds, run with -Z macro-backtrace for more info)
[INFO] [stdout] help: consider importing this struct
[INFO] [stdout]     |
[INFO] [stdout] 3   | use serde::__private::de::ContentRefDeserializer;
[INFO] [stdout]     |
[INFO] [stdout] 
[INFO] [stdout] 
[INFO] [stdout] error[E0433]: failed to resolve: could not find `private` in `swc_common`
[INFO] [stdout]    --> /opt/rustwide/cargo-home/registry/src/github.com-1ecc6299db9ec823/swc_ecma_ast-0.28.0/src/typescript.rs:675:1
[INFO] [stdout]     |
[INFO] [stdout] 675 | #[ast_node]
[INFO] [stdout]     | ^^^^^^^^^^^ not found in `swc_common::private::serde::de`
[INFO] [stdout]     |
[INFO] [stdout]     = note: this error originates in the derive macro `::swc_common::DeserializeEnum` (in Nightly builds, run with -Z macro-backtrace for more info)
[INFO] [stdout] help: consider importing this struct
[INFO] [stdout]     |
[INFO] [stdout] 3   | use serde::__private::de::ContentRefDeserializer;
[INFO] [stdout]     |
[INFO] [stdout] 
[INFO] [stdout] 
[INFO] [stdout] error[E0433]: failed to resolve: could not find `private` in `swc_common`
[INFO] [stdout]    --> /opt/rustwide/cargo-home/registry/src/github.com-1ecc6299db9ec823/swc_ecma_ast-0.28.0/src/typescript.rs:757:1
[INFO] [stdout]     |
[INFO] [stdout] 757 | #[ast_node]
[INFO] [stdout]     | ^^^^^^^^^^^ not found in `swc_common::private::serde::de`
[INFO] [stdout]     |
[INFO] [stdout]     = note: this error originates in the derive macro `::swc_common::DeserializeEnum` (in Nightly builds, run with -Z macro-backtrace for more info)
[INFO] [stdout] help: consider importing this struct
[INFO] [stdout]     |
[INFO] [stdout] 3   | use serde::__private::de::ContentRefDeserializer;
[INFO] [stdout]     |
[INFO] [stdout] 
[INFO] [stdout] 
[INFO] [stdout] error[E0433]: failed to resolve: could not find `private` in `swc_common`
[INFO] [stdout]    --> /opt/rustwide/cargo-home/registry/src/github.com-1ecc6299db9ec823/swc_ecma_ast-0.28.0/src/typescript.rs:781:1
[INFO] [stdout]     |
[INFO] [stdout] 781 | #[ast_node]
[INFO] [stdout]     | ^^^^^^^^^^^ not found in `swc_common::private::serde::de`
[INFO] [stdout]     |
[INFO] [stdout]     = note: this error originates in the derive macro `::swc_common::DeserializeEnum` (in Nightly builds, run with -Z macro-backtrace for more info)
[INFO] [stdout] help: consider importing this struct
[INFO] [stdout]     |
[INFO] [stdout] 3   | use serde::__private::de::ContentRefDeserializer;
[INFO] [stdout]     |
[INFO] [stdout] 
[INFO] [stdout] 
[INFO] [stdout] error[E0433]: failed to resolve: could not find `private` in `swc_common`
[INFO] [stdout]    --> /opt/rustwide/cargo-home/registry/src/github.com-1ecc6299db9ec823/swc_ecma_ast-0.28.0/src/typescript.rs:809:1
[INFO] [stdout]     |
[INFO] [stdout] 809 | #[ast_node]
[INFO] [stdout]     | ^^^^^^^^^^^ not found in `swc_common::private::serde::de`
[INFO] [stdout]     |
[INFO] [stdout]     = note: this error originates in the derive macro `::swc_common::DeserializeEnum` (in Nightly builds, run with -Z macro-backtrace for more info)
[INFO] [stdout] help: consider importing this struct
[INFO] [stdout]     |
[INFO] [stdout] 3   | use serde::__private::de::ContentRefDeserializer;
[INFO] [stdout]     |
[INFO] [stdout] 
[INFO] [stdout] 
[INFO] [stdout] error[E0433]: failed to resolve: could not find `private` in `swc_common`
[INFO] [stdout]    --> /opt/rustwide/cargo-home/registry/src/github.com-1ecc6299db9ec823/swc_ecma_ast-0.28.0/src/typescript.rs:829:1
[INFO] [stdout]     |
[INFO] [stdout] 829 | #[ast_node]
[INFO] [stdout]     | ^^^^^^^^^^^ not found in `swc_common::private::serde::de`
[INFO] [stdout]     |
[INFO] [stdout]     = note: this error originates in the derive macro `::swc_common::DeserializeEnum` (in Nightly builds, run with -Z macro-backtrace for more info)
[INFO] [stdout] help: consider importing this struct
[INFO] [stdout]     |
[INFO] [stdout] 3   | use serde::__private::de::ContentRefDeserializer;
[INFO] [stdout]     |
[INFO] [stdout] 
[INFO] [stdout] 
[INFO] [stdout] error: aborting due to 88 previous errors
[INFO] [stdout] 
[INFO] [stdout] 
[INFO] [stdout] For more information about this error, try `rustc --explain E0433`.
[INFO] [stdout] 
[INFO] [stderr] error: build failed
[INFO] running `Command { std: "docker" "inspect" "f80787f0d6b6c9f397c50c7b9d3e98f7970020595e46615be459f2d7e3156993", kill_on_drop: false }`
[INFO] running `Command { std: "docker" "rm" "-f" "f80787f0d6b6c9f397c50c7b9d3e98f7970020595e46615be459f2d7e3156993", kill_on_drop: false }`
[INFO] [stdout] f80787f0d6b6c9f397c50c7b9d3e98f7970020595e46615be459f2d7e3156993
