[INFO] fetching crate svgparser 0.8.1...
[INFO] checking svgparser-0.8.1 against 1.55.0 for beta-1.56-3
[INFO] extracting crate svgparser 0.8.1 into /workspace/builds/worker-8/source
[INFO] validating manifest of crates.io crate svgparser 0.8.1 on toolchain 1.55.0
[INFO] running `Command { std: "/workspace/cargo-home/bin/cargo" "+1.55.0" "metadata" "--manifest-path" "Cargo.toml" "--no-deps", kill_on_drop: false }`
[INFO] started tweaking crates.io crate svgparser 0.8.1
[INFO] finished tweaking crates.io crate svgparser 0.8.1
[INFO] tweaked toml for crates.io crate svgparser 0.8.1 written to /workspace/builds/worker-8/source/Cargo.toml
[INFO] running `Command { std: "/workspace/cargo-home/bin/cargo" "+1.55.0" "generate-lockfile" "--manifest-path" "Cargo.toml" "-Zno-index-update", kill_on_drop: false }`
[INFO] [stderr]     Blocking waiting for file lock on package cache
[INFO] running `Command { std: "/workspace/cargo-home/bin/cargo" "+1.55.0" "fetch" "--manifest-path" "Cargo.toml", kill_on_drop: false }`
[INFO] [stderr]  Downloading crates ...
[INFO] [stderr]   Downloaded wincolor v0.1.6
[INFO] [stderr]   Downloaded termcolor v0.3.6
[INFO] [stderr]   Downloaded bencher v0.1.5
[INFO] [stderr]   Downloaded stderrlog v0.3.0
[INFO] [stderr]   Downloaded xmlparser v0.3.0
[INFO] [stderr]   Downloaded thread_local v0.3.6
[INFO] running `Command { std: "docker" "create" "-v" "/var/lib/crater-agent-workspace/builds/worker-8/target:/opt/rustwide/target:rw,Z" "-v" "/var/lib/crater-agent-workspace/builds/worker-8/source:/opt/rustwide/workdir:ro,Z" "-v" "/var/lib/crater-agent-workspace/cargo-home:/opt/rustwide/cargo-home:ro,Z" "-v" "/var/lib/crater-agent-workspace/rustup-home:/opt/rustwide/rustup-home:ro,Z" "-e" "SOURCE_DIR=/opt/rustwide/workdir" "-e" "CARGO_TARGET_DIR=/opt/rustwide/target" "-e" "CARGO_HOME=/opt/rustwide/cargo-home" "-e" "RUSTUP_HOME=/opt/rustwide/rustup-home" "-w" "/opt/rustwide/workdir" "-m" "1610612736" "--user" "0:0" "--network" "none" "ghcr.io/rust-lang/crates-build-env/linux@sha256:a89201d6b5b9fd45c15d5952ece0a0129e7e80cb26ec023fd59cf09bc26f1604" "/opt/rustwide/cargo-home/bin/cargo" "+1.55.0" "metadata" "--no-deps" "--format-version=1", kill_on_drop: false }`
[INFO] [stdout] af1ef1177058e400044baf20c3c0cca082c1245f7bac822956377c0194ca7353
[INFO] [stderr] WARNING: Your kernel does not support swap limit capabilities or the cgroup is not mounted. Memory limited without swap.
[INFO] running `Command { std: "docker" "start" "-a" "af1ef1177058e400044baf20c3c0cca082c1245f7bac822956377c0194ca7353", kill_on_drop: false }`
[INFO] running `Command { std: "docker" "inspect" "af1ef1177058e400044baf20c3c0cca082c1245f7bac822956377c0194ca7353", kill_on_drop: false }`
[INFO] running `Command { std: "docker" "rm" "-f" "af1ef1177058e400044baf20c3c0cca082c1245f7bac822956377c0194ca7353", kill_on_drop: false }`
[INFO] [stdout] af1ef1177058e400044baf20c3c0cca082c1245f7bac822956377c0194ca7353
[INFO] running `Command { std: "docker" "create" "-v" "/var/lib/crater-agent-workspace/builds/worker-8/target:/opt/rustwide/target:rw,Z" "-v" "/var/lib/crater-agent-workspace/builds/worker-8/source:/opt/rustwide/workdir:ro,Z" "-v" "/var/lib/crater-agent-workspace/cargo-home:/opt/rustwide/cargo-home:ro,Z" "-v" "/var/lib/crater-agent-workspace/rustup-home:/opt/rustwide/rustup-home:ro,Z" "-e" "SOURCE_DIR=/opt/rustwide/workdir" "-e" "CARGO_TARGET_DIR=/opt/rustwide/target" "-e" "CARGO_INCREMENTAL=0" "-e" "RUST_BACKTRACE=full" "-e" "RUSTFLAGS=--cap-lints=warn" "-e" "CARGO_HOME=/opt/rustwide/cargo-home" "-e" "RUSTUP_HOME=/opt/rustwide/rustup-home" "-w" "/opt/rustwide/workdir" "-m" "1610612736" "--user" "0:0" "--network" "none" "ghcr.io/rust-lang/crates-build-env/linux@sha256:a89201d6b5b9fd45c15d5952ece0a0129e7e80cb26ec023fd59cf09bc26f1604" "/opt/rustwide/cargo-home/bin/cargo" "+1.55.0" "check" "--frozen" "--all" "--all-targets" "--message-format=json", kill_on_drop: false }`
[INFO] [stdout] bc027c3e9ff3533491fa36b187af784bfc2d4532231a4723ea3355d213e0ec75
[INFO] [stderr] WARNING: Your kernel does not support swap limit capabilities or the cgroup is not mounted. Memory limited without swap.
[INFO] running `Command { std: "docker" "start" "-a" "bc027c3e9ff3533491fa36b187af784bfc2d4532231a4723ea3355d213e0ec75", kill_on_drop: false }`
[INFO] [stderr]     Blocking waiting for file lock on package cache
[INFO] [stderr]     Checking termcolor v0.3.6
[INFO] [stderr]     Checking xmlparser v0.3.0
[INFO] [stderr]     Checking stderrlog v0.3.0
[INFO] [stderr]     Checking svgparser v0.8.1 (/opt/rustwide/workdir)
[INFO] [stdout] warning: `...` range patterns are deprecated
[INFO] [stdout]    --> src/path.rs:375:13
[INFO] [stdout]     |
[INFO] [stdout] 375 |         b'0'...b'9' | b'.' | b'-' | b'+' => true,
[INFO] [stdout]     |             ^^^ help: use `..=` for an inclusive range
[INFO] [stdout]     |
[INFO] [stdout]     = note: `#[warn(ellipsis_inclusive_range_patterns)]` on by default
[INFO] [stdout]     = warning: this is accepted in the current edition (Rust 2015) but is a hard error in Rust 2021!
[INFO] [stdout]     = note: for more information, see issue #80165 <https://github.com/rust-lang/rust/issues/80165>
[INFO] [stdout] 
[INFO] [stdout] 
[INFO] [stdout] warning: `...` range patterns are deprecated
[INFO] [stdout]    --> src/style.rs:211:15
[INFO] [stdout]     |
[INFO] [stdout] 211 |           b'0'...b'9'
[INFO] [stdout]     |               ^^^ help: use `..=` for an inclusive range
[INFO] [stdout]     |
[INFO] [stdout]     = warning: this is accepted in the current edition (Rust 2015) but is a hard error in Rust 2021!
[INFO] [stdout]     = note: for more information, see issue #80165 <https://github.com/rust-lang/rust/issues/80165>
[INFO] [stdout] 
[INFO] [stdout] 
[INFO] [stdout] warning: `...` range patterns are deprecated
[INFO] [stdout]    --> src/style.rs:212:15
[INFO] [stdout]     |
[INFO] [stdout] 212 |         | b'A'...b'Z'
[INFO] [stdout]     |               ^^^ help: use `..=` for an inclusive range
[INFO] [stdout]     |
[INFO] [stdout]     = warning: this is accepted in the current edition (Rust 2015) but is a hard error in Rust 2021!
[INFO] [stdout]     = note: for more information, see issue #80165 <https://github.com/rust-lang/rust/issues/80165>
[INFO] [stdout] 
[INFO] [stdout] 
[INFO] [stdout] warning: `...` range patterns are deprecated
[INFO] [stdout]    --> src/style.rs:213:15
[INFO] [stdout]     |
[INFO] [stdout] 213 |         | b'a'...b'z'
[INFO] [stdout]     |               ^^^ help: use `..=` for an inclusive range
[INFO] [stdout]     |
[INFO] [stdout]     = warning: this is accepted in the current edition (Rust 2015) but is a hard error in Rust 2021!
[INFO] [stdout]     = note: for more information, see issue #80165 <https://github.com/rust-lang/rust/issues/80165>
[INFO] [stdout] 
[INFO] [stdout] 
[INFO] [stdout] warning: `...` range patterns are deprecated
[INFO] [stdout]    --> src/color.rs:165:13
[INFO] [stdout]     |
[INFO] [stdout] 165 |         b'0'...b'9' => c - b'0',
[INFO] [stdout]     |             ^^^ help: use `..=` for an inclusive range
[INFO] [stdout]     |
[INFO] [stdout]     = warning: this is accepted in the current edition (Rust 2015) but is a hard error in Rust 2021!
[INFO] [stdout]     = note: for more information, see issue #80165 <https://github.com/rust-lang/rust/issues/80165>
[INFO] [stdout] 
[INFO] [stdout] 
[INFO] [stdout] warning: `...` range patterns are deprecated
[INFO] [stdout]    --> src/color.rs:166:13
[INFO] [stdout]     |
[INFO] [stdout] 166 |         b'a'...b'f' => c - b'a' + 10,
[INFO] [stdout]     |             ^^^ help: use `..=` for an inclusive range
[INFO] [stdout]     |
[INFO] [stdout]     = warning: this is accepted in the current edition (Rust 2015) but is a hard error in Rust 2021!
[INFO] [stdout]     = note: for more information, see issue #80165 <https://github.com/rust-lang/rust/issues/80165>
[INFO] [stdout] 
[INFO] [stdout] 
[INFO] [stdout] warning: `...` range patterns are deprecated
[INFO] [stdout]    --> src/color.rs:167:13
[INFO] [stdout]     |
[INFO] [stdout] 167 |         b'A'...b'F' => c - b'A' + 10,
[INFO] [stdout]     |             ^^^ help: use `..=` for an inclusive range
[INFO] [stdout]     |
[INFO] [stdout]     = warning: this is accepted in the current edition (Rust 2015) but is a hard error in Rust 2021!
[INFO] [stdout]     = note: for more information, see issue #80165 <https://github.com/rust-lang/rust/issues/80165>
[INFO] [stdout] 
[INFO] [stdout] 
[INFO] [stdout] warning: use of deprecated trait `std::ascii::AsciiExt`: use inherent methods instead
[INFO] [stdout]    --> src/color.rs:193:21
[INFO] [stdout]     |
[INFO] [stdout] 193 |     use std::ascii::AsciiExt;
[INFO] [stdout]     |                     ^^^^^^^^
[INFO] [stdout]     |
[INFO] [stdout]     = note: `#[warn(deprecated)]` on by default
[INFO] [stdout] 
[INFO] [stdout] 
[INFO] [stdout] warning: `...` range patterns are deprecated
[INFO] [stdout]    --> src/path.rs:375:13
[INFO] [stdout]     |
[INFO] [stdout] 375 |         b'0'...b'9' | b'.' | b'-' | b'+' => true,
[INFO] [stdout]     |             ^^^ help: use `..=` for an inclusive range
[INFO] [stdout]     |
[INFO] [stdout]     = note: `#[warn(ellipsis_inclusive_range_patterns)]` on by default
[INFO] [stdout]     = warning: this is accepted in the current edition (Rust 2015) but is a hard error in Rust 2021!
[INFO] [stdout]     = note: for more information, see issue #80165 <https://github.com/rust-lang/rust/issues/80165>
[INFO] [stdout] 
[INFO] [stdout] 
[INFO] [stdout] warning: `...` range patterns are deprecated
[INFO] [stdout]    --> src/style.rs:211:15
[INFO] [stdout]     |
[INFO] [stdout] 211 |           b'0'...b'9'
[INFO] [stdout]     |               ^^^ help: use `..=` for an inclusive range
[INFO] [stdout]     |
[INFO] [stdout]     = warning: this is accepted in the current edition (Rust 2015) but is a hard error in Rust 2021!
[INFO] [stdout]     = note: for more information, see issue #80165 <https://github.com/rust-lang/rust/issues/80165>
[INFO] [stdout] 
[INFO] [stdout] 
[INFO] [stdout] warning: `...` range patterns are deprecated
[INFO] [stdout]    --> src/style.rs:212:15
[INFO] [stdout]     |
[INFO] [stdout] 212 |         | b'A'...b'Z'
[INFO] [stdout]     |               ^^^ help: use `..=` for an inclusive range
[INFO] [stdout]     |
[INFO] [stdout]     = warning: this is accepted in the current edition (Rust 2015) but is a hard error in Rust 2021!
[INFO] [stdout]     = note: for more information, see issue #80165 <https://github.com/rust-lang/rust/issues/80165>
[INFO] [stdout] 
[INFO] [stdout] 
[INFO] [stdout] warning: `...` range patterns are deprecated
[INFO] [stdout]    --> src/style.rs:213:15
[INFO] [stdout]     |
[INFO] [stdout] 213 |         | b'a'...b'z'
[INFO] [stdout]     |               ^^^ help: use `..=` for an inclusive range
[INFO] [stdout]     |
[INFO] [stdout]     = warning: this is accepted in the current edition (Rust 2015) but is a hard error in Rust 2021!
[INFO] [stdout]     = note: for more information, see issue #80165 <https://github.com/rust-lang/rust/issues/80165>
[INFO] [stdout] 
[INFO] [stdout] 
[INFO] [stdout] warning: `...` range patterns are deprecated
[INFO] [stdout]    --> src/color.rs:165:13
[INFO] [stdout]     |
[INFO] [stdout] 165 |         b'0'...b'9' => c - b'0',
[INFO] [stdout]     |             ^^^ help: use `..=` for an inclusive range
[INFO] [stdout]     |
[INFO] [stdout]     = warning: this is accepted in the current edition (Rust 2015) but is a hard error in Rust 2021!
[INFO] [stdout]     = note: for more information, see issue #80165 <https://github.com/rust-lang/rust/issues/80165>
[INFO] [stdout] 
[INFO] [stdout] 
[INFO] [stdout] warning: `...` range patterns are deprecated
[INFO] [stdout]    --> src/color.rs:166:13
[INFO] [stdout]     |
[INFO] [stdout] 166 |         b'a'...b'f' => c - b'a' + 10,
[INFO] [stdout]     |             ^^^ help: use `..=` for an inclusive range
[INFO] [stdout]     |
[INFO] [stdout]     = warning: this is accepted in the current edition (Rust 2015) but is a hard error in Rust 2021!
[INFO] [stdout]     = note: for more information, see issue #80165 <https://github.com/rust-lang/rust/issues/80165>
[INFO] [stdout] 
[INFO] [stdout] 
[INFO] [stdout] warning: `...` range patterns are deprecated
[INFO] [stdout]    --> src/color.rs:167:13
[INFO] [stdout]     |
[INFO] [stdout] 167 |         b'A'...b'F' => c - b'A' + 10,
[INFO] [stdout]     |             ^^^ help: use `..=` for an inclusive range
[INFO] [stdout]     |
[INFO] [stdout]     = warning: this is accepted in the current edition (Rust 2015) but is a hard error in Rust 2021!
[INFO] [stdout]     = note: for more information, see issue #80165 <https://github.com/rust-lang/rust/issues/80165>
[INFO] [stdout] 
[INFO] [stdout] 
[INFO] [stdout] warning: use of deprecated trait `std::ascii::AsciiExt`: use inherent methods instead
[INFO] [stdout]    --> src/color.rs:193:21
[INFO] [stdout]     |
[INFO] [stdout] 193 |     use std::ascii::AsciiExt;
[INFO] [stdout]     |                     ^^^^^^^^
[INFO] [stdout]     |
[INFO] [stdout]     = note: `#[warn(deprecated)]` on by default
[INFO] [stdout] 
[INFO] [stdout] 
[INFO] [stdout] warning: 8 warnings emitted
[INFO] [stdout] 
[INFO] [stdout] 
[INFO] [stdout] warning: 8 warnings emitted
[INFO] [stdout] 
[INFO] [stdout] 
[INFO] [stdout] error[E0432]: unresolved import `svgparser::FromSpan`
[INFO] [stdout]   --> benches/path.rs:11:41
[INFO] [stdout]    |
[INFO] [stdout] 11 | use svgparser::{svg, path, AttributeId, FromSpan};
[INFO] [stdout]    |                                         ^^^^^^^^ no `FromSpan` in the root
[INFO] [stdout] 
[INFO] [stdout] 
[INFO] [stdout] error[E0599]: no function or associated item named `from_str` found for struct `svgparser::svg::Tokenizer` in the current scope
[INFO] [stdout]   --> benches/path.rs:23:34
[INFO] [stdout]    |
[INFO] [stdout] 23 |     for token in svg::Tokenizer::from_str(text) {
[INFO] [stdout]    |                                  ^^^^^^^^ function or associated item not found in `svgparser::svg::Tokenizer<'_>`
[INFO] [stdout]    |
[INFO] [stdout]    = help: items from traits can only be used if the trait is in scope
[INFO] [stdout] help: the following trait is implemented but not in scope; perhaps add a `use` for it:
[INFO] [stdout]    |
[INFO] [stdout] 5  | use svgparser::xmlparser::FromSpan;
[INFO] [stdout]    |
[INFO] [stdout] 
[INFO] [stdout] 
[INFO] [stdout] error[E0432]: unresolved import `svgparser::FromSpan`
[INFO] [stdout]   --> benches/parser.rs:11:22
[INFO] [stdout]    |
[INFO] [stdout] 11 | use svgparser::{svg, FromSpan};
[INFO] [stdout]    |                      ^^^^^^^^ no `FromSpan` in the root
[INFO] [stdout] 
[INFO] [stdout] 
[INFO] [stdout] error[E0308]: mismatched types
[INFO] [stdout]   --> benches/path.rs:25:20
[INFO] [stdout]    |
[INFO] [stdout] 25 |             if let svg::Name::Svg(AttributeId::D) = name {
[INFO] [stdout]    |                    ^^^^^^^^^^^^^^^^^^^^^^^^^^^^^^   ---- this expression has type `QName<'_, AttributeId>`
[INFO] [stdout]    |                    |
[INFO] [stdout]    |                    expected struct `QName`, found enum `svgparser::svg::Name`
[INFO] [stdout]    |
[INFO] [stdout]    = note: expected struct `QName<'_, AttributeId>`
[INFO] [stdout]                 found enum `svgparser::svg::Name<'_, _>`
[INFO] [stdout] 
[INFO] [stdout] 
[INFO] [stdout] error[E0599]: no function or associated item named `from_str` found for struct `svgparser::path::Tokenizer` in the current scope
[INFO] [stdout]   --> benches/path.rs:36:35
[INFO] [stdout]    |
[INFO] [stdout] 36 |         for _ in path::Tokenizer::from_str(path) {}
[INFO] [stdout]    |                                   ^^^^^^^^ function or associated item not found in `svgparser::path::Tokenizer<'_>`
[INFO] [stdout]    |
[INFO] [stdout]    = help: items from traits can only be used if the trait is in scope
[INFO] [stdout] help: the following trait is implemented but not in scope; perhaps add a `use` for it:
[INFO] [stdout]    |
[INFO] [stdout] 5  | use svgparser::xmlparser::FromSpan;
[INFO] [stdout]    |
[INFO] [stdout] 
[INFO] [stdout] 
[INFO] [stdout] error: aborting due to 4 previous errors
[INFO] [stdout] 
[INFO] [stdout] 
[INFO] [stdout] Some errors have detailed explanations: E0308, E0432, E0599.
[INFO] [stdout] 
[INFO] [stdout] For more information about an error, try `rustc --explain E0308`.
[INFO] [stdout] 
[INFO] [stderr] error: could not compile `svgparser` due to 5 previous errors
[INFO] [stderr] warning: build failed, waiting for other jobs to finish...
[INFO] [stdout] error[E0599]: no function or associated item named `from_str` found for struct `svgparser::svg::Tokenizer` in the current scope
[INFO] [stdout]   --> benches/parser.rs:22:34
[INFO] [stdout]    |
[INFO] [stdout] 22 |     for token in svg::Tokenizer::from_str(text) {
[INFO] [stdout]    |                                  ^^^^^^^^ function or associated item not found in `svgparser::svg::Tokenizer<'_>`
[INFO] [stdout]    |
[INFO] [stdout]    = help: items from traits can only be used if the trait is in scope
[INFO] [stdout] help: the following trait is implemented but not in scope; perhaps add a `use` for it:
[INFO] [stdout]    |
[INFO] [stdout] 5  | use svgparser::xmlparser::FromSpan;
[INFO] [stdout]    |
[INFO] [stdout] 
[INFO] [stdout] 
[INFO] [stdout] error: aborting due to 2 previous errors
[INFO] [stdout] 
[INFO] [stdout] 
[INFO] [stdout] Some errors have detailed explanations: E0432, E0599.
[INFO] [stdout] 
[INFO] [stdout] For more information about an error, try `rustc --explain E0432`.
[INFO] [stdout] 
[INFO] [stderr] error: build failed
[INFO] running `Command { std: "docker" "inspect" "bc027c3e9ff3533491fa36b187af784bfc2d4532231a4723ea3355d213e0ec75", kill_on_drop: false }`
[INFO] running `Command { std: "docker" "rm" "-f" "bc027c3e9ff3533491fa36b187af784bfc2d4532231a4723ea3355d213e0ec75", kill_on_drop: false }`
[INFO] [stdout] bc027c3e9ff3533491fa36b187af784bfc2d4532231a4723ea3355d213e0ec75
