[INFO] fetching crate susywasmi 0.4.3...
[INFO] checking susywasmi-0.4.3 against beta-2021-10-15 for beta-1.56-3
[INFO] extracting crate susywasmi 0.4.3 into /workspace/builds/worker-9/source
[INFO] validating manifest of crates.io crate susywasmi 0.4.3 on toolchain beta-2021-10-15
[INFO] running `Command { std: "/workspace/cargo-home/bin/cargo" "+beta-2021-10-15" "metadata" "--manifest-path" "Cargo.toml" "--no-deps", kill_on_drop: false }`
[INFO] started tweaking crates.io crate susywasmi 0.4.3
[INFO] finished tweaking crates.io crate susywasmi 0.4.3
[INFO] tweaked toml for crates.io crate susywasmi 0.4.3 written to /workspace/builds/worker-9/source/Cargo.toml
[INFO] running `Command { std: "/workspace/cargo-home/bin/cargo" "+beta-2021-10-15" "generate-lockfile" "--manifest-path" "Cargo.toml" "-Zno-index-update", kill_on_drop: false }`
[INFO] running `Command { std: "/workspace/cargo-home/bin/cargo" "+beta-2021-10-15" "fetch" "--manifest-path" "Cargo.toml", kill_on_drop: false }`
[INFO] [stderr]  Downloading crates ...
[INFO] [stderr]   Downloaded hashmap_core v0.1.11
[INFO] running `Command { std: "docker" "create" "-v" "/var/lib/crater-agent-workspace/builds/worker-9/target:/opt/rustwide/target:rw,Z" "-v" "/var/lib/crater-agent-workspace/builds/worker-9/source:/opt/rustwide/workdir:ro,Z" "-v" "/var/lib/crater-agent-workspace/cargo-home:/opt/rustwide/cargo-home:ro,Z" "-v" "/var/lib/crater-agent-workspace/rustup-home:/opt/rustwide/rustup-home:ro,Z" "-e" "SOURCE_DIR=/opt/rustwide/workdir" "-e" "CARGO_TARGET_DIR=/opt/rustwide/target" "-e" "CARGO_HOME=/opt/rustwide/cargo-home" "-e" "RUSTUP_HOME=/opt/rustwide/rustup-home" "-w" "/opt/rustwide/workdir" "-m" "1610612736" "--user" "0:0" "--network" "none" "ghcr.io/rust-lang/crates-build-env/linux@sha256:a89201d6b5b9fd45c15d5952ece0a0129e7e80cb26ec023fd59cf09bc26f1604" "/opt/rustwide/cargo-home/bin/cargo" "+beta-2021-10-15" "metadata" "--no-deps" "--format-version=1", kill_on_drop: false }`
[INFO] [stdout] 0944a693343a2d6b4b27afe13434342addb4375dfc34c3cf4ee2235fda0bceac
[INFO] [stderr] WARNING: Your kernel does not support swap limit capabilities or the cgroup is not mounted. Memory limited without swap.
[INFO] running `Command { std: "docker" "start" "-a" "0944a693343a2d6b4b27afe13434342addb4375dfc34c3cf4ee2235fda0bceac", kill_on_drop: false }`
[INFO] running `Command { std: "docker" "inspect" "0944a693343a2d6b4b27afe13434342addb4375dfc34c3cf4ee2235fda0bceac", kill_on_drop: false }`
[INFO] running `Command { std: "docker" "rm" "-f" "0944a693343a2d6b4b27afe13434342addb4375dfc34c3cf4ee2235fda0bceac", kill_on_drop: false }`
[INFO] [stdout] 0944a693343a2d6b4b27afe13434342addb4375dfc34c3cf4ee2235fda0bceac
[INFO] running `Command { std: "docker" "create" "-v" "/var/lib/crater-agent-workspace/builds/worker-9/target:/opt/rustwide/target:rw,Z" "-v" "/var/lib/crater-agent-workspace/builds/worker-9/source:/opt/rustwide/workdir:ro,Z" "-v" "/var/lib/crater-agent-workspace/cargo-home:/opt/rustwide/cargo-home:ro,Z" "-v" "/var/lib/crater-agent-workspace/rustup-home:/opt/rustwide/rustup-home:ro,Z" "-e" "SOURCE_DIR=/opt/rustwide/workdir" "-e" "CARGO_TARGET_DIR=/opt/rustwide/target" "-e" "CARGO_INCREMENTAL=0" "-e" "RUST_BACKTRACE=full" "-e" "RUSTFLAGS=--cap-lints=warn" "-e" "CARGO_HOME=/opt/rustwide/cargo-home" "-e" "RUSTUP_HOME=/opt/rustwide/rustup-home" "-w" "/opt/rustwide/workdir" "-m" "1610612736" "--user" "0:0" "--network" "none" "ghcr.io/rust-lang/crates-build-env/linux@sha256:a89201d6b5b9fd45c15d5952ece0a0129e7e80cb26ec023fd59cf09bc26f1604" "/opt/rustwide/cargo-home/bin/cargo" "+beta-2021-10-15" "check" "--frozen" "--all" "--all-targets" "--message-format=json", kill_on_drop: false }`
[INFO] [stderr] WARNING: Your kernel does not support swap limit capabilities or the cgroup is not mounted. Memory limited without swap.
[INFO] [stdout] db1d3062a3b5894c4e79f97adc8a2853c26ee2562cb5ee19a9ccf0cfe5799bbc
[INFO] running `Command { std: "docker" "start" "-a" "db1d3062a3b5894c4e79f97adc8a2853c26ee2562cb5ee19a9ccf0cfe5799bbc", kill_on_drop: false }`
[INFO] [stderr]    Compiling wabt-sys v0.4.0
[INFO] [stderr]     Checking susywasm v0.31.3
[INFO] [stderr]     Checking susywasmi v0.4.3 (/opt/rustwide/workdir)
[INFO] [stdout] warning: trait objects without an explicit `dyn` are deprecated
[INFO] [stdout]    --> src/lib.rs:241:14
[INFO] [stdout]     |
[INFO] [stdout] 241 |     Host(Box<host::HostError>),
[INFO] [stdout]     |              ^^^^^^^^^^^^^^^ help: use `dyn`: `dyn host::HostError`
[INFO] [stdout]     |
[INFO] [stdout]     = note: `#[warn(bare_trait_objects)]` on by default
[INFO] [stdout]     = warning: this is accepted in the current edition (Rust 2015) but is a hard error in Rust 2021!
[INFO] [stdout]     = note: for more information, see <https://doc.rust-lang.org/nightly/edition-guide/rust-2021/warnings-promoted-to-error.html>
[INFO] [stdout] 
[INFO] [stdout] 
[INFO] [stdout] warning: trait objects without an explicit `dyn` are deprecated
[INFO] [stdout]    --> src/lib.rs:275:14
[INFO] [stdout]     |
[INFO] [stdout] 275 |     Host(Box<host::HostError>),
[INFO] [stdout]     |              ^^^^^^^^^^^^^^^ help: use `dyn`: `dyn host::HostError`
[INFO] [stdout]     |
[INFO] [stdout]     = warning: this is accepted in the current edition (Rust 2015) but is a hard error in Rust 2021!
[INFO] [stdout]     = note: for more information, see <https://doc.rust-lang.org/nightly/edition-guide/rust-2021/warnings-promoted-to-error.html>
[INFO] [stdout] 
[INFO] [stdout] 
[INFO] [stdout] warning: trait objects without an explicit `dyn` are deprecated
[INFO] [stdout]    --> src/lib.rs:287:44
[INFO] [stdout]     |
[INFO] [stdout] 287 |     pub fn as_host_error(&self) -> Option<&host::HostError> {
[INFO] [stdout]     |                                            ^^^^^^^^^^^^^^^ help: use `dyn`: `dyn host::HostError`
[INFO] [stdout]     |
[INFO] [stdout]     = warning: this is accepted in the current edition (Rust 2015) but is a hard error in Rust 2021!
[INFO] [stdout]     = note: for more information, see <https://doc.rust-lang.org/nightly/edition-guide/rust-2021/warnings-promoted-to-error.html>
[INFO] [stdout] 
[INFO] [stdout] 
[INFO] [stdout] warning: trait objects without an explicit `dyn` are deprecated
[INFO] [stdout]    --> src/host.rs:117:6
[INFO] [stdout]     |
[INFO] [stdout] 117 | impl HostError {
[INFO] [stdout]     |      ^^^^^^^^^ help: use `dyn`: `dyn HostError`
[INFO] [stdout]     |
[INFO] [stdout]     = warning: this is accepted in the current edition (Rust 2015) but is a hard error in Rust 2021!
[INFO] [stdout]     = note: for more information, see <https://doc.rust-lang.org/nightly/edition-guide/rust-2021/warnings-promoted-to-error.html>
[INFO] [stdout] 
[INFO] [stdout] 
[INFO] [stdout] warning: trait objects without an explicit `dyn` are deprecated
[INFO] [stdout]    --> src/host.rs:121:45
[INFO] [stdout]     |
[INFO] [stdout] 121 |             unsafe { Some(&*(self as *const HostError as *const T)) }
[INFO] [stdout]     |                                             ^^^^^^^^^ help: use `dyn`: `dyn HostError`
[INFO] [stdout]     |
[INFO] [stdout]     = warning: this is accepted in the current edition (Rust 2015) but is a hard error in Rust 2021!
[INFO] [stdout]     = note: for more information, see <https://doc.rust-lang.org/nightly/edition-guide/rust-2021/warnings-promoted-to-error.html>
[INFO] [stdout] 
[INFO] [stdout] 
[INFO] [stdout] warning: trait objects without an explicit `dyn` are deprecated
[INFO] [stdout]    --> src/host.rs:131:47
[INFO] [stdout]     |
[INFO] [stdout] 131 |             unsafe { Some(&mut *(self as *mut HostError as *mut T)) }
[INFO] [stdout]     |                                               ^^^^^^^^^ help: use `dyn`: `dyn HostError`
[INFO] [stdout]     |
[INFO] [stdout]     = warning: this is accepted in the current edition (Rust 2015) but is a hard error in Rust 2021!
[INFO] [stdout]     = note: for more information, see <https://doc.rust-lang.org/nightly/edition-guide/rust-2021/warnings-promoted-to-error.html>
[INFO] [stdout] 
[INFO] [stdout] 
[INFO] [stdout] warning: trait objects without an explicit `dyn` are deprecated
[INFO] [stdout]    --> src/imports.rs:109:34
[INFO] [stdout]     |
[INFO] [stdout] 109 |     modules: HashMap<String, &'a ModuleImportResolver>,
[INFO] [stdout]     |                                  ^^^^^^^^^^^^^^^^^^^^ help: use `dyn`: `dyn ModuleImportResolver`
[INFO] [stdout]     |
[INFO] [stdout]     = warning: this is accepted in the current edition (Rust 2015) but is a hard error in Rust 2021!
[INFO] [stdout]     = note: for more information, see <https://doc.rust-lang.org/nightly/edition-guide/rust-2021/warnings-promoted-to-error.html>
[INFO] [stdout] 
[INFO] [stdout] 
[INFO] [stdout] warning: trait objects without an explicit `dyn` are deprecated
[INFO] [stdout]    --> src/imports.rs:130:23
[INFO] [stdout]     |
[INFO] [stdout] 130 |         resolver: &'a ModuleImportResolver,
[INFO] [stdout]     |                       ^^^^^^^^^^^^^^^^^^^^ help: use `dyn`: `dyn ModuleImportResolver`
[INFO] [stdout]     |
[INFO] [stdout]     = warning: this is accepted in the current edition (Rust 2015) but is a hard error in Rust 2021!
[INFO] [stdout]     = note: for more information, see <https://doc.rust-lang.org/nightly/edition-guide/rust-2021/warnings-promoted-to-error.html>
[INFO] [stdout] 
[INFO] [stdout] 
[INFO] [stdout] warning: trait objects without an explicit `dyn` are deprecated
[INFO] [stdout]    --> src/imports.rs:139:77
[INFO] [stdout]     |
[INFO] [stdout] 139 |     pub fn push_resolver<N: Into<String>>(&mut self, name: N, resolver: &'a ModuleImportResolver) {
[INFO] [stdout]     |                                                                             ^^^^^^^^^^^^^^^^^^^^ help: use `dyn`: `dyn ModuleImportResolver`
[INFO] [stdout]     |
[INFO] [stdout]     = warning: this is accepted in the current edition (Rust 2015) but is a hard error in Rust 2021!
[INFO] [stdout]     = note: for more information, see <https://doc.rust-lang.org/nightly/edition-guide/rust-2021/warnings-promoted-to-error.html>
[INFO] [stdout] 
[INFO] [stdout] 
[INFO] [stdout] warning: trait objects without an explicit `dyn` are deprecated
[INFO] [stdout]    --> src/imports.rs:143:47
[INFO] [stdout]     |
[INFO] [stdout] 143 |     fn resolver(&self, name: &str) -> Option<&ModuleImportResolver> {
[INFO] [stdout]     |                                               ^^^^^^^^^^^^^^^^^^^^ help: use `dyn`: `dyn ModuleImportResolver`
[INFO] [stdout]     |
[INFO] [stdout]     = warning: this is accepted in the current edition (Rust 2015) but is a hard error in Rust 2021!
[INFO] [stdout]     = note: for more information, see <https://doc.rust-lang.org/nightly/edition-guide/rust-2021/warnings-promoted-to-error.html>
[INFO] [stdout] 
[INFO] [stdout] 
[INFO] [stdout] warning: the item `Type` is imported redundantly
[INFO] [stdout]    --> src/validation/mod.rs:153:34
[INFO] [stdout]     |
[INFO] [stdout] 19  |     Module, ResizableLimits, TableType, Type, ValueType,
[INFO] [stdout]     |                                         ---- the item `Type` is already imported here
[INFO] [stdout] ...
[INFO] [stdout] 153 |         use susywasm::elements::{Type, ValueType};
[INFO] [stdout]     |                                  ^^^^
[INFO] [stdout]     |
[INFO] [stdout]     = note: `#[warn(unused_imports)]` on by default
[INFO] [stdout] 
[INFO] [stdout] 
[INFO] [stdout] warning: the item `ValueType` is imported redundantly
[INFO] [stdout]    --> src/validation/mod.rs:153:40
[INFO] [stdout]     |
[INFO] [stdout] 19  |     Module, ResizableLimits, TableType, Type, ValueType,
[INFO] [stdout]     |                                               --------- the item `ValueType` is already imported here
[INFO] [stdout] ...
[INFO] [stdout] 153 |         use susywasm::elements::{Type, ValueType};
[INFO] [stdout]     |                                        ^^^^^^^^^
[INFO] [stdout] 
[INFO] [stdout] 
[INFO] [stdout] warning: 12 warnings emitted
[INFO] [stdout] 
[INFO] [stdout] 
[INFO] [stderr] error: failed to run custom build command for `wabt-sys v0.4.0`
[INFO] [stderr] 
[INFO] [stderr] Caused by:
[INFO] [stderr]   process didn't exit successfully: `/opt/rustwide/target/debug/build/wabt-sys-59aa71912010afac/build-script-build` (exit status: 101)
[INFO] [stderr]   --- stdout
[INFO] [stderr]   CMAKE_TOOLCHAIN_FILE_x86_64-unknown-linux-gnu = None
[INFO] [stderr]   CMAKE_TOOLCHAIN_FILE_x86_64_unknown_linux_gnu = None
[INFO] [stderr]   HOST_CMAKE_TOOLCHAIN_FILE = None
[INFO] [stderr]   CMAKE_TOOLCHAIN_FILE = None
[INFO] [stderr]   CMAKE_GENERATOR_x86_64-unknown-linux-gnu = None
[INFO] [stderr]   CMAKE_GENERATOR_x86_64_unknown_linux_gnu = None
[INFO] [stderr]   HOST_CMAKE_GENERATOR = None
[INFO] [stderr]   CMAKE_GENERATOR = None
[INFO] [stderr]   CMAKE_PREFIX_PATH_x86_64-unknown-linux-gnu = None
[INFO] [stderr]   CMAKE_PREFIX_PATH_x86_64_unknown_linux_gnu = None
[INFO] [stderr]   HOST_CMAKE_PREFIX_PATH = None
[INFO] [stderr]   CMAKE_PREFIX_PATH = None
[INFO] [stderr]   CMAKE_x86_64-unknown-linux-gnu = None
[INFO] [stderr]   CMAKE_x86_64_unknown_linux_gnu = None
[INFO] [stderr]   HOST_CMAKE = None
[INFO] [stderr]   CMAKE = None
[INFO] [stderr]   running: "cmake" "/opt/rustwide/cargo-home/registry/src/github.com-1ecc6299db9ec823/wabt-sys-0.4.0/wabt" "-DBUILD_TESTS=OFF" "-DBUILD_TOOLS=OFF" "-DCMAKE_INSTALL_PREFIX=/opt/rustwide/target/debug/build/wabt-sys-1c505be9c4cd9009/out" "-DCMAKE_C_FLAGS= -ffunction-sections -fdata-sections -fPIC -m64" "-DCMAKE_C_COMPILER=/usr/bin/cc" "-DCMAKE_CXX_FLAGS= -ffunction-sections -fdata-sections -fPIC -m64" "-DCMAKE_CXX_COMPILER=/usr/bin/c++" "-DCMAKE_ASM_FLAGS= -ffunction-sections -fdata-sections -fPIC -m64" "-DCMAKE_ASM_COMPILER=/usr/bin/cc" "-DCMAKE_BUILD_TYPE=Debug"
[INFO] [stderr]   -- The C compiler identification is GNU 9.3.0
[INFO] [stderr]   -- The CXX compiler identification is GNU 9.3.0
[INFO] [stderr]   -- Check for working C compiler: /usr/bin/cc
[INFO] [stderr]   -- Check for working C compiler: /usr/bin/cc -- works
[INFO] [stderr]   -- Detecting C compiler ABI info
[INFO] [stderr]   -- Detecting C compiler ABI info - done
[INFO] [stderr]   -- Detecting C compile features
[INFO] [stderr]   -- Detecting C compile features - done
[INFO] [stderr]   -- Check for working CXX compiler: /usr/bin/c++
[INFO] [stderr]   -- Check for working CXX compiler: /usr/bin/c++ -- works
[INFO] [stderr]   -- Detecting CXX compiler ABI info
[INFO] [stderr]   -- Detecting CXX compiler ABI info - done
[INFO] [stderr]   -- Detecting CXX compile features
[INFO] [stderr]   -- Detecting CXX compile features - done
[INFO] [stderr]   -- Looking for alloca.h
[INFO] [stderr]   -- Looking for alloca.h - found
[INFO] [stderr]   -- Looking for unistd.h
[INFO] [stderr]   -- Looking for unistd.h - found
[INFO] [stderr]   -- Looking for snprintf
[INFO] [stderr]   -- Looking for snprintf - found
[INFO] [stderr]   -- Looking for sysconf
[INFO] [stderr]   -- Looking for sysconf - found
[INFO] [stderr]   -- Looking for strcasecmp
[INFO] [stderr]   -- Looking for strcasecmp - found
[INFO] [stderr]   -- Looking for sys/types.h
[INFO] [stderr]   -- Looking for sys/types.h - found
[INFO] [stderr]   -- Looking for stdint.h
[INFO] [stderr]   -- Looking for stdint.h - found
[INFO] [stderr]   -- Looking for stddef.h
[INFO] [stderr]   -- Looking for stddef.h - found
[INFO] [stderr]   -- Check size of ssize_t
[INFO] [stderr]   -- Check size of ssize_t - done
[INFO] [stderr]   -- Check size of size_t
[INFO] [stderr]   -- Check size of size_t - done
[INFO] [stderr]   -- Found RE2C: /usr/bin/re2c  
[INFO] [stderr]   -- Using generated re2c lexer
[INFO] [stderr]   -- Looking for pthread.h
[INFO] [stderr]   -- Looking for pthread.h - found
[INFO] [stderr]   -- Performing Test CMAKE_HAVE_LIBC_PTHREAD
[INFO] [stderr]   -- Performing Test CMAKE_HAVE_LIBC_PTHREAD - Failed
[INFO] [stderr]   -- Looking for pthread_create in pthreads
[INFO] [stderr]   -- Looking for pthread_create in pthreads - not found
[INFO] [stderr]   -- Looking for pthread_create in pthread
[INFO] [stderr]   -- Looking for pthread_create in pthread - found
[INFO] [stderr]   -- Found Threads: TRUE  
[INFO] [stderr]   -- Found PythonInterp: /usr/bin/python2.7 (found suitable version "2.7.18", minimum required is "2.7") 
[INFO] [stderr]   -- Configuring done
[INFO] [stderr]   -- Generating done
[INFO] [stderr]   -- Build files have been written to: /opt/rustwide/target/debug/build/wabt-sys-1c505be9c4cd9009/out/build
[INFO] [stderr]   running: "cmake" "--build" "." "--config" "Debug" "--parallel" "16"
[INFO] [stderr]   [  2%] [RE2C][WAST_LEXER_GEN_CC] Building lexer with re2c 0.103.0
[INFO] [stderr]   Scanning dependencies of target libwabt
[INFO] [stderr]   [  5%] Building CXX object CMakeFiles/libwabt.dir/src/token.cc.o
[INFO] [stderr]   [  7%] Building CXX object CMakeFiles/libwabt.dir/src/string-view.cc.o
[INFO] [stderr]   [ 12%] Building CXX object CMakeFiles/libwabt.dir/src/opcode.cc.o
[INFO] [stderr]   [ 12%] Building CXX object CMakeFiles/libwabt.dir/src/filenames.cc.o
[INFO] [stderr]   [ 15%] Building CXX object CMakeFiles/libwabt.dir/src/ir.cc.o
[INFO] [stderr]   [ 17%] Building CXX object CMakeFiles/libwabt.dir/src/hash-util.cc.o
[INFO] [stderr]   [ 20%] Building CXX object CMakeFiles/libwabt.dir/src/error-handler.cc.o
[INFO] [stderr]   [ 22%] Building CXX object CMakeFiles/libwabt.dir/src/wast-parser-lexer-shared.cc.o
[INFO] [stderr]   [ 25%] Building CXX object CMakeFiles/libwabt.dir/src/expr-visitor.cc.o
[INFO] [stderr]   [ 27%] Building CXX object CMakeFiles/libwabt.dir/src/lexer-source.cc.o
[INFO] [stderr]   [ 30%] Building CXX object CMakeFiles/libwabt.dir/src/lexer-source-line-finder.cc.o
[INFO] [stderr]   [ 32%] Building CXX object CMakeFiles/libwabt.dir/src/type-checker.cc.o
[INFO] [stderr]   [ 35%] Building CXX object CMakeFiles/libwabt.dir/src/wast-parser.cc.o
[INFO] [stderr]   [ 37%] Building CXX object CMakeFiles/libwabt.dir/wast-lexer-gen.cc.o
[INFO] [stderr]   [ 40%] Building CXX object CMakeFiles/libwabt.dir/src/validator.cc.o
[INFO] [stderr]   [ 42%] Building CXX object CMakeFiles/libwabt.dir/src/binary-reader.cc.o
[INFO] [stderr]   [ 45%] Building CXX object CMakeFiles/libwabt.dir/src/binary-reader-logging.cc.o
[INFO] [stderr]   [ 47%] Building CXX object CMakeFiles/libwabt.dir/src/binary-writer.cc.o
[INFO] [stderr]   [ 50%] Building CXX object CMakeFiles/libwabt.dir/src/binary-writer-spec.cc.o
[INFO] [stderr]   [ 52%] Building CXX object CMakeFiles/libwabt.dir/src/binary-reader-ir.cc.o
[INFO] [stderr]   [ 55%] Building CXX object CMakeFiles/libwabt.dir/src/binding-hash.cc.o
[INFO] [stderr]   [ 57%] Building CXX object CMakeFiles/libwabt.dir/src/wat-writer.cc.o
[INFO] [stderr]   [ 60%] Building CXX object CMakeFiles/libwabt.dir/src/interp.cc.o
[INFO] [stderr]   [ 62%] Building CXX object CMakeFiles/libwabt.dir/src/binary-reader-interp.cc.o
[INFO] [stderr] 
[INFO] [stderr]   --- stderr
[INFO] [stderr]   CMake Warning:
[INFO] [stderr]     Manually-specified variables were not used by the project:
[INFO] [stderr] 
[INFO] [stderr]       CMAKE_ASM_COMPILER
[INFO] [stderr]       CMAKE_ASM_FLAGS
[INFO] [stderr] 
[INFO] [stderr] 
[INFO] [stderr]   make: warning: -j16 forced in submake: resetting jobserver mode.
[INFO] [stderr]   /opt/rustwide/cargo-home/registry/src/github.com-1ecc6299db9ec823/wabt-sys-0.4.0/wabt/src/lexer-source.cc: In member function 'virtual std::unique_ptr<wabt::LexerSource> wabt::LexerSourceFile::Clone()':
[INFO] [stderr]   /opt/rustwide/cargo-home/registry/src/github.com-1ecc6299db9ec823/wabt-sys-0.4.0/wabt/src/lexer-source.cc:41:19: error: redundant move in return statement [-Werror=redundant-move]
[INFO] [stderr]      41 |   return std::move(result);
[INFO] [stderr]         |          ~~~~~~~~~^~~~~~~~
[INFO] [stderr]   /opt/rustwide/cargo-home/registry/src/github.com-1ecc6299db9ec823/wabt-sys-0.4.0/wabt/src/lexer-source.cc:41:19: note: remove 'std::move' call
[INFO] [stderr]   cc1plus: all warnings being treated as errors
[INFO] [stderr]   make[2]: *** [CMakeFiles/libwabt.dir/build.make:171: CMakeFiles/libwabt.dir/src/lexer-source.cc.o] Error 1
[INFO] [stderr]   make[2]: *** Waiting for unfinished jobs....
[INFO] [stderr]   make[1]: *** [CMakeFiles/Makefile2:106: CMakeFiles/libwabt.dir/all] Error 2
[INFO] [stderr]   make: *** [Makefile:84: all] Error 2
[INFO] [stderr]   thread 'main' panicked at '
[INFO] [stderr]   command did not execute successfully, got: exit status: 2
[INFO] [stderr] 
[INFO] [stderr]   build script failed, must exit now', /opt/rustwide/cargo-home/registry/src/github.com-1ecc6299db9ec823/cmake-0.1.46/src/lib.rs:974:5
[INFO] [stderr]   stack backtrace:
[INFO] [stderr]      0:     0x558df60fc7fc - std::backtrace_rs::backtrace::libunwind::trace::h51faa62df48810e4
[INFO] [stderr]                                  at /rustc/58268ff091703ace98c3c2a8c5f2fb2c3aecace2/library/std/src/../../backtrace/src/backtrace/libunwind.rs:90:5
[INFO] [stderr]      1:     0x558df60fc7fc - std::backtrace_rs::backtrace::trace_unsynchronized::h91de4d8e16d607e4
[INFO] [stderr]                                  at /rustc/58268ff091703ace98c3c2a8c5f2fb2c3aecace2/library/std/src/../../backtrace/src/backtrace/mod.rs:66:5
[INFO] [stderr]      2:     0x558df60fc7fc - std::sys_common::backtrace::_print_fmt::h71b0935f97e4322c
[INFO] [stderr]                                  at /rustc/58268ff091703ace98c3c2a8c5f2fb2c3aecace2/library/std/src/sys_common/backtrace.rs:67:5
[INFO] [stderr]      3:     0x558df60fc7fc - <std::sys_common::backtrace::_print::DisplayBacktrace as core::fmt::Display>::fmt::h9a78218788c14e18
[INFO] [stderr]                                  at /rustc/58268ff091703ace98c3c2a8c5f2fb2c3aecace2/library/std/src/sys_common/backtrace.rs:46:22
[INFO] [stderr]      4:     0x558df611ddec - core::fmt::write::h3381b3176fe2b3d3
[INFO] [stderr]                                  at /rustc/58268ff091703ace98c3c2a8c5f2fb2c3aecace2/library/core/src/fmt/mod.rs:1150:17
[INFO] [stderr]      5:     0x558df60f8b05 - std::io::Write::write_fmt::h1d5220480c7a2437
[INFO] [stderr]                                  at /rustc/58268ff091703ace98c3c2a8c5f2fb2c3aecace2/library/std/src/io/mod.rs:1667:15
[INFO] [stderr]      6:     0x558df60fe8d0 - std::sys_common::backtrace::_print::h4b77abc4d907ed0e
[INFO] [stderr]                                  at /rustc/58268ff091703ace98c3c2a8c5f2fb2c3aecace2/library/std/src/sys_common/backtrace.rs:49:5
[INFO] [stderr]      7:     0x558df60fe8d0 - std::sys_common::backtrace::print::hb170c60b542377ad
[INFO] [stderr]                                  at /rustc/58268ff091703ace98c3c2a8c5f2fb2c3aecace2/library/std/src/sys_common/backtrace.rs:36:9
[INFO] [stderr]      8:     0x558df60fe8d0 - std::panicking::default_hook::{{closure}}::h12bbda9af8901ee3
[INFO] [stderr]                                  at /rustc/58268ff091703ace98c3c2a8c5f2fb2c3aecace2/library/std/src/panicking.rs:210:50
[INFO] [stderr]      9:     0x558df60fe487 - std::panicking::default_hook::h8c6c66d3f3ba6768
[INFO] [stderr]                                  at /rustc/58268ff091703ace98c3c2a8c5f2fb2c3aecace2/library/std/src/panicking.rs:227:9
[INFO] [stderr]     10:     0x558df60fef84 - std::panicking::rust_panic_with_hook::h36f2fa0bb09f4069
[INFO] [stderr]                                  at /rustc/58268ff091703ace98c3c2a8c5f2fb2c3aecace2/library/std/src/panicking.rs:624:17
[INFO] [stderr]     11:     0x558df60fea60 - std::panicking::begin_panic_handler::{{closure}}::h9c42b65a42d06a7a
[INFO] [stderr]                                  at /rustc/58268ff091703ace98c3c2a8c5f2fb2c3aecace2/library/std/src/panicking.rs:521:13
[INFO] [stderr]     12:     0x558df60fccc4 - std::sys_common::backtrace::__rust_end_short_backtrace::hc791bddfe31e532c
[INFO] [stderr]                                  at /rustc/58268ff091703ace98c3c2a8c5f2fb2c3aecace2/library/std/src/sys_common/backtrace.rs:141:18
[INFO] [stderr]     13:     0x558df60fe9c9 - rust_begin_unwind
[INFO] [stderr]                                  at /rustc/58268ff091703ace98c3c2a8c5f2fb2c3aecace2/library/std/src/panicking.rs:517:5
[INFO] [stderr]     14:     0x558df605fbcb - std::panicking::begin_panic_fmt::h32ac317c038a272d
[INFO] [stderr]                                  at /rustc/58268ff091703ace98c3c2a8c5f2fb2c3aecace2/library/std/src/panicking.rs:460:5
[INFO] [stderr]     15:     0x558df606af7b - cmake::fail::h487ec6ada033e865
[INFO] [stderr]                                  at /opt/rustwide/cargo-home/registry/src/github.com-1ecc6299db9ec823/cmake-0.1.46/src/lib.rs:974:5
[INFO] [stderr]     16:     0x558df606a999 - cmake::run::hab24d1ade5cb3b60
[INFO] [stderr]                                  at /opt/rustwide/cargo-home/registry/src/github.com-1ecc6299db9ec823/cmake-0.1.46/src/lib.rs:952:9
[INFO] [stderr]     17:     0x558df606784c - cmake::Config::build::hbafbbaa4136f62d3
[INFO] [stderr]                                  at /opt/rustwide/cargo-home/registry/src/github.com-1ecc6299db9ec823/cmake-0.1.46/src/lib.rs:832:9
[INFO] [stderr]     18:     0x558df6060c96 - build_script_build::main::hba579ab0858f81d4
[INFO] [stderr]                                  at /opt/rustwide/cargo-home/registry/src/github.com-1ecc6299db9ec823/wabt-sys-0.4.0/build.rs:7:15
[INFO] [stderr]     19:     0x558df6062a5b - core::ops::function::FnOnce::call_once::h87b34f1153f5ca4e
[INFO] [stderr]                                  at /rustc/58268ff091703ace98c3c2a8c5f2fb2c3aecace2/library/core/src/ops/function.rs:227:5
[INFO] [stderr]     20:     0x558df6061a0e - std::sys_common::backtrace::__rust_begin_short_backtrace::h8106bd9a61fbd1a8
[INFO] [stderr]                                  at /rustc/58268ff091703ace98c3c2a8c5f2fb2c3aecace2/library/std/src/sys_common/backtrace.rs:125:18
[INFO] [stderr]     21:     0x558df60630b1 - std::rt::lang_start::{{closure}}::hd8684ce91c88cbcf
[INFO] [stderr]                                  at /rustc/58268ff091703ace98c3c2a8c5f2fb2c3aecace2/library/std/src/rt.rs:63:18
[INFO] [stderr]     22:     0x558df60ff48a - core::ops::function::impls::<impl core::ops::function::FnOnce<A> for &F>::call_once::hc590b210ed55e22f
[INFO] [stderr]                                  at /rustc/58268ff091703ace98c3c2a8c5f2fb2c3aecace2/library/core/src/ops/function.rs:259:13
[INFO] [stderr]     23:     0x558df60ff48a - std::panicking::try::do_call::h5f0600b7a33ea1af
[INFO] [stderr]                                  at /rustc/58268ff091703ace98c3c2a8c5f2fb2c3aecace2/library/std/src/panicking.rs:403:40
[INFO] [stderr]     24:     0x558df60ff48a - std::panicking::try::he15826df0f376a33
[INFO] [stderr]                                  at /rustc/58268ff091703ace98c3c2a8c5f2fb2c3aecace2/library/std/src/panicking.rs:367:19
[INFO] [stderr]     25:     0x558df60ff48a - std::panic::catch_unwind::hd8af3a578b6b4c86
[INFO] [stderr]                                  at /rustc/58268ff091703ace98c3c2a8c5f2fb2c3aecace2/library/std/src/panic.rs:129:14
[INFO] [stderr]     26:     0x558df60ff48a - std::rt::lang_start_internal::{{closure}}::h301d1329324ae1f0
[INFO] [stderr]                                  at /rustc/58268ff091703ace98c3c2a8c5f2fb2c3aecace2/library/std/src/rt.rs:45:48
[INFO] [stderr]     27:     0x558df60ff48a - std::panicking::try::do_call::h941e8fdb0bd03655
[INFO] [stderr]                                  at /rustc/58268ff091703ace98c3c2a8c5f2fb2c3aecace2/library/std/src/panicking.rs:403:40
[INFO] [stderr]     28:     0x558df60ff48a - std::panicking::try::ha20a77bf65530f63
[INFO] [stderr]                                  at /rustc/58268ff091703ace98c3c2a8c5f2fb2c3aecace2/library/std/src/panicking.rs:367:19
[INFO] [stderr]     29:     0x558df60ff48a - std::panic::catch_unwind::h33afc061cc69ef90
[INFO] [stderr]                                  at /rustc/58268ff091703ace98c3c2a8c5f2fb2c3aecace2/library/std/src/panic.rs:129:14
[INFO] [stderr]     30:     0x558df60ff48a - std::rt::lang_start_internal::hc05c244593147106
[INFO] [stderr]                                  at /rustc/58268ff091703ace98c3c2a8c5f2fb2c3aecace2/library/std/src/rt.rs:45:20
[INFO] [stderr]     31:     0x558df6063080 - std::rt::lang_start::h71a61f9d492cd1e2
[INFO] [stderr]                                  at /rustc/58268ff091703ace98c3c2a8c5f2fb2c3aecace2/library/std/src/rt.rs:62:5
[INFO] [stderr]     32:     0x558df60614fc - main
[INFO] [stderr]     33:     0x7f405a0ac0b3 - __libc_start_main
[INFO] [stderr]     34:     0x558df6060ade - _start
[INFO] [stderr]     35:                0x0 - <unknown>
[INFO] running `Command { std: "docker" "inspect" "db1d3062a3b5894c4e79f97adc8a2853c26ee2562cb5ee19a9ccf0cfe5799bbc", kill_on_drop: false }`
[INFO] running `Command { std: "docker" "rm" "-f" "db1d3062a3b5894c4e79f97adc8a2853c26ee2562cb5ee19a9ccf0cfe5799bbc", kill_on_drop: false }`
[INFO] [stdout] db1d3062a3b5894c4e79f97adc8a2853c26ee2562cb5ee19a9ccf0cfe5799bbc
