[INFO] fetching crate surfman 0.4.3...
[INFO] checking surfman-0.4.3 against 1.55.0 for beta-1.56-3
[INFO] extracting crate surfman 0.4.3 into /workspace/builds/worker-2/source
[INFO] validating manifest of crates.io crate surfman 0.4.3 on toolchain 1.55.0
[INFO] running `Command { std: "/workspace/cargo-home/bin/cargo" "+1.55.0" "metadata" "--manifest-path" "Cargo.toml" "--no-deps", kill_on_drop: false }`
[INFO] started tweaking crates.io crate surfman 0.4.3
[INFO] finished tweaking crates.io crate surfman 0.4.3
[INFO] tweaked toml for crates.io crate surfman 0.4.3 written to /workspace/builds/worker-2/source/Cargo.toml
[INFO] crate crates.io crate surfman 0.4.3 already has a lockfile, it will not be regenerated
[INFO] running `Command { std: "/workspace/cargo-home/bin/cargo" "+1.55.0" "fetch" "--manifest-path" "Cargo.toml", kill_on_drop: false }`
[INFO] [stderr]     Blocking waiting for file lock on package cache
[INFO] running `Command { std: "docker" "create" "-v" "/var/lib/crater-agent-workspace/builds/worker-2/target:/opt/rustwide/target:rw,Z" "-v" "/var/lib/crater-agent-workspace/builds/worker-2/source:/opt/rustwide/workdir:ro,Z" "-v" "/var/lib/crater-agent-workspace/cargo-home:/opt/rustwide/cargo-home:ro,Z" "-v" "/var/lib/crater-agent-workspace/rustup-home:/opt/rustwide/rustup-home:ro,Z" "-e" "SOURCE_DIR=/opt/rustwide/workdir" "-e" "CARGO_TARGET_DIR=/opt/rustwide/target" "-e" "CARGO_HOME=/opt/rustwide/cargo-home" "-e" "RUSTUP_HOME=/opt/rustwide/rustup-home" "-w" "/opt/rustwide/workdir" "-m" "1610612736" "--user" "0:0" "--network" "none" "ghcr.io/rust-lang/crates-build-env/linux@sha256:a89201d6b5b9fd45c15d5952ece0a0129e7e80cb26ec023fd59cf09bc26f1604" "/opt/rustwide/cargo-home/bin/cargo" "+1.55.0" "metadata" "--no-deps" "--format-version=1", kill_on_drop: false }`
[INFO] [stdout] a7e11cd5836f012ecbcf86c2251d7ce1cd04b98621fb0a4aeb7e5d35384c4647
[INFO] [stderr] WARNING: Your kernel does not support swap limit capabilities or the cgroup is not mounted. Memory limited without swap.
[INFO] running `Command { std: "docker" "start" "-a" "a7e11cd5836f012ecbcf86c2251d7ce1cd04b98621fb0a4aeb7e5d35384c4647", kill_on_drop: false }`
[INFO] running `Command { std: "docker" "inspect" "a7e11cd5836f012ecbcf86c2251d7ce1cd04b98621fb0a4aeb7e5d35384c4647", kill_on_drop: false }`
[INFO] running `Command { std: "docker" "rm" "-f" "a7e11cd5836f012ecbcf86c2251d7ce1cd04b98621fb0a4aeb7e5d35384c4647", kill_on_drop: false }`
[INFO] [stdout] a7e11cd5836f012ecbcf86c2251d7ce1cd04b98621fb0a4aeb7e5d35384c4647
[INFO] running `Command { std: "docker" "create" "-v" "/var/lib/crater-agent-workspace/builds/worker-2/target:/opt/rustwide/target:rw,Z" "-v" "/var/lib/crater-agent-workspace/builds/worker-2/source:/opt/rustwide/workdir:ro,Z" "-v" "/var/lib/crater-agent-workspace/cargo-home:/opt/rustwide/cargo-home:ro,Z" "-v" "/var/lib/crater-agent-workspace/rustup-home:/opt/rustwide/rustup-home:ro,Z" "-e" "SOURCE_DIR=/opt/rustwide/workdir" "-e" "CARGO_TARGET_DIR=/opt/rustwide/target" "-e" "CARGO_INCREMENTAL=0" "-e" "RUST_BACKTRACE=full" "-e" "RUSTFLAGS=--cap-lints=warn" "-e" "CARGO_HOME=/opt/rustwide/cargo-home" "-e" "RUSTUP_HOME=/opt/rustwide/rustup-home" "-w" "/opt/rustwide/workdir" "-m" "1610612736" "--user" "0:0" "--network" "none" "ghcr.io/rust-lang/crates-build-env/linux@sha256:a89201d6b5b9fd45c15d5952ece0a0129e7e80cb26ec023fd59cf09bc26f1604" "/opt/rustwide/cargo-home/bin/cargo" "+1.55.0" "check" "--frozen" "--all" "--all-targets" "--message-format=json", kill_on_drop: false }`
[INFO] [stderr] WARNING: Your kernel does not support swap limit capabilities or the cgroup is not mounted. Memory limited without swap.
[INFO] [stdout] e5b5cc1fff8ee00ea74c5ed4b4f3d94fe8d32ebf1ed5f55437e7f8dd0820290c
[INFO] running `Command { std: "docker" "start" "-a" "e5b5cc1fff8ee00ea74c5ed4b4f3d94fe8d32ebf1ed5f55437e7f8dd0820290c", kill_on_drop: false }`
[INFO] [stderr]    Compiling libc v0.2.95
[INFO] [stderr]    Compiling memchr v2.4.0
[INFO] [stderr]    Compiling cfg_aliases v0.1.1
[INFO] [stderr]     Checking libloading v0.7.0
[INFO] [stderr]    Compiling wayland-sys v0.28.5
[INFO] [stderr]    Compiling nom v6.1.2
[INFO] [stderr]     Checking deflate v0.7.20
[INFO] [stderr]    Compiling wayland-scanner v0.28.5
[INFO] [stderr]     Checking andrew v0.3.1
[INFO] [stderr]     Checking wayland-sys v0.24.1
[INFO] [stderr]    Compiling gl v0.14.0
[INFO] [stderr]     Checking euclid v0.20.14
[INFO] [stderr]     Checking dlib v0.5.0
[INFO] [stderr]    Compiling surfman v0.4.3 (/opt/rustwide/workdir)
[INFO] [stderr]     Checking png v0.15.3
[INFO] [stderr]    Compiling wayland-client v0.28.5
[INFO] [stderr]    Compiling wayland-protocols v0.28.5
[INFO] [stderr]     Checking nix v0.20.0
[INFO] [stderr]     Checking net2 v0.2.37
[INFO] [stderr]     Checking iovec v0.1.4
[INFO] [stderr]     Checking nix v0.18.0
[INFO] [stderr]     Checking getrandom v0.1.16
[INFO] [stderr]     Checking parking_lot_core v0.8.3
[INFO] [stderr]     Checking memmap2 v0.1.0
[INFO] [stderr]     Checking x11-dl v2.18.5
[INFO] [stderr]     Checking raw-window-handle v0.3.3
[INFO] [stderr]     Checking parking_lot_core v0.7.2
[INFO] [stderr]     Checking atty v0.2.14
[INFO] [stderr]     Checking clap v2.33.3
[INFO] [stderr]     Checking parking_lot v0.10.2
[INFO] [stderr]     Checking rand_core v0.5.1
[INFO] [stderr]     Checking parking_lot v0.11.1
[INFO] [stderr]     Checking xcursor v0.3.3
[INFO] [stderr]     Checking mio v0.6.23
[INFO] [stderr]     Checking rand_chacha v0.2.2
[INFO] [stderr]     Checking rand v0.7.3
[INFO] [stderr]     Checking mio-extras v2.0.6
[INFO] [stderr]     Checking calloop v0.6.5
[INFO] [stderr]     Checking wayland-commons v0.28.5
[INFO] [stderr]     Checking wayland-cursor v0.28.5
[INFO] [stderr]     Checking smithay-client-toolkit v0.12.3
[INFO] [stderr]     Checking winit v0.24.0
[INFO] [stdout] error[E0432]: unresolved imports `winit::DeviceEvent`, `winit::Event`, `winit::EventsLoop`, `winit::KeyboardInput`, `winit::VirtualKeyCode`
[INFO] [stdout]  --> examples/chaos_game.rs:9:13
[INFO] [stdout]   |
[INFO] [stdout] 9 | use winit::{DeviceEvent, Event, EventsLoop, KeyboardInput, VirtualKeyCode};
[INFO] [stdout]   |             ^^^^^^^^^^^  ^^^^^  ^^^^^^^^^^  ^^^^^^^^^^^^^  ^^^^^^^^^^^^^^ no `VirtualKeyCode` in the root
[INFO] [stdout]   |             |            |      |           |
[INFO] [stdout]   |             |            |      |           no `KeyboardInput` in the root
[INFO] [stdout]   |             |            |      no `EventsLoop` in the root
[INFO] [stdout]   |             |            no `Event` in the root
[INFO] [stdout]   |             no `DeviceEvent` in the root
[INFO] [stdout]   |
[INFO] [stdout] help: a similar name exists in the module
[INFO] [stdout]   |
[INFO] [stdout] 9 | use winit::{DeviceEvent, event, EventsLoop, KeyboardInput, VirtualKeyCode};
[INFO] [stdout]   |                          ^^^^^
[INFO] [stdout] help: a similar name exists in the module
[INFO] [stdout]   |
[INFO] [stdout] 9 | use winit::{DeviceEvent, Event, event_loop, KeyboardInput, VirtualKeyCode};
[INFO] [stdout]   |                                 ^^^^^^^^^^
[INFO] [stdout] 
[INFO] [stdout] 
[INFO] [stdout] error[E0432]: unresolved imports `winit::WindowBuilder`, `winit::WindowEvent`
[INFO] [stdout]   --> examples/chaos_game.rs:10:13
[INFO] [stdout]    |
[INFO] [stdout] 10 | use winit::{WindowBuilder, WindowEvent};
[INFO] [stdout]    |             ^^^^^^^^^^^^^  ^^^^^^^^^^^ no `WindowEvent` in the root
[INFO] [stdout]    |             |
[INFO] [stdout]    |             no `WindowBuilder` in the root
[INFO] [stdout] 
[INFO] [stdout] 
[INFO] [stdout] warning: unused import: `Rng`
[INFO] [stdout]  --> examples/chaos_game.rs:6:18
[INFO] [stdout]   |
[INFO] [stdout] 6 | use rand::{self, Rng};
[INFO] [stdout]   |                  ^^^
[INFO] [stdout]   |
[INFO] [stdout]   = note: `#[warn(unused_imports)]` on by default
[INFO] [stdout] 
[INFO] [stdout] 
[INFO] [stdout] warning: unused imports: `SurfaceAccess`, `SurfaceType`
[INFO] [stdout]  --> examples/chaos_game.rs:7:15
[INFO] [stdout]   |
[INFO] [stdout] 7 | use surfman::{SurfaceAccess, SurfaceType};
[INFO] [stdout]   |               ^^^^^^^^^^^^^  ^^^^^^^^^^^
[INFO] [stdout] 
[INFO] [stdout] 
[INFO] [stdout] warning: unused import: `winit::dpi::PhysicalSize`
[INFO] [stdout]  --> examples/chaos_game.rs:8:5
[INFO] [stdout]   |
[INFO] [stdout] 8 | use winit::dpi::PhysicalSize;
[INFO] [stdout]   |     ^^^^^^^^^^^^^^^^^^^^^^^^
[INFO] [stdout] 
[INFO] [stdout] 
[INFO] [stdout] error[E0432]: unresolved imports `winit::DeviceEvent`, `winit::Event`, `winit::EventsLoop`, `winit::KeyboardInput`, `winit::VirtualKeyCode`
[INFO] [stdout]   --> examples/threads.rs:22:13
[INFO] [stdout]    |
[INFO] [stdout] 22 | use winit::{DeviceEvent, Event, EventsLoop, KeyboardInput, VirtualKeyCode};
[INFO] [stdout]    |             ^^^^^^^^^^^  ^^^^^  ^^^^^^^^^^  ^^^^^^^^^^^^^  ^^^^^^^^^^^^^^ no `VirtualKeyCode` in the root
[INFO] [stdout]    |             |            |      |           |
[INFO] [stdout]    |             |            |      |           no `KeyboardInput` in the root
[INFO] [stdout]    |             |            |      no `EventsLoop` in the root
[INFO] [stdout]    |             |            no `Event` in the root
[INFO] [stdout]    |             no `DeviceEvent` in the root
[INFO] [stdout]    |
[INFO] [stdout] help: a similar name exists in the module
[INFO] [stdout]    |
[INFO] [stdout] 22 | use winit::{DeviceEvent, event, EventsLoop, KeyboardInput, VirtualKeyCode};
[INFO] [stdout]    |                          ^^^^^
[INFO] [stdout] help: a similar name exists in the module
[INFO] [stdout]    |
[INFO] [stdout] 22 | use winit::{DeviceEvent, Event, event_loop, KeyboardInput, VirtualKeyCode};
[INFO] [stdout]    |                                 ^^^^^^^^^^
[INFO] [stdout] 
[INFO] [stdout] 
[INFO] [stdout] error[E0432]: unresolved imports `winit::WindowBuilder`, `winit::WindowEvent`
[INFO] [stdout]   --> examples/threads.rs:24:13
[INFO] [stdout]    |
[INFO] [stdout] 24 | use winit::{WindowBuilder, WindowEvent};
[INFO] [stdout]    |             ^^^^^^^^^^^^^  ^^^^^^^^^^^ no `WindowEvent` in the root
[INFO] [stdout]    |             |
[INFO] [stdout]    |             no `WindowBuilder` in the root
[INFO] [stdout] 
[INFO] [stdout] 
[INFO] [stdout] error: aborting due to 2 previous errors; 3 warnings emitted
[INFO] [stdout] 
[INFO] [stdout] 
[INFO] [stdout] For more information about this error, try `rustc --explain E0432`.
[INFO] [stdout] 
[INFO] [stderr] error: could not compile `surfman` due to 3 previous errors; 3 warnings emitted
[INFO] [stderr] warning: build failed, waiting for other jobs to finish...
[INFO] [stdout] error: aborting due to 2 previous errors
[INFO] [stdout] 
[INFO] [stdout] 
[INFO] [stdout] For more information about this error, try `rustc --explain E0432`.
[INFO] [stdout] 
[INFO] [stderr] error: build failed
[INFO] running `Command { std: "docker" "inspect" "e5b5cc1fff8ee00ea74c5ed4b4f3d94fe8d32ebf1ed5f55437e7f8dd0820290c", kill_on_drop: false }`
[INFO] running `Command { std: "docker" "rm" "-f" "e5b5cc1fff8ee00ea74c5ed4b4f3d94fe8d32ebf1ed5f55437e7f8dd0820290c", kill_on_drop: false }`
[INFO] [stdout] e5b5cc1fff8ee00ea74c5ed4b4f3d94fe8d32ebf1ed5f55437e7f8dd0820290c
