[INFO] fetching crate sunshine-faucet-pallet 0.2.0...
[INFO] checking sunshine-faucet-pallet-0.2.0 against 1.55.0 for beta-1.56-3
[INFO] extracting crate sunshine-faucet-pallet 0.2.0 into /workspace/builds/worker-6/source
[INFO] validating manifest of crates.io crate sunshine-faucet-pallet 0.2.0 on toolchain 1.55.0
[INFO] running `Command { std: "/workspace/cargo-home/bin/cargo" "+1.55.0" "metadata" "--manifest-path" "Cargo.toml" "--no-deps", kill_on_drop: false }`
[INFO] started tweaking crates.io crate sunshine-faucet-pallet 0.2.0
[INFO] finished tweaking crates.io crate sunshine-faucet-pallet 0.2.0
[INFO] tweaked toml for crates.io crate sunshine-faucet-pallet 0.2.0 written to /workspace/builds/worker-6/source/Cargo.toml
[INFO] running `Command { std: "/workspace/cargo-home/bin/cargo" "+1.55.0" "generate-lockfile" "--manifest-path" "Cargo.toml" "-Zno-index-update", kill_on_drop: false }`
[INFO] running `Command { std: "/workspace/cargo-home/bin/cargo" "+1.55.0" "fetch" "--manifest-path" "Cargo.toml", kill_on_drop: false }`
[INFO] running `Command { std: "docker" "create" "-v" "/var/lib/crater-agent-workspace/builds/worker-6/target:/opt/rustwide/target:rw,Z" "-v" "/var/lib/crater-agent-workspace/builds/worker-6/source:/opt/rustwide/workdir:ro,Z" "-v" "/var/lib/crater-agent-workspace/cargo-home:/opt/rustwide/cargo-home:ro,Z" "-v" "/var/lib/crater-agent-workspace/rustup-home:/opt/rustwide/rustup-home:ro,Z" "-e" "SOURCE_DIR=/opt/rustwide/workdir" "-e" "CARGO_TARGET_DIR=/opt/rustwide/target" "-e" "CARGO_HOME=/opt/rustwide/cargo-home" "-e" "RUSTUP_HOME=/opt/rustwide/rustup-home" "-w" "/opt/rustwide/workdir" "-m" "1610612736" "--user" "0:0" "--network" "none" "ghcr.io/rust-lang/crates-build-env/linux@sha256:a89201d6b5b9fd45c15d5952ece0a0129e7e80cb26ec023fd59cf09bc26f1604" "/opt/rustwide/cargo-home/bin/cargo" "+1.55.0" "metadata" "--no-deps" "--format-version=1", kill_on_drop: false }`
[INFO] [stdout] d12a298be7d57510a7edbe48ebec260f1a0cff1c7c64cb1fe4729bd39e3a24a1
[INFO] [stderr] WARNING: Your kernel does not support swap limit capabilities or the cgroup is not mounted. Memory limited without swap.
[INFO] running `Command { std: "docker" "start" "-a" "d12a298be7d57510a7edbe48ebec260f1a0cff1c7c64cb1fe4729bd39e3a24a1", kill_on_drop: false }`
[INFO] running `Command { std: "docker" "inspect" "d12a298be7d57510a7edbe48ebec260f1a0cff1c7c64cb1fe4729bd39e3a24a1", kill_on_drop: false }`
[INFO] running `Command { std: "docker" "rm" "-f" "d12a298be7d57510a7edbe48ebec260f1a0cff1c7c64cb1fe4729bd39e3a24a1", kill_on_drop: false }`
[INFO] [stdout] d12a298be7d57510a7edbe48ebec260f1a0cff1c7c64cb1fe4729bd39e3a24a1
[INFO] running `Command { std: "docker" "create" "-v" "/var/lib/crater-agent-workspace/builds/worker-6/target:/opt/rustwide/target:rw,Z" "-v" "/var/lib/crater-agent-workspace/builds/worker-6/source:/opt/rustwide/workdir:ro,Z" "-v" "/var/lib/crater-agent-workspace/cargo-home:/opt/rustwide/cargo-home:ro,Z" "-v" "/var/lib/crater-agent-workspace/rustup-home:/opt/rustwide/rustup-home:ro,Z" "-e" "SOURCE_DIR=/opt/rustwide/workdir" "-e" "CARGO_TARGET_DIR=/opt/rustwide/target" "-e" "CARGO_INCREMENTAL=0" "-e" "RUST_BACKTRACE=full" "-e" "RUSTFLAGS=--cap-lints=warn" "-e" "CARGO_HOME=/opt/rustwide/cargo-home" "-e" "RUSTUP_HOME=/opt/rustwide/rustup-home" "-w" "/opt/rustwide/workdir" "-m" "1610612736" "--user" "0:0" "--network" "none" "ghcr.io/rust-lang/crates-build-env/linux@sha256:a89201d6b5b9fd45c15d5952ece0a0129e7e80cb26ec023fd59cf09bc26f1604" "/opt/rustwide/cargo-home/bin/cargo" "+1.55.0" "check" "--frozen" "--all" "--all-targets" "--message-format=json", kill_on_drop: false }`
[INFO] [stdout] a3b5f98121cd4e9693d0f88b9c7952375e20905de246581906486fcf1feefdb3
[INFO] [stderr] WARNING: Your kernel does not support swap limit capabilities or the cgroup is not mounted. Memory limited without swap.
[INFO] running `Command { std: "docker" "start" "-a" "a3b5f98121cd4e9693d0f88b9c7952375e20905de246581906486fcf1feefdb3", kill_on_drop: false }`
[INFO] [stderr]    Compiling num-traits v0.2.14
[INFO] [stderr]     Checking statrs v0.10.0
[INFO] [stderr]     Checking trie-db v0.22.6
[INFO] [stderr]    Compiling sp-api-proc-macro v2.0.1
[INFO] [stderr]     Checking memory-db v0.24.1
[INFO] [stderr]     Checking num-integer v0.1.44
[INFO] [stderr]     Checking integer-sqrt v0.1.5
[INFO] [stderr]     Checking num-complex v0.2.4
[INFO] [stderr]     Checking approx v0.3.2
[INFO] [stderr]     Checking sp-arithmetic v2.0.1
[INFO] [stderr]     Checking num-bigint v0.2.6
[INFO] [stderr]     Checking chrono v0.4.19
[INFO] [stderr]     Checking alga v0.9.3
[INFO] [stderr]     Checking tracing-subscriber v0.2.25
[INFO] [stderr]     Checking num-rational v0.2.4
[INFO] [stderr]     Checking wasmi v0.6.2
[INFO] [stderr]     Checking nalgebra v0.18.1
[INFO] [stderr]     Checking sp-tracing v2.0.1
[INFO] [stderr]     Checking sp-wasm-interface v2.0.1
[INFO] [stderr]     Checking sp-runtime-interface v2.0.1
[INFO] [stderr]     Checking sp-core v2.0.1
[INFO] [stderr]     Checking sp-trie v2.0.1
[INFO] [stderr]     Checking sp-inherents v2.0.1
[INFO] [stderr]     Checking frame-metadata v12.0.1
[INFO] [stderr]     Checking sp-state-machine v0.8.1
[INFO] [stderr]     Checking sp-io v2.0.1
[INFO] [stderr]     Checking sp-application-crypto v2.0.1
[INFO] [stderr]     Checking linregress v0.1.7
[INFO] [stderr]     Checking sp-runtime v2.0.1
[INFO] [stderr]     Checking sp-version v2.0.1
[INFO] [stderr]     Checking frame-support v2.0.1
[INFO] [stderr]     Checking sp-api v2.0.1
[INFO] [stderr]     Checking frame-system v2.0.1
[INFO] [stderr]     Checking frame-benchmarking v2.0.1
[INFO] [stderr]     Checking pallet-balances v2.0.1
[INFO] [stderr]     Checking sunshine-faucet-pallet v0.2.0 (/opt/rustwide/workdir)
[INFO] [stdout] warning: unused import: `self as system`
[INFO] [stdout]  --> src/lib.rs:8:20
[INFO] [stdout]   |
[INFO] [stdout] 8 | use frame_system::{self as system, ensure_none, Trait as System};
[INFO] [stdout]   |                    ^^^^^^^^^^^^^^
[INFO] [stdout]   |
[INFO] [stdout]   = note: `#[warn(unused_imports)]` on by default
[INFO] [stdout] 
[INFO] [stdout] 
[INFO] [stdout] error[E0437]: type `ModuleToIndex` is not a member of trait `system::Trait`
[INFO] [stdout]   --> src/mock.rs:46:5
[INFO] [stdout]    |
[INFO] [stdout] 46 |     type ModuleToIndex = ();
[INFO] [stdout]    |     ^^^^^^^^^^^^^^^^^^^^^^^^ not a member of trait `system::Trait`
[INFO] [stdout] 
[INFO] [stdout] 
[INFO] [stdout] warning: unused import: `self as system`
[INFO] [stdout]  --> src/lib.rs:8:20
[INFO] [stdout]   |
[INFO] [stdout] 8 | use frame_system::{self as system, ensure_none, Trait as System};
[INFO] [stdout]   |                    ^^^^^^^^^^^^^^
[INFO] [stdout]   |
[INFO] [stdout]   = note: `#[warn(unused_imports)]` on by default
[INFO] [stdout] 
[INFO] [stdout] 
[INFO] [stdout] error[E0046]: not all trait items implemented, missing: `PalletInfo`, `SystemWeightInfo`
[INFO] [stdout]   --> src/mock.rs:25:1
[INFO] [stdout]    |
[INFO] [stdout] 25 | impl system::Trait for Test {
[INFO] [stdout]    | ^^^^^^^^^^^^^^^^^^^^^^^^^^^ missing `PalletInfo`, `SystemWeightInfo` in implementation
[INFO] [stdout]    |
[INFO] [stdout]    = help: implement the missing item: `type PalletInfo = Type;`
[INFO] [stdout]    = help: implement the missing item: `type SystemWeightInfo = Type;`
[INFO] [stdout] 
[INFO] [stdout] 
[INFO] [stdout] error[E0046]: not all trait items implemented, missing: `WeightInfo`, `MaxLocks`
[INFO] [stdout]   --> src/mock.rs:54:1
[INFO] [stdout]    |
[INFO] [stdout] 54 | impl balances::Trait for Test {
[INFO] [stdout]    | ^^^^^^^^^^^^^^^^^^^^^^^^^^^^^ missing `WeightInfo`, `MaxLocks` in implementation
[INFO] [stdout]    |
[INFO] [stdout]    = help: implement the missing item: `type WeightInfo = Type;`
[INFO] [stdout]    = help: implement the missing item: `type MaxLocks = Type;`
[INFO] [stdout] 
[INFO] [stdout] 
[INFO] [stdout] error: aborting due to 3 previous errors; 1 warning emitted
[INFO] [stdout] 
[INFO] [stdout] 
[INFO] [stdout] Some errors have detailed explanations: E0046, E0437.
[INFO] [stdout] 
[INFO] [stdout] For more information about an error, try `rustc --explain E0046`.
[INFO] [stdout] 
[INFO] [stderr] error: could not compile `sunshine-faucet-pallet` due to 4 previous errors; 1 warning emitted
[INFO] [stderr] warning: build failed, waiting for other jobs to finish...
[INFO] [stdout] warning: 1 warning emitted
[INFO] [stdout] 
[INFO] [stdout] 
[INFO] [stderr] error: build failed
[INFO] running `Command { std: "docker" "inspect" "a3b5f98121cd4e9693d0f88b9c7952375e20905de246581906486fcf1feefdb3", kill_on_drop: false }`
[INFO] running `Command { std: "docker" "rm" "-f" "a3b5f98121cd4e9693d0f88b9c7952375e20905de246581906486fcf1feefdb3", kill_on_drop: false }`
[INFO] [stdout] a3b5f98121cd4e9693d0f88b9c7952375e20905de246581906486fcf1feefdb3
