[INFO] fetching crate sunshine-bounty 0.1.1...
[INFO] checking sunshine-bounty-0.1.1 against 1.55.0 for beta-1.56-3
[INFO] extracting crate sunshine-bounty 0.1.1 into /workspace/builds/worker-10/source
[INFO] validating manifest of crates.io crate sunshine-bounty 0.1.1 on toolchain 1.55.0
[INFO] running `Command { std: "/workspace/cargo-home/bin/cargo" "+1.55.0" "metadata" "--manifest-path" "Cargo.toml" "--no-deps", kill_on_drop: false }`
[INFO] started tweaking crates.io crate sunshine-bounty 0.1.1
[INFO] finished tweaking crates.io crate sunshine-bounty 0.1.1
[INFO] tweaked toml for crates.io crate sunshine-bounty 0.1.1 written to /workspace/builds/worker-10/source/Cargo.toml
[INFO] running `Command { std: "/workspace/cargo-home/bin/cargo" "+1.55.0" "generate-lockfile" "--manifest-path" "Cargo.toml" "-Zno-index-update", kill_on_drop: false }`
[INFO] running `Command { std: "/workspace/cargo-home/bin/cargo" "+1.55.0" "fetch" "--manifest-path" "Cargo.toml", kill_on_drop: false }`
[INFO] running `Command { std: "docker" "create" "-v" "/var/lib/crater-agent-workspace/builds/worker-10/target:/opt/rustwide/target:rw,Z" "-v" "/var/lib/crater-agent-workspace/builds/worker-10/source:/opt/rustwide/workdir:ro,Z" "-v" "/var/lib/crater-agent-workspace/cargo-home:/opt/rustwide/cargo-home:ro,Z" "-v" "/var/lib/crater-agent-workspace/rustup-home:/opt/rustwide/rustup-home:ro,Z" "-e" "SOURCE_DIR=/opt/rustwide/workdir" "-e" "CARGO_TARGET_DIR=/opt/rustwide/target" "-e" "CARGO_HOME=/opt/rustwide/cargo-home" "-e" "RUSTUP_HOME=/opt/rustwide/rustup-home" "-w" "/opt/rustwide/workdir" "-m" "1610612736" "--user" "0:0" "--network" "none" "ghcr.io/rust-lang/crates-build-env/linux@sha256:a89201d6b5b9fd45c15d5952ece0a0129e7e80cb26ec023fd59cf09bc26f1604" "/opt/rustwide/cargo-home/bin/cargo" "+1.55.0" "metadata" "--no-deps" "--format-version=1", kill_on_drop: false }`
[INFO] [stdout] c43d5230fc81594cb3dd878ca4d3112850b99c7db5791b97e5bcffa8e2237c8e
[INFO] [stderr] WARNING: Your kernel does not support swap limit capabilities or the cgroup is not mounted. Memory limited without swap.
[INFO] running `Command { std: "docker" "start" "-a" "c43d5230fc81594cb3dd878ca4d3112850b99c7db5791b97e5bcffa8e2237c8e", kill_on_drop: false }`
[INFO] running `Command { std: "docker" "inspect" "c43d5230fc81594cb3dd878ca4d3112850b99c7db5791b97e5bcffa8e2237c8e", kill_on_drop: false }`
[INFO] running `Command { std: "docker" "rm" "-f" "c43d5230fc81594cb3dd878ca4d3112850b99c7db5791b97e5bcffa8e2237c8e", kill_on_drop: false }`
[INFO] [stdout] c43d5230fc81594cb3dd878ca4d3112850b99c7db5791b97e5bcffa8e2237c8e
[INFO] running `Command { std: "docker" "create" "-v" "/var/lib/crater-agent-workspace/builds/worker-10/target:/opt/rustwide/target:rw,Z" "-v" "/var/lib/crater-agent-workspace/builds/worker-10/source:/opt/rustwide/workdir:ro,Z" "-v" "/var/lib/crater-agent-workspace/cargo-home:/opt/rustwide/cargo-home:ro,Z" "-v" "/var/lib/crater-agent-workspace/rustup-home:/opt/rustwide/rustup-home:ro,Z" "-e" "SOURCE_DIR=/opt/rustwide/workdir" "-e" "CARGO_TARGET_DIR=/opt/rustwide/target" "-e" "CARGO_INCREMENTAL=0" "-e" "RUST_BACKTRACE=full" "-e" "RUSTFLAGS=--cap-lints=warn" "-e" "CARGO_HOME=/opt/rustwide/cargo-home" "-e" "RUSTUP_HOME=/opt/rustwide/rustup-home" "-w" "/opt/rustwide/workdir" "-m" "1610612736" "--user" "0:0" "--network" "none" "ghcr.io/rust-lang/crates-build-env/linux@sha256:a89201d6b5b9fd45c15d5952ece0a0129e7e80cb26ec023fd59cf09bc26f1604" "/opt/rustwide/cargo-home/bin/cargo" "+1.55.0" "check" "--frozen" "--all" "--all-targets" "--message-format=json", kill_on_drop: false }`
[INFO] [stdout] f2bd66bb1692b761e1897edecc91e348adef0a79375d676a36a00e4f6ce43a37
[INFO] [stderr] WARNING: Your kernel does not support swap limit capabilities or the cgroup is not mounted. Memory limited without swap.
[INFO] running `Command { std: "docker" "start" "-a" "f2bd66bb1692b761e1897edecc91e348adef0a79375d676a36a00e4f6ce43a37", kill_on_drop: false }`
[INFO] [stderr]     Checking parking_lot v0.11.2
[INFO] [stderr]    Compiling derive-new v0.5.9
[INFO] [stderr]    Compiling sp-api-proc-macro v2.0.1
[INFO] [stderr]     Checking linregress v0.1.7
[INFO] [stderr]     Checking impl-codec v0.4.2
[INFO] [stderr]     Checking sp-storage v2.0.1
[INFO] [stderr]     Checking sp-wasm-interface v2.0.1
[INFO] [stderr]     Checking sp-arithmetic v2.0.1
[INFO] [stderr]     Checking primitive-types v0.7.3
[INFO] [stderr]     Checking once_cell v1.8.0
[INFO] [stderr]     Checking sp-externalities v0.8.1
[INFO] [stderr]     Checking thread_local v1.1.3
[INFO] [stderr]     Checking tiny-bip39 v0.7.3
[INFO] [stderr]     Checking ahash v0.7.6
[INFO] [stderr]     Checking hashbrown v0.11.2
[INFO] [stderr]     Checking tracing-subscriber v0.2.25
[INFO] [stderr]     Checking trie-db v0.22.6
[INFO] [stderr]     Checking parity-util-mem v0.7.0
[INFO] [stderr]     Checking memory-db v0.24.1
[INFO] [stderr]     Checking sp-tracing v2.0.1
[INFO] [stderr]     Checking sp-runtime-interface v2.0.1
[INFO] [stderr]     Checking sp-core v2.0.1
[INFO] [stderr]     Checking sp-trie v2.0.1
[INFO] [stderr]     Checking sp-inherents v2.0.1
[INFO] [stderr]     Checking frame-metadata v12.0.1
[INFO] [stderr]     Checking sp-state-machine v0.8.1
[INFO] [stderr]     Checking sp-io v2.0.1
[INFO] [stderr]     Checking sp-application-crypto v2.0.1
[INFO] [stderr]     Checking sp-runtime v2.0.1
[INFO] [stderr]     Checking sp-version v2.0.1
[INFO] [stderr]     Checking frame-support v2.0.1
[INFO] [stderr]     Checking sp-api v2.0.1
[INFO] [stderr]     Checking frame-system v2.0.1
[INFO] [stderr]     Checking orml-utilities v0.1.1
[INFO] [stderr]     Checking frame-benchmarking v2.0.1
[INFO] [stderr]     Checking sunshine-util v0.1.1
[INFO] [stderr]     Checking pallet-balances v2.0.1
[INFO] [stderr]     Checking sunshine-org v0.1.1
[INFO] [stderr]     Checking sunshine-donate v0.1.1
[INFO] [stderr]     Checking sunshine-vote v0.1.1
[INFO] [stderr]     Checking sunshine-bank v0.1.1
[INFO] [stderr]     Checking sunshine-bounty v0.1.1 (/opt/rustwide/workdir)
[INFO] [stdout] warning: unused import: `self as system`
[INFO] [stdout]   --> src/lib.rs:33:5
[INFO] [stdout]    |
[INFO] [stdout] 33 |     self as system,
[INFO] [stdout]    |     ^^^^^^^^^^^^^^
[INFO] [stdout]    |
[INFO] [stdout]    = note: `#[warn(unused_imports)]` on by default
[INFO] [stdout] 
[INFO] [stdout] 
[INFO] [stdout] error[E0437]: type `ModuleToIndex` is not a member of trait `frame_system::Trait`
[INFO] [stdout]   --> src/tests.rs:71:5
[INFO] [stdout]    |
[INFO] [stdout] 71 |     type ModuleToIndex = ();
[INFO] [stdout]    |     ^^^^^^^^^^^^^^^^^^^^^^^^ not a member of trait `frame_system::Trait`
[INFO] [stdout] 
[INFO] [stdout] 
[INFO] [stdout] error[E0046]: not all trait items implemented, missing: `PalletInfo`, `SystemWeightInfo`
[INFO] [stdout]   --> src/tests.rs:51:1
[INFO] [stdout]    |
[INFO] [stdout] 51 | impl frame_system::Trait for Test {
[INFO] [stdout]    | ^^^^^^^^^^^^^^^^^^^^^^^^^^^^^^^^^ missing `PalletInfo`, `SystemWeightInfo` in implementation
[INFO] [stdout]    |
[INFO] [stdout]    = help: implement the missing item: `type PalletInfo = Type;`
[INFO] [stdout]    = help: implement the missing item: `type SystemWeightInfo = Type;`
[INFO] [stdout] 
[INFO] [stdout] 
[INFO] [stdout] error[E0046]: not all trait items implemented, missing: `WeightInfo`, `MaxLocks`
[INFO] [stdout]   --> src/tests.rs:80:1
[INFO] [stdout]    |
[INFO] [stdout] 80 | impl pallet_balances::Trait for Test {
[INFO] [stdout]    | ^^^^^^^^^^^^^^^^^^^^^^^^^^^^^^^^^^^^ missing `WeightInfo`, `MaxLocks` in implementation
[INFO] [stdout]    |
[INFO] [stdout]    = help: implement the missing item: `type WeightInfo = Type;`
[INFO] [stdout]    = help: implement the missing item: `type MaxLocks = Type;`
[INFO] [stdout] 
[INFO] [stdout] 
[INFO] [stdout] error: aborting due to 3 previous errors
[INFO] [stdout] 
[INFO] [stdout] 
[INFO] [stdout] Some errors have detailed explanations: E0046, E0437.
[INFO] [stdout] 
[INFO] [stdout] For more information about an error, try `rustc --explain E0046`.
[INFO] [stdout] 
[INFO] [stderr] error: could not compile `sunshine-bounty` due to 4 previous errors
[INFO] [stderr] warning: build failed, waiting for other jobs to finish...
[INFO] [stdout] warning: 1 warning emitted
[INFO] [stdout] 
[INFO] [stdout] 
[INFO] [stderr] error: build failed
[INFO] running `Command { std: "docker" "inspect" "f2bd66bb1692b761e1897edecc91e348adef0a79375d676a36a00e4f6ce43a37", kill_on_drop: false }`
[INFO] running `Command { std: "docker" "rm" "-f" "f2bd66bb1692b761e1897edecc91e348adef0a79375d676a36a00e4f6ce43a37", kill_on_drop: false }`
[INFO] [stdout] f2bd66bb1692b761e1897edecc91e348adef0a79375d676a36a00e4f6ce43a37
