[INFO] fetching crate substrate-keybase-keystore 0.2.0...
[INFO] checking substrate-keybase-keystore-0.2.0 against beta-2021-10-15 for beta-1.56-3
[INFO] extracting crate substrate-keybase-keystore 0.2.0 into /workspace/builds/worker-11/source
[INFO] validating manifest of crates.io crate substrate-keybase-keystore 0.2.0 on toolchain beta-2021-10-15
[INFO] running `Command { std: "/workspace/cargo-home/bin/cargo" "+beta-2021-10-15" "metadata" "--manifest-path" "Cargo.toml" "--no-deps", kill_on_drop: false }`
[INFO] started tweaking crates.io crate substrate-keybase-keystore 0.2.0
[INFO] finished tweaking crates.io crate substrate-keybase-keystore 0.2.0
[INFO] tweaked toml for crates.io crate substrate-keybase-keystore 0.2.0 written to /workspace/builds/worker-11/source/Cargo.toml
[INFO] running `Command { std: "/workspace/cargo-home/bin/cargo" "+beta-2021-10-15" "generate-lockfile" "--manifest-path" "Cargo.toml" "-Zno-index-update", kill_on_drop: false }`
[INFO] [stderr]     Blocking waiting for file lock on package cache
[INFO] running `Command { std: "/workspace/cargo-home/bin/cargo" "+beta-2021-10-15" "fetch" "--manifest-path" "Cargo.toml", kill_on_drop: false }`
[INFO] [stderr]     Blocking waiting for file lock on package cache
[INFO] [stderr]     Blocking waiting for file lock on package cache
[INFO] running `Command { std: "docker" "create" "-v" "/var/lib/crater-agent-workspace/builds/worker-11/target:/opt/rustwide/target:rw,Z" "-v" "/var/lib/crater-agent-workspace/builds/worker-11/source:/opt/rustwide/workdir:ro,Z" "-v" "/var/lib/crater-agent-workspace/cargo-home:/opt/rustwide/cargo-home:ro,Z" "-v" "/var/lib/crater-agent-workspace/rustup-home:/opt/rustwide/rustup-home:ro,Z" "-e" "SOURCE_DIR=/opt/rustwide/workdir" "-e" "CARGO_TARGET_DIR=/opt/rustwide/target" "-e" "CARGO_HOME=/opt/rustwide/cargo-home" "-e" "RUSTUP_HOME=/opt/rustwide/rustup-home" "-w" "/opt/rustwide/workdir" "-m" "1610612736" "--user" "0:0" "--network" "none" "ghcr.io/rust-lang/crates-build-env/linux@sha256:a89201d6b5b9fd45c15d5952ece0a0129e7e80cb26ec023fd59cf09bc26f1604" "/opt/rustwide/cargo-home/bin/cargo" "+beta-2021-10-15" "metadata" "--no-deps" "--format-version=1", kill_on_drop: false }`
[INFO] [stdout] f9290f64e41d97134cca52432d5f0f4bac4cf74965e94a66ad2d8ba436fcd31d
[INFO] [stderr] WARNING: Your kernel does not support swap limit capabilities or the cgroup is not mounted. Memory limited without swap.
[INFO] running `Command { std: "docker" "start" "-a" "f9290f64e41d97134cca52432d5f0f4bac4cf74965e94a66ad2d8ba436fcd31d", kill_on_drop: false }`
[INFO] running `Command { std: "docker" "inspect" "f9290f64e41d97134cca52432d5f0f4bac4cf74965e94a66ad2d8ba436fcd31d", kill_on_drop: false }`
[INFO] running `Command { std: "docker" "rm" "-f" "f9290f64e41d97134cca52432d5f0f4bac4cf74965e94a66ad2d8ba436fcd31d", kill_on_drop: false }`
[INFO] [stdout] f9290f64e41d97134cca52432d5f0f4bac4cf74965e94a66ad2d8ba436fcd31d
[INFO] running `Command { std: "docker" "create" "-v" "/var/lib/crater-agent-workspace/builds/worker-11/target:/opt/rustwide/target:rw,Z" "-v" "/var/lib/crater-agent-workspace/builds/worker-11/source:/opt/rustwide/workdir:ro,Z" "-v" "/var/lib/crater-agent-workspace/cargo-home:/opt/rustwide/cargo-home:ro,Z" "-v" "/var/lib/crater-agent-workspace/rustup-home:/opt/rustwide/rustup-home:ro,Z" "-e" "SOURCE_DIR=/opt/rustwide/workdir" "-e" "CARGO_TARGET_DIR=/opt/rustwide/target" "-e" "CARGO_INCREMENTAL=0" "-e" "RUST_BACKTRACE=full" "-e" "RUSTFLAGS=--cap-lints=warn" "-e" "CARGO_HOME=/opt/rustwide/cargo-home" "-e" "RUSTUP_HOME=/opt/rustwide/rustup-home" "-w" "/opt/rustwide/workdir" "-m" "1610612736" "--user" "0:0" "--network" "none" "ghcr.io/rust-lang/crates-build-env/linux@sha256:a89201d6b5b9fd45c15d5952ece0a0129e7e80cb26ec023fd59cf09bc26f1604" "/opt/rustwide/cargo-home/bin/cargo" "+beta-2021-10-15" "check" "--frozen" "--all" "--all-targets" "--message-format=json", kill_on_drop: false }`
[INFO] [stdout] 31212fe3362871198a4801326d8be283789b54ad4f90650d4e80653168230ed1
[INFO] [stderr] WARNING: Your kernel does not support swap limit capabilities or the cgroup is not mounted. Memory limited without swap.
[INFO] running `Command { std: "docker" "start" "-a" "31212fe3362871198a4801326d8be283789b54ad4f90650d4e80653168230ed1", kill_on_drop: false }`
[INFO] [stderr]    Compiling parking_lot_core v0.8.5
[INFO] [stderr]     Checking ahash v0.7.6
[INFO] [stderr]     Checking broadcaster v1.0.0
[INFO] [stderr]     Checking ahash v0.2.19
[INFO] [stderr]     Checking futures v0.3.17
[INFO] [stderr]     Checking curve25519-dalek v3.2.0
[INFO] [stderr]     Checking libsecp256k1 v0.3.5
[INFO] [stderr]     Checking secrecy v0.6.0
[INFO] [stderr]    Compiling sp-api-proc-macro v2.0.1
[INFO] [stderr]     Checking parity-scale-codec v1.3.7
[INFO] [stderr]     Checking libipld-core v0.3.1
[INFO] [stderr]     Checking tokio-util v0.3.1
[INFO] [stderr]     Checking jsonrpc-client-transports v14.2.1
[INFO] [stderr]     Checking rw-stream-sink v0.2.1
[INFO] [stderr]     Checking multistream-select v0.8.5
[INFO] [stderr]     Checking wasm-timer v0.2.5
[INFO] [stderr]     Checking sp-utils v2.0.1
[INFO] [stderr]     Checking soketto v0.3.2
[INFO] [stderr]     Checking async-tls v0.6.0
[INFO] [stderr]     Checking hashbrown v0.11.2
[INFO] [stderr]     Checking async-std v1.5.0
[INFO] [stderr]     Checking libipld-macro v0.3.0
[INFO] [stderr]     Checking hashbrown v0.6.3
[INFO] [stderr]    Compiling parking_lot v0.11.2
[INFO] [stderr]     Checking jsonrpc-core-client v14.2.0
[INFO] [stderr]     Checking ed25519-dalek v1.0.1
[INFO] [stderr]     Checking trie-db v0.22.6
[INFO] [stderr]     Checking indexmap v1.7.0
[INFO] [stderr]    Compiling once_cell v1.8.0
[INFO] [stderr]     Checking lru v0.4.3
[INFO] [stderr]     Checking h2 v0.2.7
[INFO] [stderr]    Compiling petgraph v0.5.1
[INFO] [stderr]    Compiling prost-build v0.6.1
[INFO] [stderr]     Checking keybase-keystore v0.2.0
[INFO] [stderr]     Checking libipld v0.3.1
[INFO] [stderr]    Compiling libp2p-core v0.19.2
[INFO] [stderr]     Checking hyper v0.13.10
[INFO] [stderr]     Checking impl-codec v0.4.2
[INFO] [stderr]     Checking sp-storage v2.0.1
[INFO] [stderr]     Checking sp-tracing v2.0.1
[INFO] [stderr]     Checking sp-wasm-interface v2.0.1
[INFO] [stderr]     Checking sp-arithmetic v2.0.1
[INFO] [stderr]     Checking primitive-types v0.7.3
[INFO] [stderr]     Checking sp-externalities v0.8.1
[INFO] [stderr]     Checking parity-util-mem v0.7.0
[INFO] [stderr]     Checking sp-runtime-interface v2.0.1
[INFO] [stdout] error[E0599]: no method named `sign` found for struct `ed25519_dalek::Keypair` in the current scope
[INFO] [stdout]   --> /opt/rustwide/cargo-home/registry/src/github.com-1ecc6299db9ec823/libp2p-core-0.19.2/src/identity/ed25519.rs:55:16
[INFO] [stdout]    |
[INFO] [stdout] 55 |         self.0.sign(msg).to_bytes().to_vec()
[INFO] [stdout]    |                ^^^^ method not found in `ed25519_dalek::Keypair`
[INFO] [stdout]    |
[INFO] [stdout]   ::: /opt/rustwide/cargo-home/registry/src/github.com-1ecc6299db9ec823/signature-1.3.1/src/signer.rs:15:8
[INFO] [stdout]    |
[INFO] [stdout] 15 |     fn sign(&self, msg: &[u8]) -> S {
[INFO] [stdout]    |        ---- the method is available for `ed25519_dalek::Keypair` here
[INFO] [stdout]    |
[INFO] [stdout]    = help: items from traits can only be used if the trait is in scope
[INFO] [stdout]    = note: the following trait is implemented but not in scope; perhaps add a `use` for it:
[INFO] [stdout]            `use ed25519_dalek::Signer;`
[INFO] [stdout] 
[INFO] [stdout] 
[INFO] [stdout] error[E0599]: no function or associated item named `from_bytes` found for struct `ed25519_dalek::Signature` in the current scope
[INFO] [stdout]    --> /opt/rustwide/cargo-home/registry/src/github.com-1ecc6299db9ec823/libp2p-core-0.19.2/src/identity/ed25519.rs:110:29
[INFO] [stdout]     |
[INFO] [stdout] 110 |         ed25519::Signature::from_bytes(sig).and_then(|s| self.0.verify(msg, &s)).is_ok()
[INFO] [stdout]     |                             ^^^^^^^^^^
[INFO] [stdout]     |                             |
[INFO] [stdout]     |                             function or associated item not found in `ed25519_dalek::Signature`
[INFO] [stdout]     |                             help: there is an associated function with a similar name: `to_bytes`
[INFO] [stdout]     |
[INFO] [stdout]     = help: items from traits can only be used if the trait is in scope
[INFO] [stdout]     = note: the following trait is implemented but not in scope; perhaps add a `use` for it:
[INFO] [stdout]             `use ed25519_dalek::ed25519::signature::Signature;`
[INFO] [stdout] 
[INFO] [stdout] 
[INFO] [stdout] error[E0599]: no method named `verify` found for struct `ed25519_dalek::PublicKey` in the current scope
[INFO] [stdout]    --> /opt/rustwide/cargo-home/registry/src/github.com-1ecc6299db9ec823/libp2p-core-0.19.2/src/identity/ed25519.rs:110:65
[INFO] [stdout]     |
[INFO] [stdout] 110 |         ed25519::Signature::from_bytes(sig).and_then(|s| self.0.verify(msg, &s)).is_ok()
[INFO] [stdout]     |                                                                 ^^^^^^ method not found in `ed25519_dalek::PublicKey`
[INFO] [stdout]     |
[INFO] [stdout]    ::: /opt/rustwide/cargo-home/registry/src/github.com-1ecc6299db9ec823/signature-1.3.1/src/verifier.rs:14:8
[INFO] [stdout]     |
[INFO] [stdout] 14  |     fn verify(&self, msg: &[u8], signature: &S) -> Result<(), Error>;
[INFO] [stdout]     |        ------ the method is available for `ed25519_dalek::PublicKey` here
[INFO] [stdout]     |
[INFO] [stdout]     = help: items from traits can only be used if the trait is in scope
[INFO] [stdout]     = note: the following trait is implemented but not in scope; perhaps add a `use` for it:
[INFO] [stdout]             `use ed25519_dalek::Verifier;`
[INFO] [stdout] 
[INFO] [stdout] 
[INFO] [stderr]     Checking memory-db v0.24.1
[INFO] [stdout] error: aborting due to 3 previous errors
[INFO] [stdout] 
[INFO] [stdout] 
[INFO] [stdout] For more information about this error, try `rustc --explain E0599`.
[INFO] [stdout] 
[INFO] [stderr]     Checking sp-core v2.0.1
[INFO] [stderr] error: could not compile `libp2p-core` due to 4 previous errors
[INFO] [stderr] warning: build failed, waiting for other jobs to finish...
[INFO] [stderr] error: build failed
[INFO] running `Command { std: "docker" "inspect" "31212fe3362871198a4801326d8be283789b54ad4f90650d4e80653168230ed1", kill_on_drop: false }`
[INFO] running `Command { std: "docker" "rm" "-f" "31212fe3362871198a4801326d8be283789b54ad4f90650d4e80653168230ed1", kill_on_drop: false }`
[INFO] [stdout] 31212fe3362871198a4801326d8be283789b54ad4f90650d4e80653168230ed1
