[INFO] fetching crate structsy_tools 0.1.0...
[INFO] checking structsy_tools-0.1.0 against beta-2021-10-15 for beta-1.56-3
[INFO] extracting crate structsy_tools 0.1.0 into /workspace/builds/worker-1/source
[INFO] validating manifest of crates.io crate structsy_tools 0.1.0 on toolchain beta-2021-10-15
[INFO] running `Command { std: "/workspace/cargo-home/bin/cargo" "+beta-2021-10-15" "metadata" "--manifest-path" "Cargo.toml" "--no-deps", kill_on_drop: false }`
[INFO] started tweaking crates.io crate structsy_tools 0.1.0
[INFO] finished tweaking crates.io crate structsy_tools 0.1.0
[INFO] tweaked toml for crates.io crate structsy_tools 0.1.0 written to /workspace/builds/worker-1/source/Cargo.toml
[INFO] running `Command { std: "/workspace/cargo-home/bin/cargo" "+beta-2021-10-15" "generate-lockfile" "--manifest-path" "Cargo.toml" "-Zno-index-update", kill_on_drop: false }`
[INFO] running `Command { std: "/workspace/cargo-home/bin/cargo" "+beta-2021-10-15" "fetch" "--manifest-path" "Cargo.toml", kill_on_drop: false }`
[INFO] [stderr]  Downloading crates ...
[INFO] [stderr]   Downloaded persy v1.0.0
[INFO] [stderr]   Downloaded zigzag v0.1.0
[INFO] [stderr]   Downloaded structsy v0.4.0
[INFO] running `Command { std: "docker" "create" "-v" "/var/lib/crater-agent-workspace/builds/worker-1/target:/opt/rustwide/target:rw,Z" "-v" "/var/lib/crater-agent-workspace/builds/worker-1/source:/opt/rustwide/workdir:ro,Z" "-v" "/var/lib/crater-agent-workspace/cargo-home:/opt/rustwide/cargo-home:ro,Z" "-v" "/var/lib/crater-agent-workspace/rustup-home:/opt/rustwide/rustup-home:ro,Z" "-e" "SOURCE_DIR=/opt/rustwide/workdir" "-e" "CARGO_TARGET_DIR=/opt/rustwide/target" "-e" "CARGO_HOME=/opt/rustwide/cargo-home" "-e" "RUSTUP_HOME=/opt/rustwide/rustup-home" "-w" "/opt/rustwide/workdir" "-m" "1610612736" "--user" "0:0" "--network" "none" "ghcr.io/rust-lang/crates-build-env/linux@sha256:a89201d6b5b9fd45c15d5952ece0a0129e7e80cb26ec023fd59cf09bc26f1604" "/opt/rustwide/cargo-home/bin/cargo" "+beta-2021-10-15" "metadata" "--no-deps" "--format-version=1", kill_on_drop: false }`
[INFO] [stdout] 56f9cb1347c68df50fa8ba100e6f7dbbce27f4dadca20b8e5f2c0570a2cdc693
[INFO] [stderr] WARNING: Your kernel does not support swap limit capabilities or the cgroup is not mounted. Memory limited without swap.
[INFO] running `Command { std: "docker" "start" "-a" "56f9cb1347c68df50fa8ba100e6f7dbbce27f4dadca20b8e5f2c0570a2cdc693", kill_on_drop: false }`
[INFO] running `Command { std: "docker" "inspect" "56f9cb1347c68df50fa8ba100e6f7dbbce27f4dadca20b8e5f2c0570a2cdc693", kill_on_drop: false }`
[INFO] running `Command { std: "docker" "rm" "-f" "56f9cb1347c68df50fa8ba100e6f7dbbce27f4dadca20b8e5f2c0570a2cdc693", kill_on_drop: false }`
[INFO] [stdout] 56f9cb1347c68df50fa8ba100e6f7dbbce27f4dadca20b8e5f2c0570a2cdc693
[INFO] running `Command { std: "docker" "create" "-v" "/var/lib/crater-agent-workspace/builds/worker-1/target:/opt/rustwide/target:rw,Z" "-v" "/var/lib/crater-agent-workspace/builds/worker-1/source:/opt/rustwide/workdir:ro,Z" "-v" "/var/lib/crater-agent-workspace/cargo-home:/opt/rustwide/cargo-home:ro,Z" "-v" "/var/lib/crater-agent-workspace/rustup-home:/opt/rustwide/rustup-home:ro,Z" "-e" "SOURCE_DIR=/opt/rustwide/workdir" "-e" "CARGO_TARGET_DIR=/opt/rustwide/target" "-e" "CARGO_INCREMENTAL=0" "-e" "RUST_BACKTRACE=full" "-e" "RUSTFLAGS=--cap-lints=warn" "-e" "CARGO_HOME=/opt/rustwide/cargo-home" "-e" "RUSTUP_HOME=/opt/rustwide/rustup-home" "-w" "/opt/rustwide/workdir" "-m" "1610612736" "--user" "0:0" "--network" "none" "ghcr.io/rust-lang/crates-build-env/linux@sha256:a89201d6b5b9fd45c15d5952ece0a0129e7e80cb26ec023fd59cf09bc26f1604" "/opt/rustwide/cargo-home/bin/cargo" "+beta-2021-10-15" "check" "--frozen" "--all" "--all-targets" "--message-format=json", kill_on_drop: false }`
[INFO] [stderr] WARNING: Your kernel does not support swap limit capabilities or the cgroup is not mounted. Memory limited without swap.
[INFO] [stdout] acd2611ef1a1620056a6d9c8d916d8191579470d9dd0ec0118c6850254d09e67
[INFO] running `Command { std: "docker" "start" "-a" "acd2611ef1a1620056a6d9c8d916d8191579470d9dd0ec0118c6850254d09e67", kill_on_drop: false }`
[INFO] [stderr]     Checking unsigned-varint v0.7.0
[INFO] [stderr]     Checking fs2 v0.4.3
[INFO] [stderr]     Checking zigzag v0.1.0
[INFO] [stderr]     Checking persy v1.0.0
[INFO] [stderr]     Checking structsy v0.4.0
[INFO] [stderr]     Checking structsy_tools v0.1.0 (/opt/rustwide/workdir)
[INFO] [stdout] error[E0432]: unresolved import `structsy_derive`
[INFO] [stdout]   --> src/lib.rs:68:9
[INFO] [stdout]    |
[INFO] [stdout] 68 |     use structsy_derive::{queries, Persistent};
[INFO] [stdout]    |         ^^^^^^^^^^^^^^^ use of undeclared crate or module `structsy_derive`
[INFO] [stdout] 
[INFO] [stdout] 
[INFO] [stdout] error: cannot determine resolution for the derive macro `Persistent`
[INFO] [stdout]   --> src/lib.rs:72:14
[INFO] [stdout]    |
[INFO] [stdout] 72 |     #[derive(Persistent)]
[INFO] [stdout]    |              ^^^^^^^^^^
[INFO] [stdout]    |
[INFO] [stdout]    = note: import resolution is stuck, try simplifying macro imports
[INFO] [stdout] 
[INFO] [stdout] 
[INFO] [stdout] error: cannot find attribute `index` in this scope
[INFO] [stdout]   --> src/lib.rs:74:11
[INFO] [stdout]    |
[INFO] [stdout] 74 |         #[index(mode = "cluster")]
[INFO] [stdout]    |           ^^^^^
[INFO] [stdout] 
[INFO] [stdout] 
[INFO] [stdout] error: cannot determine resolution for the attribute macro `queries`
[INFO] [stdout]   --> src/lib.rs:79:7
[INFO] [stdout]    |
[INFO] [stdout] 79 |     #[queries(Simple)]
[INFO] [stdout]    |       ^^^^^^^
[INFO] [stdout]    |
[INFO] [stdout]    = note: import resolution is stuck, try simplifying macro imports
[INFO] [stdout] 
[INFO] [stdout] 
[INFO] [stdout] error[E0277]: the trait bound `Simple: Persistent` is not satisfied
[INFO] [stdout]   --> src/lib.rs:87:12
[INFO] [stdout]    |
[INFO] [stdout] 87 |         db.define::<Simple>().unwrap();
[INFO] [stdout]    |            ^^^^^^ the trait `Persistent` is not implemented for `Simple`
[INFO] [stdout] 
[INFO] [stdout] 
[INFO] [stdout] error[E0277]: the trait bound `Simple: Persistent` is not satisfied
[INFO] [stdout]   --> src/lib.rs:89:19
[INFO] [stdout]    |
[INFO] [stdout] 89 |           tx.insert(&Simple {
[INFO] [stdout]    |  ___________________^
[INFO] [stdout] 90 | |             name: "first".to_owned(),
[INFO] [stdout] 91 | |             size: 10,
[INFO] [stdout] 92 | |         })
[INFO] [stdout]    | |_________^ the trait `Persistent` is not implemented for `Simple`
[INFO] [stdout] 
[INFO] [stdout] 
[INFO] [stdout] error[E0277]: the trait bound `Simple: Persistent` is not satisfied
[INFO] [stdout]    --> src/lib.rs:100:27
[INFO] [stdout]     |
[INFO] [stdout] 100 |         assert_eq!(loaded.query::<Simple>().by_name("first").into_iter().count(), 1);
[INFO] [stdout]     |                           ^^^^^ the trait `Persistent` is not implemented for `Simple`
[INFO] [stdout] 
[INFO] [stdout] 
[INFO] [stdout] error[E0599]: no method named `by_name` found for struct `StructsyQuery` in the current scope
[INFO] [stdout]    --> src/lib.rs:100:45
[INFO] [stdout]     |
[INFO] [stdout] 100 |         assert_eq!(loaded.query::<Simple>().by_name("first").into_iter().count(), 1);
[INFO] [stdout]     |                                             ^^^^^^^ method not found in `StructsyQuery<Simple>`
[INFO] [stdout]     |
[INFO] [stdout]     = help: items from traits can only be used if the trait is implemented and in scope
[INFO] [stdout] note: `SimpleQueries` defines an item `by_name`, perhaps you need to implement it
[INFO] [stdout]    --> src/lib.rs:80:5
[INFO] [stdout]     |
[INFO] [stdout] 80  |     trait SimpleQueries {
[INFO] [stdout]     |     ^^^^^^^^^^^^^^^^^^^
[INFO] [stdout] 
[INFO] [stdout] 
[INFO] [stdout] error: aborting due to 8 previous errors
[INFO] [stdout] 
[INFO] [stdout] 
[INFO] [stdout] Some errors have detailed explanations: E0277, E0432, E0599.
[INFO] [stdout] 
[INFO] [stdout] For more information about an error, try `rustc --explain E0277`.
[INFO] [stdout] 
[INFO] [stderr] error: could not compile `structsy_tools` due to 9 previous errors
[INFO] running `Command { std: "docker" "inspect" "acd2611ef1a1620056a6d9c8d916d8191579470d9dd0ec0118c6850254d09e67", kill_on_drop: false }`
[INFO] running `Command { std: "docker" "rm" "-f" "acd2611ef1a1620056a6d9c8d916d8191579470d9dd0ec0118c6850254d09e67", kill_on_drop: false }`
[INFO] [stdout] acd2611ef1a1620056a6d9c8d916d8191579470d9dd0ec0118c6850254d09e67
