[INFO] fetching crate streaming-harness-hdrhist 0.4.0...
[INFO] checking streaming-harness-hdrhist-0.4.0 against beta-2021-10-15 for beta-1.56-3
[INFO] extracting crate streaming-harness-hdrhist 0.4.0 into /workspace/builds/worker-2/source
[INFO] validating manifest of crates.io crate streaming-harness-hdrhist 0.4.0 on toolchain beta-2021-10-15
[INFO] running `Command { std: "/workspace/cargo-home/bin/cargo" "+beta-2021-10-15" "metadata" "--manifest-path" "Cargo.toml" "--no-deps", kill_on_drop: false }`
[INFO] started tweaking crates.io crate streaming-harness-hdrhist 0.4.0
[INFO] finished tweaking crates.io crate streaming-harness-hdrhist 0.4.0
[INFO] tweaked toml for crates.io crate streaming-harness-hdrhist 0.4.0 written to /workspace/builds/worker-2/source/Cargo.toml
[INFO] running `Command { std: "/workspace/cargo-home/bin/cargo" "+beta-2021-10-15" "generate-lockfile" "--manifest-path" "Cargo.toml" "-Zno-index-update", kill_on_drop: false }`
[INFO] running `Command { std: "/workspace/cargo-home/bin/cargo" "+beta-2021-10-15" "fetch" "--manifest-path" "Cargo.toml", kill_on_drop: false }`
[INFO] [stderr]  Downloading crates ...
[INFO] [stderr]   Downloaded drawille v0.2.3
[INFO] [stderr]   Downloaded textplots v0.2.3
[INFO] running `Command { std: "docker" "create" "-v" "/var/lib/crater-agent-workspace/builds/worker-2/target:/opt/rustwide/target:rw,Z" "-v" "/var/lib/crater-agent-workspace/builds/worker-2/source:/opt/rustwide/workdir:ro,Z" "-v" "/var/lib/crater-agent-workspace/cargo-home:/opt/rustwide/cargo-home:ro,Z" "-v" "/var/lib/crater-agent-workspace/rustup-home:/opt/rustwide/rustup-home:ro,Z" "-e" "SOURCE_DIR=/opt/rustwide/workdir" "-e" "CARGO_TARGET_DIR=/opt/rustwide/target" "-e" "CARGO_HOME=/opt/rustwide/cargo-home" "-e" "RUSTUP_HOME=/opt/rustwide/rustup-home" "-w" "/opt/rustwide/workdir" "-m" "1610612736" "--user" "0:0" "--network" "none" "ghcr.io/rust-lang/crates-build-env/linux@sha256:a89201d6b5b9fd45c15d5952ece0a0129e7e80cb26ec023fd59cf09bc26f1604" "/opt/rustwide/cargo-home/bin/cargo" "+beta-2021-10-15" "metadata" "--no-deps" "--format-version=1", kill_on_drop: false }`
[INFO] [stdout] 363ed052dcb951cc059184aeb24e64386c873b0af6ae83b5329532e4405cf6f1
[INFO] [stderr] WARNING: Your kernel does not support swap limit capabilities or the cgroup is not mounted. Memory limited without swap.
[INFO] running `Command { std: "docker" "start" "-a" "363ed052dcb951cc059184aeb24e64386c873b0af6ae83b5329532e4405cf6f1", kill_on_drop: false }`
[INFO] running `Command { std: "docker" "inspect" "363ed052dcb951cc059184aeb24e64386c873b0af6ae83b5329532e4405cf6f1", kill_on_drop: false }`
[INFO] running `Command { std: "docker" "rm" "-f" "363ed052dcb951cc059184aeb24e64386c873b0af6ae83b5329532e4405cf6f1", kill_on_drop: false }`
[INFO] [stdout] 363ed052dcb951cc059184aeb24e64386c873b0af6ae83b5329532e4405cf6f1
[INFO] running `Command { std: "docker" "create" "-v" "/var/lib/crater-agent-workspace/builds/worker-2/target:/opt/rustwide/target:rw,Z" "-v" "/var/lib/crater-agent-workspace/builds/worker-2/source:/opt/rustwide/workdir:ro,Z" "-v" "/var/lib/crater-agent-workspace/cargo-home:/opt/rustwide/cargo-home:ro,Z" "-v" "/var/lib/crater-agent-workspace/rustup-home:/opt/rustwide/rustup-home:ro,Z" "-e" "SOURCE_DIR=/opt/rustwide/workdir" "-e" "CARGO_TARGET_DIR=/opt/rustwide/target" "-e" "CARGO_INCREMENTAL=0" "-e" "RUST_BACKTRACE=full" "-e" "RUSTFLAGS=--cap-lints=warn" "-e" "CARGO_HOME=/opt/rustwide/cargo-home" "-e" "RUSTUP_HOME=/opt/rustwide/rustup-home" "-w" "/opt/rustwide/workdir" "-m" "1610612736" "--user" "0:0" "--network" "none" "ghcr.io/rust-lang/crates-build-env/linux@sha256:a89201d6b5b9fd45c15d5952ece0a0129e7e80cb26ec023fd59cf09bc26f1604" "/opt/rustwide/cargo-home/bin/cargo" "+beta-2021-10-15" "check" "--frozen" "--all" "--all-targets" "--message-format=json", kill_on_drop: false }`
[INFO] [stdout] 24ced387ca8dc65f4cdfe1706835c4471a7363b40cd3e919307095016678fcfb
[INFO] [stderr] WARNING: Your kernel does not support swap limit capabilities or the cgroup is not mounted. Memory limited without swap.
[INFO] running `Command { std: "docker" "start" "-a" "24ced387ca8dc65f4cdfe1706835c4471a7363b40cd3e919307095016678fcfb", kill_on_drop: false }`
[INFO] [stderr]     Blocking waiting for file lock on package cache
[INFO] [stderr]     Checking drawille v0.2.3
[INFO] [stderr]     Checking streaming-harness-hdrhist v0.4.0 (/opt/rustwide/workdir)
[INFO] [stderr]     Checking textplots v0.2.3
[INFO] [stdout] error[E0433]: failed to resolve: could not find `HDRHist` in `streaming_harness_hdrhist`
[INFO] [stdout]   --> examples/hdrhist.rs:11:47
[INFO] [stdout]    |
[INFO] [stdout] 11 |     let mut hist = streaming_harness_hdrhist::HDRHist::new();
[INFO] [stdout]    |                                               ^^^^^^^ could not find `HDRHist` in `streaming_harness_hdrhist`
[INFO] [stdout] 
[INFO] [stdout] 
[INFO] [stdout] error[E0433]: failed to resolve: could not find `HDRHist` in `streaming_harness_hdrhist`
[INFO] [stdout]   --> examples/hdrhist.rs:33:48
[INFO] [stdout]    |
[INFO] [stdout] 33 |     let mut hist2 = streaming_harness_hdrhist::HDRHist::new();
[INFO] [stdout]    |                                                ^^^^^^^ could not find `HDRHist` in `streaming_harness_hdrhist`
[INFO] [stdout] 
[INFO] [stdout] 
[INFO] [stdout] error[E0433]: failed to resolve: could not find `HDRHist` in `streaming_harness_hdrhist`
[INFO] [stdout]   --> examples/hdrhist.rs:42:48
[INFO] [stdout]    |
[INFO] [stdout] 42 |     let mut hist3 = streaming_harness_hdrhist::HDRHist::new();
[INFO] [stdout]    |                                                ^^^^^^^ could not find `HDRHist` in `streaming_harness_hdrhist`
[INFO] [stdout] 
[INFO] [stdout] 
[INFO] [stdout] error: aborting due to 3 previous errors
[INFO] [stdout] 
[INFO] [stdout] 
[INFO] [stdout] For more information about this error, try `rustc --explain E0433`.
[INFO] [stdout] 
[INFO] [stderr] error: could not compile `streaming-harness-hdrhist` due to 4 previous errors
[INFO] running `Command { std: "docker" "inspect" "24ced387ca8dc65f4cdfe1706835c4471a7363b40cd3e919307095016678fcfb", kill_on_drop: false }`
[INFO] running `Command { std: "docker" "rm" "-f" "24ced387ca8dc65f4cdfe1706835c4471a7363b40cd3e919307095016678fcfb", kill_on_drop: false }`
[INFO] [stdout] 24ced387ca8dc65f4cdfe1706835c4471a7363b40cd3e919307095016678fcfb
