[INFO] fetching crate stream-logs-to-s3 0.1.4...
[INFO] checking stream-logs-to-s3-0.1.4 against beta-2021-10-15 for beta-1.56-3
[INFO] extracting crate stream-logs-to-s3 0.1.4 into /workspace/builds/worker-8/source
[INFO] validating manifest of crates.io crate stream-logs-to-s3 0.1.4 on toolchain beta-2021-10-15
[INFO] running `Command { std: "/workspace/cargo-home/bin/cargo" "+beta-2021-10-15" "metadata" "--manifest-path" "Cargo.toml" "--no-deps", kill_on_drop: false }`
[INFO] started tweaking crates.io crate stream-logs-to-s3 0.1.4
[INFO] finished tweaking crates.io crate stream-logs-to-s3 0.1.4
[INFO] tweaked toml for crates.io crate stream-logs-to-s3 0.1.4 written to /workspace/builds/worker-8/source/Cargo.toml
[INFO] crate crates.io crate stream-logs-to-s3 0.1.4 already has a lockfile, it will not be regenerated
[INFO] running `Command { std: "/workspace/cargo-home/bin/cargo" "+beta-2021-10-15" "fetch" "--manifest-path" "Cargo.toml", kill_on_drop: false }`
[INFO] [stderr]  Downloading crates ...
[INFO] [stderr]   Downloaded rusoto_core v0.46.0
[INFO] [stderr]   Downloaded const_fn v0.4.7
[INFO] [stderr]   Downloaded security-framework-sys v2.2.0
[INFO] [stderr]   Downloaded security-framework v2.2.0
[INFO] [stderr]   Downloaded byte-unit v4.0.10
[INFO] [stderr]   Downloaded h2 v0.3.2
[INFO] [stderr]   Downloaded hyper v0.14.5
[INFO] [stderr]   Downloaded rusoto_s3 v0.46.0
[INFO] [stderr]   Downloaded rusoto_signature v0.46.0
[INFO] [stderr]   Downloaded rusoto_credential v0.46.0
[INFO] running `Command { std: "docker" "create" "-v" "/var/lib/crater-agent-workspace/builds/worker-8/target:/opt/rustwide/target:rw,Z" "-v" "/var/lib/crater-agent-workspace/builds/worker-8/source:/opt/rustwide/workdir:ro,Z" "-v" "/var/lib/crater-agent-workspace/cargo-home:/opt/rustwide/cargo-home:ro,Z" "-v" "/var/lib/crater-agent-workspace/rustup-home:/opt/rustwide/rustup-home:ro,Z" "-e" "SOURCE_DIR=/opt/rustwide/workdir" "-e" "CARGO_TARGET_DIR=/opt/rustwide/target" "-e" "CARGO_HOME=/opt/rustwide/cargo-home" "-e" "RUSTUP_HOME=/opt/rustwide/rustup-home" "-w" "/opt/rustwide/workdir" "-m" "1610612736" "--user" "0:0" "--network" "none" "ghcr.io/rust-lang/crates-build-env/linux@sha256:a89201d6b5b9fd45c15d5952ece0a0129e7e80cb26ec023fd59cf09bc26f1604" "/opt/rustwide/cargo-home/bin/cargo" "+beta-2021-10-15" "metadata" "--no-deps" "--format-version=1", kill_on_drop: false }`
[INFO] [stdout] 4d537f6d40a736bef744504fb04eb685a008f2f7b9fbb859011fc0ef31bbdc7e
[INFO] [stderr] WARNING: Your kernel does not support swap limit capabilities or the cgroup is not mounted. Memory limited without swap.
[INFO] running `Command { std: "docker" "start" "-a" "4d537f6d40a736bef744504fb04eb685a008f2f7b9fbb859011fc0ef31bbdc7e", kill_on_drop: false }`
[INFO] running `Command { std: "docker" "inspect" "4d537f6d40a736bef744504fb04eb685a008f2f7b9fbb859011fc0ef31bbdc7e", kill_on_drop: false }`
[INFO] running `Command { std: "docker" "rm" "-f" "4d537f6d40a736bef744504fb04eb685a008f2f7b9fbb859011fc0ef31bbdc7e", kill_on_drop: false }`
[INFO] [stdout] 4d537f6d40a736bef744504fb04eb685a008f2f7b9fbb859011fc0ef31bbdc7e
[INFO] running `Command { std: "docker" "create" "-v" "/var/lib/crater-agent-workspace/builds/worker-8/target:/opt/rustwide/target:rw,Z" "-v" "/var/lib/crater-agent-workspace/builds/worker-8/source:/opt/rustwide/workdir:ro,Z" "-v" "/var/lib/crater-agent-workspace/cargo-home:/opt/rustwide/cargo-home:ro,Z" "-v" "/var/lib/crater-agent-workspace/rustup-home:/opt/rustwide/rustup-home:ro,Z" "-e" "SOURCE_DIR=/opt/rustwide/workdir" "-e" "CARGO_TARGET_DIR=/opt/rustwide/target" "-e" "CARGO_INCREMENTAL=0" "-e" "RUST_BACKTRACE=full" "-e" "RUSTFLAGS=--cap-lints=warn" "-e" "CARGO_HOME=/opt/rustwide/cargo-home" "-e" "RUSTUP_HOME=/opt/rustwide/rustup-home" "-w" "/opt/rustwide/workdir" "-m" "1610612736" "--user" "0:0" "--network" "none" "ghcr.io/rust-lang/crates-build-env/linux@sha256:a89201d6b5b9fd45c15d5952ece0a0129e7e80cb26ec023fd59cf09bc26f1604" "/opt/rustwide/cargo-home/bin/cargo" "+beta-2021-10-15" "check" "--frozen" "--all" "--all-targets" "--message-format=json", kill_on_drop: false }`
[INFO] [stdout] 78375a561cb7cf484109f45b22439fec5c446a3b08cb5a494b07312027131596
[INFO] [stderr] WARNING: Your kernel does not support swap limit capabilities or the cgroup is not mounted. Memory limited without swap.
[INFO] running `Command { std: "docker" "start" "-a" "78375a561cb7cf484109f45b22439fec5c446a3b08cb5a494b07312027131596", kill_on_drop: false }`
[INFO] [stderr]    Compiling libc v0.2.93
[INFO] [stderr]    Compiling syn v1.0.69
[INFO] [stderr]    Compiling const_fn v0.4.7
[INFO] [stderr]     Checking zeroize v1.2.0
[INFO] [stderr]     Checking utf8-width v0.1.4
[INFO] [stderr]    Compiling tokio v1.5.0
[INFO] [stderr]    Compiling rusoto_core v0.46.0
[INFO] [stderr]     Checking sha2 v0.9.3
[INFO] [stderr]     Checking byte-unit v4.0.10
[INFO] [stderr]     Checking num_cpus v1.13.0
[INFO] [stderr]     Checking mio v0.7.11
[INFO] [stderr]     Checking signal-hook-registry v1.3.0
[INFO] [stderr]     Checking openssl-sys v0.9.61
[INFO] [stderr]     Checking socket2 v0.4.0
[INFO] [stderr]     Checking time v0.1.43
[INFO] [stderr]     Checking dirs-sys-next v0.1.2
[INFO] [stderr]     Checking iovec v0.1.4
[INFO] [stderr]     Checking getrandom v0.2.2
[INFO] [stderr]     Checking atty v0.2.14
[INFO] [stderr]     Checking gethostname v0.2.1
[INFO] [stderr]     Checking get_if_addrs v0.5.3
[INFO] [stderr]     Checking nix v0.20.0
[INFO] [stderr]     Checking dirs-next v2.0.0
[INFO] [stderr]     Checking rand_core v0.6.2
[INFO] [stderr]     Checking bytes v0.4.12
[INFO] [stderr]     Checking env_logger v0.8.3
[INFO] [stderr]     Checking rand_chacha v0.3.0
[INFO] [stderr]     Checking tokio-io v0.1.13
[INFO] [stderr]     Checking openssl v0.10.33
[INFO] [stderr]     Checking rand v0.8.3
[INFO] [stderr]     Checking flate2 v1.0.20
[INFO] [stderr]     Checking tempfile v3.2.0
[INFO] [stderr]    Compiling tokio-macros v1.1.0
[INFO] [stderr]    Compiling futures-macro v0.3.14
[INFO] [stderr]    Compiling serde_derive v1.0.125
[INFO] [stderr]    Compiling pin-project-internal v1.0.7
[INFO] [stderr]    Compiling time-macros-impl v0.1.1
[INFO] [stderr]    Compiling async-trait v0.1.50
[INFO] [stderr]     Checking native-tls v0.2.7
[INFO] [stderr]     Checking time-macros v0.1.1
[INFO] [stderr]     Checking time v0.2.26
[INFO] [stderr]     Checking futures-util v0.3.14
[INFO] [stderr]     Checking pin-project v1.0.7
[INFO] [stderr]     Checking futures-executor v0.3.14
[INFO] [stderr]     Checking futures v0.3.14
[INFO] [stderr]     Checking tokio-util v0.6.6
[INFO] [stderr]     Checking tokio-native-tls v0.3.0
[INFO] [stderr]     Checking async-compression v0.3.7
[INFO] [stderr]     Checking serde v1.0.125
[INFO] [stderr]     Checking h2 v0.3.2
[INFO] [stderr]     Checking hyper v0.14.5
[INFO] [stderr]     Checking serde_json v1.0.64
[INFO] [stderr]     Checking chrono v0.4.19
[INFO] [stderr]     Checking serde_urlencoded v0.7.0
[INFO] [stderr]     Checking rusoto_credential v0.46.0
[INFO] [stderr]     Checking hyper-tls v0.5.0
[INFO] [stderr]     Checking reqwest v0.11.3
[INFO] [stderr]     Checking rusoto_signature v0.46.0
[INFO] [stderr]     Checking rusoto_s3 v0.46.0
[INFO] [stderr]     Checking stream-logs-to-s3 v0.1.4 (/opt/rustwide/workdir)
[INFO] [stdout] error[E0554]: `#![feature]` may not be used on the beta release channel
[INFO] [stdout]  --> src/main.rs:1:1
[INFO] [stdout]   |
[INFO] [stdout] 1 | #![feature(ip)]
[INFO] [stdout]   | ^^^^^^^^^^^^^^^
[INFO] [stdout] 
[INFO] [stdout] 
[INFO] [stdout] error[E0554]: `#![feature]` may not be used on the beta release channel
[INFO] [stdout]  --> src/main.rs:1:1
[INFO] [stdout]   |
[INFO] [stdout] 1 | #![feature(ip)]
[INFO] [stdout]   | ^^^^^^^^^^^^^^^
[INFO] [stdout] 
[INFO] [stdout] 
[INFO] [stdout] error[E0599]: no method named `is_unicast_link_local_strict` found for struct `std::net::Ipv6Addr` in the current scope
[INFO] [stdout]    --> src/main.rs:789:38
[INFO] [stdout]     |
[INFO] [stdout] 789 | ...                   && !ipv6.is_unicast_link_local_strict()
[INFO] [stdout]     |                                ^^^^^^^^^^^^^^^^^^^^^^^^^^^^ help: there is an associated function with a similar name: `is_unicast_link_local`
[INFO] [stdout] 
[INFO] [stdout] 
[INFO] [stdout] error[E0599]: no method named `is_unicast_link_local_strict` found for struct `std::net::Ipv6Addr` in the current scope
[INFO] [stdout]    --> src/main.rs:789:38
[INFO] [stdout]     |
[INFO] [stdout] 789 | ...                   && !ipv6.is_unicast_link_local_strict()
[INFO] [stdout]     |                                ^^^^^^^^^^^^^^^^^^^^^^^^^^^^ help: there is an associated function with a similar name: `is_unicast_link_local`
[INFO] [stdout] 
[INFO] [stdout] 
[INFO] [stdout] error: aborting due to 2 previous errors
[INFO] [stdout] 
[INFO] [stdout] 
[INFO] [stdout] Some errors have detailed explanations: E0554, E0599.
[INFO] [stdout] 
[INFO] [stdout] For more information about an error, try `rustc --explain E0554`.
[INFO] [stdout] 
[INFO] [stderr] error: could not compile `stream-logs-to-s3` due to 3 previous errors
[INFO] [stderr] warning: build failed, waiting for other jobs to finish...
[INFO] [stdout] error: aborting due to 2 previous errors
[INFO] [stdout] 
[INFO] [stdout] 
[INFO] [stdout] Some errors have detailed explanations: E0554, E0599.
[INFO] [stdout] 
[INFO] [stdout] For more information about an error, try `rustc --explain E0554`.
[INFO] [stdout] 
[INFO] [stderr] error: build failed
[INFO] running `Command { std: "docker" "inspect" "78375a561cb7cf484109f45b22439fec5c446a3b08cb5a494b07312027131596", kill_on_drop: false }`
[INFO] running `Command { std: "docker" "rm" "-f" "78375a561cb7cf484109f45b22439fec5c446a3b08cb5a494b07312027131596", kill_on_drop: false }`
[INFO] [stdout] 78375a561cb7cf484109f45b22439fec5c446a3b08cb5a494b07312027131596
