[INFO] fetching crate stm32l0x1-hal 0.9.0...
[INFO] checking stm32l0x1-hal-0.9.0 against beta-2021-10-15 for beta-1.56-3
[INFO] extracting crate stm32l0x1-hal 0.9.0 into /workspace/builds/worker-8/source
[INFO] validating manifest of crates.io crate stm32l0x1-hal 0.9.0 on toolchain beta-2021-10-15
[INFO] running `Command { std: "/workspace/cargo-home/bin/cargo" "+beta-2021-10-15" "metadata" "--manifest-path" "Cargo.toml" "--no-deps", kill_on_drop: false }`
[INFO] removed /workspace/builds/worker-8/source/.cargo/config
[INFO] started tweaking crates.io crate stm32l0x1-hal 0.9.0
[INFO] finished tweaking crates.io crate stm32l0x1-hal 0.9.0
[INFO] tweaked toml for crates.io crate stm32l0x1-hal 0.9.0 written to /workspace/builds/worker-8/source/Cargo.toml
[INFO] running `Command { std: "/workspace/cargo-home/bin/cargo" "+beta-2021-10-15" "generate-lockfile" "--manifest-path" "Cargo.toml" "-Zno-index-update", kill_on_drop: false }`
[INFO] running `Command { std: "/workspace/cargo-home/bin/cargo" "+beta-2021-10-15" "fetch" "--manifest-path" "Cargo.toml", kill_on_drop: false }`
[INFO] [stderr]  Downloading crates ...
[INFO] [stderr]   Downloaded embedded-hal v1.0.0-alpha.5
[INFO] [stderr]   Downloaded stm32l0 v0.11.0
[INFO] [stderr]   Downloaded flash-embedded-hal v0.1.2
[INFO] running `Command { std: "docker" "create" "-v" "/var/lib/crater-agent-workspace/builds/worker-8/target:/opt/rustwide/target:rw,Z" "-v" "/var/lib/crater-agent-workspace/builds/worker-8/source:/opt/rustwide/workdir:ro,Z" "-v" "/var/lib/crater-agent-workspace/cargo-home:/opt/rustwide/cargo-home:ro,Z" "-v" "/var/lib/crater-agent-workspace/rustup-home:/opt/rustwide/rustup-home:ro,Z" "-e" "SOURCE_DIR=/opt/rustwide/workdir" "-e" "CARGO_TARGET_DIR=/opt/rustwide/target" "-e" "CARGO_HOME=/opt/rustwide/cargo-home" "-e" "RUSTUP_HOME=/opt/rustwide/rustup-home" "-w" "/opt/rustwide/workdir" "-m" "1610612736" "--user" "0:0" "--network" "none" "ghcr.io/rust-lang/crates-build-env/linux@sha256:a89201d6b5b9fd45c15d5952ece0a0129e7e80cb26ec023fd59cf09bc26f1604" "/opt/rustwide/cargo-home/bin/cargo" "+beta-2021-10-15" "metadata" "--no-deps" "--format-version=1", kill_on_drop: false }`
[INFO] [stdout] d048f59df529cc625eca0f6df793d550196ee614824b5ceff128b97b28eb75b9
[INFO] [stderr] WARNING: Your kernel does not support swap limit capabilities or the cgroup is not mounted. Memory limited without swap.
[INFO] running `Command { std: "docker" "start" "-a" "d048f59df529cc625eca0f6df793d550196ee614824b5ceff128b97b28eb75b9", kill_on_drop: false }`
[INFO] running `Command { std: "docker" "inspect" "d048f59df529cc625eca0f6df793d550196ee614824b5ceff128b97b28eb75b9", kill_on_drop: false }`
[INFO] running `Command { std: "docker" "rm" "-f" "d048f59df529cc625eca0f6df793d550196ee614824b5ceff128b97b28eb75b9", kill_on_drop: false }`
[INFO] [stdout] d048f59df529cc625eca0f6df793d550196ee614824b5ceff128b97b28eb75b9
[INFO] running `Command { std: "docker" "create" "-v" "/var/lib/crater-agent-workspace/builds/worker-8/target:/opt/rustwide/target:rw,Z" "-v" "/var/lib/crater-agent-workspace/builds/worker-8/source:/opt/rustwide/workdir:ro,Z" "-v" "/var/lib/crater-agent-workspace/cargo-home:/opt/rustwide/cargo-home:ro,Z" "-v" "/var/lib/crater-agent-workspace/rustup-home:/opt/rustwide/rustup-home:ro,Z" "-e" "SOURCE_DIR=/opt/rustwide/workdir" "-e" "CARGO_TARGET_DIR=/opt/rustwide/target" "-e" "CARGO_INCREMENTAL=0" "-e" "RUST_BACKTRACE=full" "-e" "RUSTFLAGS=--cap-lints=warn" "-e" "CARGO_HOME=/opt/rustwide/cargo-home" "-e" "RUSTUP_HOME=/opt/rustwide/rustup-home" "-w" "/opt/rustwide/workdir" "-m" "1610612736" "--user" "0:0" "--network" "none" "ghcr.io/rust-lang/crates-build-env/linux@sha256:a89201d6b5b9fd45c15d5952ece0a0129e7e80cb26ec023fd59cf09bc26f1604" "/opt/rustwide/cargo-home/bin/cargo" "+beta-2021-10-15" "check" "--frozen" "--all" "--all-targets" "--message-format=json", kill_on_drop: false }`
[INFO] [stdout] f83a7c5d540881670a8e9f4b3d431ff581bca991f924e2d3cb5f4eaee74e8df9
[INFO] [stderr] WARNING: Your kernel does not support swap limit capabilities or the cgroup is not mounted. Memory limited without swap.
[INFO] running `Command { std: "docker" "start" "-a" "f83a7c5d540881670a8e9f4b3d431ff581bca991f924e2d3cb5f4eaee74e8df9", kill_on_drop: false }`
[INFO] [stderr]    Compiling stm32l0 v0.11.0
[INFO] [stderr]     Checking flash-embedded-hal v0.1.2
[INFO] [stderr]     Checking embedded-hal v1.0.0-alpha.5
[INFO] [stderr]     Checking stm32l0x1-hal v0.9.0 (/opt/rustwide/workdir)
[INFO] [stdout] error[E0432]: unresolved imports `hal::adc::Channel`, `hal::adc::OneShot`
[INFO] [stdout]   --> src/adc.rs:43:16
[INFO] [stdout]    |
[INFO] [stdout] 43 | use hal::adc::{Channel, OneShot};
[INFO] [stdout]    |                ^^^^^^^  ^^^^^^^ no `OneShot` in `adc`
[INFO] [stdout]    |                |
[INFO] [stdout]    |                no `Channel` in `adc`
[INFO] [stdout] 
[INFO] [stdout] 
[INFO] [stdout] error[E0433]: failed to resolve: could not find `blocking` in `hal`
[INFO] [stdout]   --> src/i2c/mod.rs:42:10
[INFO] [stdout]    |
[INFO] [stdout] 42 | use hal::blocking::i2c::{Write, WriteRead};
[INFO] [stdout]    |          ^^^^^^^^ could not find `blocking` in `hal`
[INFO] [stdout] 
[INFO] [stdout] 
[INFO] [stdout] error[E0432]: unresolved imports `hal::digital::InputPin`, `hal::digital::OutputPin`, `hal::digital::StatefulOutputPin`
[INFO] [stdout]   --> src/gpio.rs:32:20
[INFO] [stdout]    |
[INFO] [stdout] 32 | use hal::digital::{InputPin, OutputPin, StatefulOutputPin};
[INFO] [stdout]    |                    ^^^^^^^^  ^^^^^^^^^  ^^^^^^^^^^^^^^^^^ no `StatefulOutputPin` in `digital`
[INFO] [stdout]    |                    |         |
[INFO] [stdout]    |                    |         no `OutputPin` in `digital`
[INFO] [stdout]    |                    no `InputPin` in `digital`
[INFO] [stdout] 
[INFO] [stdout] 
[INFO] [stdout] error[E0432]: unresolved imports `hal::serial::Read`, `hal::serial::Write`
[INFO] [stdout]   --> src/serial/mod.rs:50:19
[INFO] [stdout]    |
[INFO] [stdout] 50 | use hal::serial::{Read, Write};
[INFO] [stdout]    |                   ^^^^  ^^^^^ no `Write` in `serial`
[INFO] [stdout]    |                   |
[INFO] [stdout]    |                   no `Read` in `serial`
[INFO] [stdout] 
[INFO] [stdout] 
[INFO] [stdout] error[E0432]: unresolved imports `hal::adc::Channel`, `hal::adc::OneShot`
[INFO] [stdout]   --> src/adc.rs:43:16
[INFO] [stdout]    |
[INFO] [stdout] 43 | use hal::adc::{Channel, OneShot};
[INFO] [stdout]    |                ^^^^^^^  ^^^^^^^ no `OneShot` in `adc`
[INFO] [stdout]    |                |
[INFO] [stdout]    |                no `Channel` in `adc`
[INFO] [stdout] 
[INFO] [stdout] 
[INFO] [stdout] error[E0433]: failed to resolve: could not find `blocking` in `hal`
[INFO] [stdout]   --> src/i2c/mod.rs:42:10
[INFO] [stdout]    |
[INFO] [stdout] 42 | use hal::blocking::i2c::{Write, WriteRead};
[INFO] [stdout]    |          ^^^^^^^^ could not find `blocking` in `hal`
[INFO] [stdout] 
[INFO] [stdout] 
[INFO] [stdout] error[E0432]: unresolved imports `hal::digital::InputPin`, `hal::digital::OutputPin`, `hal::digital::StatefulOutputPin`
[INFO] [stdout]   --> src/gpio.rs:32:20
[INFO] [stdout]    |
[INFO] [stdout] 32 | use hal::digital::{InputPin, OutputPin, StatefulOutputPin};
[INFO] [stdout]    |                    ^^^^^^^^  ^^^^^^^^^  ^^^^^^^^^^^^^^^^^ no `StatefulOutputPin` in `digital`
[INFO] [stdout]    |                    |         |
[INFO] [stdout]    |                    |         no `OutputPin` in `digital`
[INFO] [stdout]    |                    no `InputPin` in `digital`
[INFO] [stdout] 
[INFO] [stdout] 
[INFO] [stdout] error[E0432]: unresolved imports `hal::serial::Read`, `hal::serial::Write`
[INFO] [stdout]   --> src/serial/mod.rs:50:19
[INFO] [stdout]    |
[INFO] [stdout] 50 | use hal::serial::{Read, Write};
[INFO] [stdout]    |                   ^^^^  ^^^^^ no `Write` in `serial`
[INFO] [stdout]    |                   |
[INFO] [stdout]    |                   no `Read` in `serial`
[INFO] [stdout] 
[INFO] [stdout] 
[INFO] [stdout] error[E0433]: failed to resolve: could not find `Error` in `nb`
[INFO] [stdout]    --> src/timer.rs:88:41
[INFO] [stdout]     |
[INFO] [stdout] 88  |                           true => Err(nb::Error::WouldBlock),
[INFO] [stdout]     |                                           ^^^^^ could not find `Error` in `nb`
[INFO] [stdout] ...
[INFO] [stdout] 143 | / impl_timer! {
[INFO] [stdout] 144 | |     TIM2: (tim2, APB1, apb1, tim2en, tim2rst),
[INFO] [stdout] 145 | |     TIM21: (tim21, APB2, apb2, tim21en, tim21rst),
[INFO] [stdout] 146 | | }
[INFO] [stdout]     | |_- in this macro invocation
[INFO] [stdout]     |
[INFO] [stdout]     = note: this error originates in the macro `impl_timer` (in Nightly builds, run with -Z macro-backtrace for more info)
[INFO] [stdout] 
[INFO] [stdout] 
[INFO] [stdout] error[E0405]: cannot find trait `Write` in this scope
[INFO] [stdout]    --> src/i2c/mod.rs:265:24
[INFO] [stdout]     |
[INFO] [stdout] 265 |               impl<PINS> Write for I2c<$I2CX, PINS> {
[INFO] [stdout]     |                          ^^^^^ not found in this scope
[INFO] [stdout] ...
[INFO] [stdout] 376 | / hal! {
[INFO] [stdout] 377 | |     I2C1: (i2c1, i2c1en, i2c1rst, i2c1sel),
[INFO] [stdout] 378 | | }
[INFO] [stdout]     | |_- in this macro invocation
[INFO] [stdout]     |
[INFO] [stdout]     = note: this error originates in the macro `hal` (in Nightly builds, run with -Z macro-backtrace for more info)
[INFO] [stdout] help: consider importing one of these items
[INFO] [stdout]     |
[INFO] [stdout] 40  | use core::fmt::Write;
[INFO] [stdout]     |
[INFO] [stdout] 40  | use hal::i2c::blocking::Write;
[INFO] [stdout]     |
[INFO] [stdout] 40  | use hal::serial::blocking::Write;
[INFO] [stdout]     |
[INFO] [stdout] 40  | use hal::serial::nb::Write;
[INFO] [stdout]     |
[INFO] [stdout]       and 1 other candidate
[INFO] [stdout] 
[INFO] [stdout] 
[INFO] [stdout] error[E0433]: failed to resolve: could not find `Error` in `nb`
[INFO] [stdout]    --> src/timer.rs:88:41
[INFO] [stdout]     |
[INFO] [stdout] 88  |                           true => Err(nb::Error::WouldBlock),
[INFO] [stdout]     |                                           ^^^^^ could not find `Error` in `nb`
[INFO] [stdout] ...
[INFO] [stdout] 143 | / impl_timer! {
[INFO] [stdout] 144 | |     TIM2: (tim2, APB1, apb1, tim2en, tim2rst),
[INFO] [stdout] 145 | |     TIM21: (tim21, APB2, apb2, tim21en, tim21rst),
[INFO] [stdout] 146 | | }
[INFO] [stdout]     | |_- in this macro invocation
[INFO] [stdout]     |
[INFO] [stdout]     = note: this error originates in the macro `impl_timer` (in Nightly builds, run with -Z macro-backtrace for more info)
[INFO] [stdout] 
[INFO] [stdout] 
[INFO] [stdout] error[E0405]: cannot find trait `WriteRead` in this scope
[INFO] [stdout]    --> src/i2c/mod.rs:304:24
[INFO] [stdout]     |
[INFO] [stdout] 304 |               impl<PINS> WriteRead for I2c<$I2CX, PINS> {
[INFO] [stdout]     |                          ^^^^^^^^^ not found in this scope
[INFO] [stdout] ...
[INFO] [stdout] 376 | / hal! {
[INFO] [stdout] 377 | |     I2C1: (i2c1, i2c1en, i2c1rst, i2c1sel),
[INFO] [stdout] 378 | | }
[INFO] [stdout]     | |_- in this macro invocation
[INFO] [stdout]     |
[INFO] [stdout]     = note: this error originates in the macro `hal` (in Nightly builds, run with -Z macro-backtrace for more info)
[INFO] [stdout] help: consider importing this trait
[INFO] [stdout]     |
[INFO] [stdout] 40  | use hal::i2c::blocking::WriteRead;
[INFO] [stdout]     |
[INFO] [stdout] 
[INFO] [stdout] 
[INFO] [stdout] error[E0405]: cannot find trait `Cancel` in this scope
[INFO] [stdout]    --> src/timer.rs:38:18
[INFO] [stdout]     |
[INFO] [stdout] 38  |               impl Cancel for Timer<$TIMX> {
[INFO] [stdout]     |                    ^^^^^^ not found in this scope
[INFO] [stdout] ...
[INFO] [stdout] 143 | / impl_timer! {
[INFO] [stdout] 144 | |     TIM2: (tim2, APB1, apb1, tim2en, tim2rst),
[INFO] [stdout] 145 | |     TIM21: (tim21, APB2, apb2, tim21en, tim21rst),
[INFO] [stdout] 146 | | }
[INFO] [stdout]     | |_- in this macro invocation
[INFO] [stdout]     |
[INFO] [stdout]     = note: this error originates in the macro `impl_timer` (in Nightly builds, run with -Z macro-backtrace for more info)
[INFO] [stdout] help: consider importing this trait
[INFO] [stdout]     |
[INFO] [stdout] 3   | use timer::nb::Cancel;
[INFO] [stdout]     |
[INFO] [stdout] 
[INFO] [stdout] 
[INFO] [stdout] error[E0405]: cannot find trait `CountDown` in this scope
[INFO] [stdout]    --> src/timer.rs:46:18
[INFO] [stdout]     |
[INFO] [stdout] 46  |               impl CountDown for Timer<$TIMX> {
[INFO] [stdout]     |                    ^^^^^^^^^ not found in this scope
[INFO] [stdout] ...
[INFO] [stdout] 143 | / impl_timer! {
[INFO] [stdout] 144 | |     TIM2: (tim2, APB1, apb1, tim2en, tim2rst),
[INFO] [stdout] 145 | |     TIM21: (tim21, APB2, apb2, tim21en, tim21rst),
[INFO] [stdout] 146 | | }
[INFO] [stdout]     | |_- in this macro invocation
[INFO] [stdout]     |
[INFO] [stdout]     = note: this error originates in the macro `impl_timer` (in Nightly builds, run with -Z macro-backtrace for more info)
[INFO] [stdout] help: consider importing this trait
[INFO] [stdout]     |
[INFO] [stdout] 3   | use timer::nb::CountDown;
[INFO] [stdout]     |
[INFO] [stdout] 
[INFO] [stdout] 
[INFO] [stdout] error[E0405]: cannot find trait `Write` in this scope
[INFO] [stdout]    --> src/i2c/mod.rs:265:24
[INFO] [stdout]     |
[INFO] [stdout] 265 |               impl<PINS> Write for I2c<$I2CX, PINS> {
[INFO] [stdout]     |                          ^^^^^ not found in this scope
[INFO] [stdout] ...
[INFO] [stdout] 376 | / hal! {
[INFO] [stdout] 377 | |     I2C1: (i2c1, i2c1en, i2c1rst, i2c1sel),
[INFO] [stdout] 378 | | }
[INFO] [stdout]     | |_- in this macro invocation
[INFO] [stdout]     |
[INFO] [stdout]     = note: this error originates in the macro `hal` (in Nightly builds, run with -Z macro-backtrace for more info)
[INFO] [stdout] help: consider importing one of these items
[INFO] [stdout]     |
[INFO] [stdout] 40  | use core::fmt::Write;
[INFO] [stdout]     |
[INFO] [stdout] 40  | use hal::i2c::blocking::Write;
[INFO] [stdout]     |
[INFO] [stdout] 40  | use hal::serial::blocking::Write;
[INFO] [stdout]     |
[INFO] [stdout] 40  | use hal::serial::nb::Write;
[INFO] [stdout]     |
[INFO] [stdout]       and 1 other candidate
[INFO] [stdout] 
[INFO] [stdout] 
[INFO] [stdout] error[E0412]: cannot find type `Result` in module `nb`
[INFO] [stdout]    --> src/timer.rs:86:47
[INFO] [stdout]     |
[INFO] [stdout] 86  |                   fn try_wait(&mut self) -> nb::Result<(), Infallible> {
[INFO] [stdout]     |                                                 ^^^^^^ not found in `nb`
[INFO] [stdout] ...
[INFO] [stdout] 143 | / impl_timer! {
[INFO] [stdout] 144 | |     TIM2: (tim2, APB1, apb1, tim2en, tim2rst),
[INFO] [stdout] 145 | |     TIM21: (tim21, APB2, apb2, tim21en, tim21rst),
[INFO] [stdout] 146 | | }
[INFO] [stdout]     | |_- in this macro invocation
[INFO] [stdout]     |
[INFO] [stdout]     = note: this error originates in the macro `impl_timer` (in Nightly builds, run with -Z macro-backtrace for more info)
[INFO] [stdout] help: consider importing one of these items
[INFO] [stdout]     |
[INFO] [stdout] 3   | use core::fmt::Result;
[INFO] [stdout]     |
[INFO] [stdout] 3   | use core::result::Result;
[INFO] [stdout]     |
[INFO] [stdout] 3   | use nb::Result;
[INFO] [stdout]     |
[INFO] [stdout] 
[INFO] [stdout] 
[INFO] [stdout] error[E0405]: cannot find trait `WriteRead` in this scope
[INFO] [stdout]    --> src/i2c/mod.rs:304:24
[INFO] [stdout]     |
[INFO] [stdout] 304 |               impl<PINS> WriteRead for I2c<$I2CX, PINS> {
[INFO] [stdout]     |                          ^^^^^^^^^ not found in this scope
[INFO] [stdout] ...
[INFO] [stdout] 376 | / hal! {
[INFO] [stdout] 377 | |     I2C1: (i2c1, i2c1en, i2c1rst, i2c1sel),
[INFO] [stdout] 378 | | }
[INFO] [stdout]     | |_- in this macro invocation
[INFO] [stdout]     |
[INFO] [stdout]     = note: this error originates in the macro `hal` (in Nightly builds, run with -Z macro-backtrace for more info)
[INFO] [stdout] help: consider importing this trait
[INFO] [stdout]     |
[INFO] [stdout] 40  | use hal::i2c::blocking::WriteRead;
[INFO] [stdout]     |
[INFO] [stdout] 
[INFO] [stdout] 
[INFO] [stdout] error[E0405]: cannot find trait `Cancel` in this scope
[INFO] [stdout]    --> src/timer.rs:38:18
[INFO] [stdout]     |
[INFO] [stdout] 38  |               impl Cancel for Timer<$TIMX> {
[INFO] [stdout]     |                    ^^^^^^ not found in this scope
[INFO] [stdout] ...
[INFO] [stdout] 143 | / impl_timer! {
[INFO] [stdout] 144 | |     TIM2: (tim2, APB1, apb1, tim2en, tim2rst),
[INFO] [stdout] 145 | |     TIM21: (tim21, APB2, apb2, tim21en, tim21rst),
[INFO] [stdout] 146 | | }
[INFO] [stdout]     | |_- in this macro invocation
[INFO] [stdout]     |
[INFO] [stdout]     = note: this error originates in the macro `impl_timer` (in Nightly builds, run with -Z macro-backtrace for more info)
[INFO] [stdout] help: consider importing this trait
[INFO] [stdout]     |
[INFO] [stdout] 3   | use timer::nb::Cancel;
[INFO] [stdout]     |
[INFO] [stdout] 
[INFO] [stdout] 
[INFO] [stdout] error[E0405]: cannot find trait `CountDown` in this scope
[INFO] [stdout]    --> src/timer.rs:46:18
[INFO] [stdout]     |
[INFO] [stdout] 46  |               impl CountDown for Timer<$TIMX> {
[INFO] [stdout]     |                    ^^^^^^^^^ not found in this scope
[INFO] [stdout] ...
[INFO] [stdout] 143 | / impl_timer! {
[INFO] [stdout] 144 | |     TIM2: (tim2, APB1, apb1, tim2en, tim2rst),
[INFO] [stdout] 145 | |     TIM21: (tim21, APB2, apb2, tim21en, tim21rst),
[INFO] [stdout] 146 | | }
[INFO] [stdout]     | |_- in this macro invocation
[INFO] [stdout]     |
[INFO] [stdout]     = note: this error originates in the macro `impl_timer` (in Nightly builds, run with -Z macro-backtrace for more info)
[INFO] [stdout] help: consider importing this trait
[INFO] [stdout]     |
[INFO] [stdout] 3   | use timer::nb::CountDown;
[INFO] [stdout]     |
[INFO] [stdout] 
[INFO] [stdout] 
[INFO] [stdout] error[E0412]: cannot find type `Result` in module `nb`
[INFO] [stdout]    --> src/timer.rs:86:47
[INFO] [stdout]     |
[INFO] [stdout] 86  |                   fn try_wait(&mut self) -> nb::Result<(), Infallible> {
[INFO] [stdout]     |                                                 ^^^^^^ not found in `nb`
[INFO] [stdout] ...
[INFO] [stdout] 143 | / impl_timer! {
[INFO] [stdout] 144 | |     TIM2: (tim2, APB1, apb1, tim2en, tim2rst),
[INFO] [stdout] 145 | |     TIM21: (tim21, APB2, apb2, tim21en, tim21rst),
[INFO] [stdout] 146 | | }
[INFO] [stdout]     | |_- in this macro invocation
[INFO] [stdout]     |
[INFO] [stdout]     = note: this error originates in the macro `impl_timer` (in Nightly builds, run with -Z macro-backtrace for more info)
[INFO] [stdout] help: consider importing one of these items
[INFO] [stdout]     |
[INFO] [stdout] 3   | use core::fmt::Result;
[INFO] [stdout]     |
[INFO] [stdout] 3   | use core::result::Result;
[INFO] [stdout]     |
[INFO] [stdout] 3   | use nb::Result;
[INFO] [stdout]     |
[INFO] [stdout] 
[INFO] [stdout] 
[INFO] [stdout] error: aborting due to 10 previous errors
[INFO] [stdout] 
[INFO] [stdout] 
[INFO] [stdout] Some errors have detailed explanations: E0405, E0412, E0432, E0433.
[INFO] [stdout] 
[INFO] [stdout] For more information about an error, try `rustc --explain E0405`.
[INFO] [stdout] 
[INFO] [stderr] error: could not compile `stm32l0x1-hal` due to 11 previous errors
[INFO] [stderr] warning: build failed, waiting for other jobs to finish...
[INFO] [stdout] error: aborting due to 10 previous errors
[INFO] [stdout] 
[INFO] [stdout] 
[INFO] [stdout] Some errors have detailed explanations: E0405, E0412, E0432, E0433.
[INFO] [stdout] 
[INFO] [stdout] For more information about an error, try `rustc --explain E0405`.
[INFO] [stdout] 
[INFO] [stderr] error: build failed
[INFO] running `Command { std: "docker" "inspect" "f83a7c5d540881670a8e9f4b3d431ff581bca991f924e2d3cb5f4eaee74e8df9", kill_on_drop: false }`
[INFO] running `Command { std: "docker" "rm" "-f" "f83a7c5d540881670a8e9f4b3d431ff581bca991f924e2d3cb5f4eaee74e8df9", kill_on_drop: false }`
[INFO] [stdout] f83a7c5d540881670a8e9f4b3d431ff581bca991f924e2d3cb5f4eaee74e8df9
