[INFO] fetching crate stm32h7xx 0.2.0...
[INFO] checking stm32h7xx-0.2.0 against 1.55.0 for beta-1.56-3
[INFO] extracting crate stm32h7xx 0.2.0 into /workspace/builds/worker-12/source
[INFO] validating manifest of crates.io crate stm32h7xx 0.2.0 on toolchain 1.55.0
[INFO] running `Command { std: "/workspace/cargo-home/bin/cargo" "+1.55.0" "metadata" "--manifest-path" "Cargo.toml" "--no-deps", kill_on_drop: false }`
[INFO] removed /workspace/builds/worker-12/source/.cargo/config
[INFO] started tweaking crates.io crate stm32h7xx 0.2.0
[INFO] finished tweaking crates.io crate stm32h7xx 0.2.0
[INFO] tweaked toml for crates.io crate stm32h7xx 0.2.0 written to /workspace/builds/worker-12/source/Cargo.toml
[INFO] running `Command { std: "/workspace/cargo-home/bin/cargo" "+1.55.0" "generate-lockfile" "--manifest-path" "Cargo.toml" "-Zno-index-update", kill_on_drop: false }`
[INFO] [stderr]     Blocking waiting for file lock on package cache
[INFO] running `Command { std: "/workspace/cargo-home/bin/cargo" "+1.55.0" "fetch" "--manifest-path" "Cargo.toml", kill_on_drop: false }`
[INFO] running `Command { std: "docker" "create" "-v" "/var/lib/crater-agent-workspace/builds/worker-12/target:/opt/rustwide/target:rw,Z" "-v" "/var/lib/crater-agent-workspace/builds/worker-12/source:/opt/rustwide/workdir:ro,Z" "-v" "/var/lib/crater-agent-workspace/cargo-home:/opt/rustwide/cargo-home:ro,Z" "-v" "/var/lib/crater-agent-workspace/rustup-home:/opt/rustwide/rustup-home:ro,Z" "-e" "SOURCE_DIR=/opt/rustwide/workdir" "-e" "CARGO_TARGET_DIR=/opt/rustwide/target" "-e" "CARGO_HOME=/opt/rustwide/cargo-home" "-e" "RUSTUP_HOME=/opt/rustwide/rustup-home" "-w" "/opt/rustwide/workdir" "-m" "1610612736" "--user" "0:0" "--network" "none" "ghcr.io/rust-lang/crates-build-env/linux@sha256:a89201d6b5b9fd45c15d5952ece0a0129e7e80cb26ec023fd59cf09bc26f1604" "/opt/rustwide/cargo-home/bin/cargo" "+1.55.0" "metadata" "--no-deps" "--format-version=1", kill_on_drop: false }`
[INFO] [stdout] 4cea55052368e085ecb1136982d5b53a55d9afd6c53b5fcf9ca52df77e81a2d7
[INFO] [stderr] WARNING: Your kernel does not support swap limit capabilities or the cgroup is not mounted. Memory limited without swap.
[INFO] running `Command { std: "docker" "start" "-a" "4cea55052368e085ecb1136982d5b53a55d9afd6c53b5fcf9ca52df77e81a2d7", kill_on_drop: false }`
[INFO] running `Command { std: "docker" "inspect" "4cea55052368e085ecb1136982d5b53a55d9afd6c53b5fcf9ca52df77e81a2d7", kill_on_drop: false }`
[INFO] running `Command { std: "docker" "rm" "-f" "4cea55052368e085ecb1136982d5b53a55d9afd6c53b5fcf9ca52df77e81a2d7", kill_on_drop: false }`
[INFO] [stdout] 4cea55052368e085ecb1136982d5b53a55d9afd6c53b5fcf9ca52df77e81a2d7
[INFO] running `Command { std: "docker" "create" "-v" "/var/lib/crater-agent-workspace/builds/worker-12/target:/opt/rustwide/target:rw,Z" "-v" "/var/lib/crater-agent-workspace/builds/worker-12/source:/opt/rustwide/workdir:ro,Z" "-v" "/var/lib/crater-agent-workspace/cargo-home:/opt/rustwide/cargo-home:ro,Z" "-v" "/var/lib/crater-agent-workspace/rustup-home:/opt/rustwide/rustup-home:ro,Z" "-e" "SOURCE_DIR=/opt/rustwide/workdir" "-e" "CARGO_TARGET_DIR=/opt/rustwide/target" "-e" "CARGO_INCREMENTAL=0" "-e" "RUST_BACKTRACE=full" "-e" "RUSTFLAGS=--cap-lints=warn" "-e" "CARGO_HOME=/opt/rustwide/cargo-home" "-e" "RUSTUP_HOME=/opt/rustwide/rustup-home" "-w" "/opt/rustwide/workdir" "-m" "1610612736" "--user" "0:0" "--network" "none" "ghcr.io/rust-lang/crates-build-env/linux@sha256:a89201d6b5b9fd45c15d5952ece0a0129e7e80cb26ec023fd59cf09bc26f1604" "/opt/rustwide/cargo-home/bin/cargo" "+1.55.0" "check" "--frozen" "--all" "--all-targets" "--message-format=json", kill_on_drop: false }`
[INFO] [stdout] 13b9936706a671194cfff3e4f75ae30c17427e4e37f2cb8bfc1d3a57625543e2
[INFO] [stderr] WARNING: Your kernel does not support swap limit capabilities or the cgroup is not mounted. Memory limited without swap.
[INFO] running `Command { std: "docker" "start" "-a" "13b9936706a671194cfff3e4f75ae30c17427e4e37f2cb8bfc1d3a57625543e2", kill_on_drop: false }`
[INFO] [stderr]    Compiling cortex-m-rt v0.6.15
[INFO] [stderr]     Checking aligned v0.2.0
[INFO] [stderr]    Compiling stm32h7 v0.2.3
[INFO] [stderr]     Checking r0 v0.2.2
[INFO] [stderr]     Checking volatile-register v0.1.2
[INFO] [stderr]     Checking linked_list_allocator v0.6.6
[INFO] [stderr]    Compiling stm32h7xx v0.2.0 (/opt/rustwide/workdir)
[INFO] [stderr]     Checking nb v0.1.3
[INFO] [stderr]     Checking aligned v0.3.5
[INFO] [stdout] error[E0557]: feature has been removed
[INFO] [stdout]  --> /opt/rustwide/cargo-home/registry/src/github.com-1ecc6299db9ec823/linked_list_allocator-0.6.6/src/lib.rs:1:12
[INFO] [stdout]   |
[INFO] [stdout] 1 | #![feature(const_fn)]
[INFO] [stdout]   |            ^^^^^^^^ feature has been removed
[INFO] [stdout]   |
[INFO] [stdout]   = note: split into finer-grained feature gates
[INFO] [stdout] 
[INFO] [stdout] 
[INFO] [stdout] error[E0432]: unresolved imports `alloc::alloc::AllocRef`, `alloc::alloc::AllocErr`
[INFO] [stdout]   --> /opt/rustwide/cargo-home/registry/src/github.com-1ecc6299db9ec823/linked_list_allocator-0.6.6/src/lib.rs:14:20
[INFO] [stdout]    |
[INFO] [stdout] 14 | use alloc::alloc::{AllocRef, AllocErr, Layout};
[INFO] [stdout]    |                    ^^^^^^^^  ^^^^^^^^
[INFO] [stdout]    |                    |         |
[INFO] [stdout]    |                    |         no `AllocErr` in `alloc`
[INFO] [stdout]    |                    |         help: a similar name exists in the module: `AllocError`
[INFO] [stdout]    |                    no `AllocRef` in `alloc`
[INFO] [stdout] 
[INFO] [stdout] 
[INFO] [stdout] error[E0432]: unresolved import `alloc::alloc::AllocErr`
[INFO] [stdout]  --> /opt/rustwide/cargo-home/registry/src/github.com-1ecc6299db9ec823/linked_list_allocator-0.6.6/src/hole.rs:1:20
[INFO] [stdout]   |
[INFO] [stdout] 1 | use alloc::alloc::{AllocErr, Layout};
[INFO] [stdout]   |                    ^^^^^^^^
[INFO] [stdout]   |                    |
[INFO] [stdout]   |                    no `AllocErr` in `alloc`
[INFO] [stdout]   |                    help: a similar name exists in the module: `AllocError`
[INFO] [stdout] 
[INFO] [stdout] 
[INFO] [stdout] error[E0554]: `#![feature]` may not be used on the stable release channel
[INFO] [stdout]  --> /opt/rustwide/cargo-home/registry/src/github.com-1ecc6299db9ec823/linked_list_allocator-0.6.6/src/lib.rs:1:1
[INFO] [stdout]   |
[INFO] [stdout] 1 | #![feature(const_fn)]
[INFO] [stdout]   | ^^^^^^^^^^^^^^^^^^^^^
[INFO] [stdout] 
[INFO] [stdout] 
[INFO] [stdout] error[E0554]: `#![feature]` may not be used on the stable release channel
[INFO] [stdout]  --> /opt/rustwide/cargo-home/registry/src/github.com-1ecc6299db9ec823/linked_list_allocator-0.6.6/src/lib.rs:2:1
[INFO] [stdout]   |
[INFO] [stdout] 2 | #![feature(allocator_api)]
[INFO] [stdout]   | ^^^^^^^^^^^^^^^^^^^^^^^^^^
[INFO] [stdout] 
[INFO] [stdout] 
[INFO] [stdout] error: aborting due to 5 previous errors
[INFO] [stdout] 
[INFO] [stdout] 
[INFO] [stdout] Some errors have detailed explanations: E0432, E0554, E0557.
[INFO] [stdout] 
[INFO] [stdout] For more information about an error, try `rustc --explain E0432`.
[INFO] [stdout] 
[INFO] [stderr] error: could not compile `linked_list_allocator` due to 6 previous errors
[INFO] [stderr] warning: build failed, waiting for other jobs to finish...
[INFO] [stderr] error: build failed
[INFO] running `Command { std: "docker" "inspect" "13b9936706a671194cfff3e4f75ae30c17427e4e37f2cb8bfc1d3a57625543e2", kill_on_drop: false }`
[INFO] running `Command { std: "docker" "rm" "-f" "13b9936706a671194cfff3e4f75ae30c17427e4e37f2cb8bfc1d3a57625543e2", kill_on_drop: false }`
[INFO] [stdout] 13b9936706a671194cfff3e4f75ae30c17427e4e37f2cb8bfc1d3a57625543e2
