[INFO] fetching crate stm32f407g-disc 0.4.1...
[INFO] checking stm32f407g-disc-0.4.1 against beta-2021-10-15 for beta-1.56-3
[INFO] extracting crate stm32f407g-disc 0.4.1 into /workspace/builds/worker-12/source
[INFO] validating manifest of crates.io crate stm32f407g-disc 0.4.1 on toolchain beta-2021-10-15
[INFO] running `Command { std: "/workspace/cargo-home/bin/cargo" "+beta-2021-10-15" "metadata" "--manifest-path" "Cargo.toml" "--no-deps", kill_on_drop: false }`
[INFO] removed /workspace/builds/worker-12/source/.cargo/config
[INFO] started tweaking crates.io crate stm32f407g-disc 0.4.1
[INFO] finished tweaking crates.io crate stm32f407g-disc 0.4.1
[INFO] tweaked toml for crates.io crate stm32f407g-disc 0.4.1 written to /workspace/builds/worker-12/source/Cargo.toml
[INFO] crate crates.io crate stm32f407g-disc 0.4.1 already has a lockfile, it will not be regenerated
[INFO] running `Command { std: "/workspace/cargo-home/bin/cargo" "+beta-2021-10-15" "fetch" "--manifest-path" "Cargo.toml", kill_on_drop: false }`
[INFO] [stderr]  Downloading crates ...
[INFO] [stderr]   Downloaded display-interface v0.4.0
[INFO] [stderr]   Downloaded ssd1306 v0.5.2
[INFO] [stderr]   Downloaded accelerometer v0.11.0
[INFO] [stderr]   Downloaded lis302dl v0.1.0
[INFO] [stderr]   Downloaded stm32f4xx-hal v0.9.0
[INFO] [stderr]   Downloaded rtcc v0.2.0
[INFO] [stderr]   Downloaded display-interface-spi v0.4.0
[INFO] running `Command { std: "docker" "create" "-v" "/var/lib/crater-agent-workspace/builds/worker-12/target:/opt/rustwide/target:rw,Z" "-v" "/var/lib/crater-agent-workspace/builds/worker-12/source:/opt/rustwide/workdir:ro,Z" "-v" "/var/lib/crater-agent-workspace/cargo-home:/opt/rustwide/cargo-home:ro,Z" "-v" "/var/lib/crater-agent-workspace/rustup-home:/opt/rustwide/rustup-home:ro,Z" "-e" "SOURCE_DIR=/opt/rustwide/workdir" "-e" "CARGO_TARGET_DIR=/opt/rustwide/target" "-e" "CARGO_HOME=/opt/rustwide/cargo-home" "-e" "RUSTUP_HOME=/opt/rustwide/rustup-home" "-w" "/opt/rustwide/workdir" "-m" "1610612736" "--user" "0:0" "--network" "none" "ghcr.io/rust-lang/crates-build-env/linux@sha256:a89201d6b5b9fd45c15d5952ece0a0129e7e80cb26ec023fd59cf09bc26f1604" "/opt/rustwide/cargo-home/bin/cargo" "+beta-2021-10-15" "metadata" "--no-deps" "--format-version=1", kill_on_drop: false }`
[INFO] [stdout] 8da34b673808b7ae37794387597e6d9e60e3e5841ee5828a12c6dc1d186743ee
[INFO] [stderr] WARNING: Your kernel does not support swap limit capabilities or the cgroup is not mounted. Memory limited without swap.
[INFO] running `Command { std: "docker" "start" "-a" "8da34b673808b7ae37794387597e6d9e60e3e5841ee5828a12c6dc1d186743ee", kill_on_drop: false }`
[INFO] running `Command { std: "docker" "inspect" "8da34b673808b7ae37794387597e6d9e60e3e5841ee5828a12c6dc1d186743ee", kill_on_drop: false }`
[INFO] running `Command { std: "docker" "rm" "-f" "8da34b673808b7ae37794387597e6d9e60e3e5841ee5828a12c6dc1d186743ee", kill_on_drop: false }`
[INFO] [stdout] 8da34b673808b7ae37794387597e6d9e60e3e5841ee5828a12c6dc1d186743ee
[INFO] running `Command { std: "docker" "create" "-v" "/var/lib/crater-agent-workspace/builds/worker-12/target:/opt/rustwide/target:rw,Z" "-v" "/var/lib/crater-agent-workspace/builds/worker-12/source:/opt/rustwide/workdir:ro,Z" "-v" "/var/lib/crater-agent-workspace/cargo-home:/opt/rustwide/cargo-home:ro,Z" "-v" "/var/lib/crater-agent-workspace/rustup-home:/opt/rustwide/rustup-home:ro,Z" "-e" "SOURCE_DIR=/opt/rustwide/workdir" "-e" "CARGO_TARGET_DIR=/opt/rustwide/target" "-e" "CARGO_INCREMENTAL=0" "-e" "RUST_BACKTRACE=full" "-e" "RUSTFLAGS=--cap-lints=warn" "-e" "CARGO_HOME=/opt/rustwide/cargo-home" "-e" "RUSTUP_HOME=/opt/rustwide/rustup-home" "-w" "/opt/rustwide/workdir" "-m" "1610612736" "--user" "0:0" "--network" "none" "ghcr.io/rust-lang/crates-build-env/linux@sha256:a89201d6b5b9fd45c15d5952ece0a0129e7e80cb26ec023fd59cf09bc26f1604" "/opt/rustwide/cargo-home/bin/cargo" "+beta-2021-10-15" "check" "--frozen" "--all" "--all-targets" "--message-format=json", kill_on_drop: false }`
[INFO] [stdout] e16a0ee5d267f5ca0ca5d1c2df35dcde190ef1e60b8acadbae71eabbb7966fa7
[INFO] [stderr] WARNING: Your kernel does not support swap limit capabilities or the cgroup is not mounted. Memory limited without swap.
[INFO] running `Command { std: "docker" "start" "-a" "e16a0ee5d267f5ca0ca5d1c2df35dcde190ef1e60b8acadbae71eabbb7966fa7", kill_on_drop: false }`
[INFO] [stderr]    Compiling syn v1.0.69
[INFO] [stderr]    Compiling cortex-m-rt v0.6.13
[INFO] [stderr]    Compiling stm32f4 v0.13.0
[INFO] [stderr]     Checking display-interface v0.4.0
[INFO] [stderr]    Compiling stm32f407g-disc v0.4.1 (/opt/rustwide/workdir)
[INFO] [stderr]     Checking byte-slice-cast v0.3.5
[INFO] [stderr]     Checking rand_core v0.6.2
[INFO] [stderr]    Compiling cortex-m v0.7.2
[INFO] [stderr]     Checking embedded-dma v0.1.2
[INFO] [stderr]     Checking embedded-hal v0.2.4
[INFO] [stderr]     Checking embedded-graphics v0.6.2
[INFO] [stderr]    Compiling cast v0.2.5
[INFO] [stderr]     Checking micromath v1.1.1
[INFO] [stderr]     Checking chrono v0.4.19
[INFO] [stderr]     Checking display-interface-i2c v0.4.0
[INFO] [stderr]     Checking display-interface-spi v0.4.0
[INFO] [stderr]     Checking accelerometer v0.11.0
[INFO] [stderr]     Checking lis302dl v0.1.0
[INFO] [stderr]     Checking panic-itm v0.4.2
[INFO] [stderr]     Checking rtcc v0.2.0
[INFO] [stderr]     Checking ssd1306 v0.5.2
[INFO] [stderr]    Compiling cortex-m-rt-macros v0.1.8
[INFO] [stderr]     Checking stm32f4xx-hal v0.9.0
[INFO] [stdout] error: language item required, but not found: `eh_personality`
[INFO] [stdout] 
[INFO] [stdout] 
[INFO] [stdout] error: aborting due to previous error
[INFO] [stdout] 
[INFO] [stdout] 
[INFO] [stderr] error: could not compile `stm32f407g-disc` due to 2 previous errors
[INFO] [stderr] warning: build failed, waiting for other jobs to finish...
[INFO] [stdout] error: language item required, but not found: `eh_personality`
[INFO] [stdout] 
[INFO] [stdout] 
[INFO] [stdout] error: aborting due to previous error
[INFO] [stdout] 
[INFO] [stdout] 
[INFO] [stdout] error: language item required, but not found: `eh_personality`
[INFO] [stdout] 
[INFO] [stdout] 
[INFO] [stdout] error: language item required, but not found: `eh_personality`
[INFO] [stdout] 
[INFO] [stdout] 
[INFO] [stdout] error[E0107]: this struct takes 2 generic arguments but 1 generic argument was supplied
[INFO] [stdout]    --> examples/i2c_hal_ssd1306alphabeter.rs:45:23
[INFO] [stdout]     |
[INFO] [stdout] 45  |         let mut disp: TerminalMode<_> = Builder::new().with_i2c_addr(0x3c).connect_i2c(i2c).into();
[INFO] [stdout]     |                       ^^^^^^^^^^^^ - supplied 1 generic argument
[INFO] [stdout]     |                       |
[INFO] [stdout]     |                       expected 2 generic arguments
[INFO] [stdout]     |
[INFO] [stdout] note: struct defined here, with 2 generic parameters: `DI`, `DSIZE`
[INFO] [stdout]    --> /opt/rustwide/cargo-home/registry/src/github.com-1ecc6299db9ec823/ssd1306-0.5.2/src/mode/terminal.rs:164:12
[INFO] [stdout]     |
[INFO] [stdout] 164 | pub struct TerminalMode<DI, DSIZE>
[INFO] [stdout]     |            ^^^^^^^^^^^^ --  -----
[INFO] [stdout] help: add missing generic argument
[INFO] [stdout]     |
[INFO] [stdout] 45  |         let mut disp: TerminalMode<_, DSIZE> = Builder::new().with_i2c_addr(0x3c).connect_i2c(i2c).into();
[INFO] [stdout]     |                                     +++++++
[INFO] [stdout] 
[INFO] [stdout] 
[INFO] [stdout] warning: use of deprecated associated function `stm32f407g_disc::i2c::I2c::<stm32f407g_disc::I2C1, PINS>::i2c1`: Please use new instead
[INFO] [stdout]   --> examples/i2c_hal_ssd1306alphabeter.rs:42:24
[INFO] [stdout]    |
[INFO] [stdout] 42 |         let i2c = I2c::i2c1(p.I2C1, (scl, sda), 400.khz(), clocks);
[INFO] [stdout]    |                        ^^^^
[INFO] [stdout]    |
[INFO] [stdout]    = note: `#[warn(deprecated)]` on by default
[INFO] [stdout] 
[INFO] [stdout] 
[INFO] [stdout] error: language item required, but not found: `eh_personality`
[INFO] [stdout] 
[INFO] [stdout] 
[INFO] [stdout] error[E0107]: this struct takes 2 generic arguments but 1 generic argument was supplied
[INFO] [stdout]    --> examples/i2c_hal_ssd1306helloworld.rs:45:23
[INFO] [stdout]     |
[INFO] [stdout] 45  |         let mut disp: TerminalMode<_> = Builder::new().with_i2c_addr(0x3c).connect_i2c(i2c).into();
[INFO] [stdout]     |                       ^^^^^^^^^^^^ - supplied 1 generic argument
[INFO] [stdout]     |                       |
[INFO] [stdout]     |                       expected 2 generic arguments
[INFO] [stdout]     |
[INFO] [stdout] note: struct defined here, with 2 generic parameters: `DI`, `DSIZE`
[INFO] [stdout]    --> /opt/rustwide/cargo-home/registry/src/github.com-1ecc6299db9ec823/ssd1306-0.5.2/src/mode/terminal.rs:164:12
[INFO] [stdout]     |
[INFO] [stdout] 164 | pub struct TerminalMode<DI, DSIZE>
[INFO] [stdout]     |            ^^^^^^^^^^^^ --  -----
[INFO] [stdout] help: add missing generic argument
[INFO] [stdout]     |
[INFO] [stdout] 45  |         let mut disp: TerminalMode<_, DSIZE> = Builder::new().with_i2c_addr(0x3c).connect_i2c(i2c).into();
[INFO] [stdout]     |                                     +++++++
[INFO] [stdout] 
[INFO] [stdout] 
[INFO] [stdout] warning: use of deprecated associated function `stm32f407g_disc::i2c::I2c::<stm32f407g_disc::I2C1, PINS>::i2c1`: Please use new instead
[INFO] [stdout]   --> examples/i2c_hal_ssd1306helloworld.rs:42:24
[INFO] [stdout]    |
[INFO] [stdout] 42 |         let i2c = I2c::i2c1(p.I2C1, (scl, sda), 400.khz(), clocks);
[INFO] [stdout]    |                        ^^^^
[INFO] [stdout]    |
[INFO] [stdout]    = note: `#[warn(deprecated)]` on by default
[INFO] [stdout] 
[INFO] [stdout] 
[INFO] [stdout] error: aborting due to previous error
[INFO] [stdout] 
[INFO] [stdout] 
[INFO] [stdout] error: language item required, but not found: `eh_personality`
[INFO] [stdout] 
[INFO] [stdout] 
[INFO] [stdout] error: aborting due to previous error
[INFO] [stdout] 
[INFO] [stdout] 
[INFO] [stdout] error[E0599]: no method named `with_i2c_addr` found for struct `Builder` in the current scope
[INFO] [stdout]   --> examples/i2c_hal_ssd1306alphabeter.rs:45:56
[INFO] [stdout]    |
[INFO] [stdout] 45 |         let mut disp: TerminalMode<_> = Builder::new().with_i2c_addr(0x3c).connect_i2c(i2c).into();
[INFO] [stdout]    |                                                        ^^^^^^^^^^^^^ method not found in `Builder`
[INFO] [stdout] 
[INFO] [stdout] 
[INFO] [stdout] warning: unused import: `core::fmt::Write`
[INFO] [stdout]   --> examples/i2c_hal_ssd1306alphabeter.rs:16:5
[INFO] [stdout]    |
[INFO] [stdout] 16 | use core::fmt::Write;
[INFO] [stdout]    |     ^^^^^^^^^^^^^^^^
[INFO] [stdout]    |
[INFO] [stdout]    = note: `#[warn(unused_imports)]` on by default
[INFO] [stdout] 
[INFO] [stdout] 
[INFO] [stdout] error: aborting due to 3 previous errors; 2 warnings emitted
[INFO] [stdout] 
[INFO] [stdout] 
[INFO] [stdout] Some errors have detailed explanations: E0107, E0599.
[INFO] [stdout] 
[INFO] [stdout] For more information about an error, try `rustc --explain E0107`.
[INFO] [stdout] 
[INFO] [stdout] error[E0599]: no method named `with_i2c_addr` found for struct `Builder` in the current scope
[INFO] [stdout]   --> examples/i2c_hal_ssd1306helloworld.rs:45:56
[INFO] [stdout]    |
[INFO] [stdout] 45 |         let mut disp: TerminalMode<_> = Builder::new().with_i2c_addr(0x3c).connect_i2c(i2c).into();
[INFO] [stdout]    |                                                        ^^^^^^^^^^^^^ method not found in `Builder`
[INFO] [stdout] 
[INFO] [stdout] 
[INFO] [stdout] warning: unused import: `core::fmt::Write`
[INFO] [stdout]   --> examples/i2c_hal_ssd1306helloworld.rs:16:5
[INFO] [stdout]    |
[INFO] [stdout] 16 | use core::fmt::Write;
[INFO] [stdout]    |     ^^^^^^^^^^^^^^^^
[INFO] [stdout]    |
[INFO] [stdout]    = note: `#[warn(unused_imports)]` on by default
[INFO] [stdout] 
[INFO] [stdout] 
[INFO] [stdout] error: aborting due to 3 previous errors; 2 warnings emitted
[INFO] [stdout] 
[INFO] [stdout] 
[INFO] [stdout] Some errors have detailed explanations: E0107, E0599.
[INFO] [stdout] 
[INFO] [stdout] For more information about an error, try `rustc --explain E0107`.
[INFO] [stdout] 
[INFO] [stderr] error: build failed
[INFO] running `Command { std: "docker" "inspect" "e16a0ee5d267f5ca0ca5d1c2df35dcde190ef1e60b8acadbae71eabbb7966fa7", kill_on_drop: false }`
[INFO] running `Command { std: "docker" "rm" "-f" "e16a0ee5d267f5ca0ca5d1c2df35dcde190ef1e60b8acadbae71eabbb7966fa7", kill_on_drop: false }`
[INFO] [stdout] e16a0ee5d267f5ca0ca5d1c2df35dcde190ef1e60b8acadbae71eabbb7966fa7
