[INFO] fetching crate stm32_i2s_v12x 0.2.0...
[INFO] checking stm32_i2s_v12x-0.2.0 against beta-2021-10-15 for beta-1.56-3
[INFO] extracting crate stm32_i2s_v12x 0.2.0 into /workspace/builds/worker-13/source
[INFO] validating manifest of crates.io crate stm32_i2s_v12x 0.2.0 on toolchain beta-2021-10-15
[INFO] running `Command { std: "/workspace/cargo-home/bin/cargo" "+beta-2021-10-15" "metadata" "--manifest-path" "Cargo.toml" "--no-deps", kill_on_drop: false }`
[INFO] started tweaking crates.io crate stm32_i2s_v12x 0.2.0
[INFO] finished tweaking crates.io crate stm32_i2s_v12x 0.2.0
[INFO] tweaked toml for crates.io crate stm32_i2s_v12x 0.2.0 written to /workspace/builds/worker-13/source/Cargo.toml
[INFO] crate crates.io crate stm32_i2s_v12x 0.2.0 already has a lockfile, it will not be regenerated
[INFO] running `Command { std: "/workspace/cargo-home/bin/cargo" "+beta-2021-10-15" "fetch" "--manifest-path" "Cargo.toml", kill_on_drop: false }`
[INFO] [stderr]  Downloading crates ...
[INFO] [stderr]   Downloaded version_check v0.9.2
[INFO] [stderr]   Downloaded as-slice v0.1.4
[INFO] [stderr]   Downloaded rtt-target v0.2.2
[INFO] [stderr]   Downloaded cortex-m-rt v0.6.13
[INFO] [stderr]   Downloaded proc-macro2 v1.0.24
[INFO] [stderr]   Downloaded syn v1.0.60
[INFO] [stderr]   Downloaded rtt-target v0.3.0
[INFO] [stderr]   Downloaded quote v1.0.8
[INFO] [stderr]   Downloaded panic-rtt-target v0.1.1
[INFO] [stderr]   Downloaded cortex-m v0.7.1
[INFO] running `Command { std: "docker" "create" "-v" "/var/lib/crater-agent-workspace/builds/worker-13/target:/opt/rustwide/target:rw,Z" "-v" "/var/lib/crater-agent-workspace/builds/worker-13/source:/opt/rustwide/workdir:ro,Z" "-v" "/var/lib/crater-agent-workspace/cargo-home:/opt/rustwide/cargo-home:ro,Z" "-v" "/var/lib/crater-agent-workspace/rustup-home:/opt/rustwide/rustup-home:ro,Z" "-e" "SOURCE_DIR=/opt/rustwide/workdir" "-e" "CARGO_TARGET_DIR=/opt/rustwide/target" "-e" "CARGO_HOME=/opt/rustwide/cargo-home" "-e" "RUSTUP_HOME=/opt/rustwide/rustup-home" "-w" "/opt/rustwide/workdir" "-m" "1610612736" "--user" "0:0" "--network" "none" "ghcr.io/rust-lang/crates-build-env/linux@sha256:a89201d6b5b9fd45c15d5952ece0a0129e7e80cb26ec023fd59cf09bc26f1604" "/opt/rustwide/cargo-home/bin/cargo" "+beta-2021-10-15" "metadata" "--no-deps" "--format-version=1", kill_on_drop: false }`
[INFO] [stdout] 6f0b127faa43f494610d05d5c9895cf14798c032028c6c106bb3ec1eb9e200ba
[INFO] [stderr] WARNING: Your kernel does not support swap limit capabilities or the cgroup is not mounted. Memory limited without swap.
[INFO] running `Command { std: "docker" "start" "-a" "6f0b127faa43f494610d05d5c9895cf14798c032028c6c106bb3ec1eb9e200ba", kill_on_drop: false }`
[INFO] running `Command { std: "docker" "inspect" "6f0b127faa43f494610d05d5c9895cf14798c032028c6c106bb3ec1eb9e200ba", kill_on_drop: false }`
[INFO] running `Command { std: "docker" "rm" "-f" "6f0b127faa43f494610d05d5c9895cf14798c032028c6c106bb3ec1eb9e200ba", kill_on_drop: false }`
[INFO] [stdout] 6f0b127faa43f494610d05d5c9895cf14798c032028c6c106bb3ec1eb9e200ba
[INFO] running `Command { std: "docker" "create" "-v" "/var/lib/crater-agent-workspace/builds/worker-13/target:/opt/rustwide/target:rw,Z" "-v" "/var/lib/crater-agent-workspace/builds/worker-13/source:/opt/rustwide/workdir:ro,Z" "-v" "/var/lib/crater-agent-workspace/cargo-home:/opt/rustwide/cargo-home:ro,Z" "-v" "/var/lib/crater-agent-workspace/rustup-home:/opt/rustwide/rustup-home:ro,Z" "-e" "SOURCE_DIR=/opt/rustwide/workdir" "-e" "CARGO_TARGET_DIR=/opt/rustwide/target" "-e" "CARGO_INCREMENTAL=0" "-e" "RUST_BACKTRACE=full" "-e" "RUSTFLAGS=--cap-lints=warn" "-e" "CARGO_HOME=/opt/rustwide/cargo-home" "-e" "RUSTUP_HOME=/opt/rustwide/rustup-home" "-w" "/opt/rustwide/workdir" "-m" "1610612736" "--user" "0:0" "--network" "none" "ghcr.io/rust-lang/crates-build-env/linux@sha256:a89201d6b5b9fd45c15d5952ece0a0129e7e80cb26ec023fd59cf09bc26f1604" "/opt/rustwide/cargo-home/bin/cargo" "+beta-2021-10-15" "check" "--frozen" "--all" "--all-targets" "--message-format=json", kill_on_drop: false }`
[INFO] [stderr] WARNING: Your kernel does not support swap limit capabilities or the cgroup is not mounted. Memory limited without swap.
[INFO] [stdout] fdc748c7dd91e6e8dcfa9b2014c681424d75b89994ef243748eef32714c3915f
[INFO] running `Command { std: "docker" "start" "-a" "fdc748c7dd91e6e8dcfa9b2014c681424d75b89994ef243748eef32714c3915f", kill_on_drop: false }`
[INFO] [stderr]     Checking ufmt-write v0.1.0
[INFO] [stderr]    Compiling stm32_i2s_v12x v0.2.0 (/opt/rustwide/workdir)
[INFO] [stderr]    Compiling syn v1.0.60
[INFO] [stderr]     Checking rtt-target v0.2.2
[INFO] [stderr]     Checking rtt-target v0.3.0
[INFO] [stderr]     Checking panic-rtt-target v0.1.1
[INFO] [stderr]    Compiling cortex-m-rt-macros v0.1.8
[INFO] [stderr]     Checking cortex-m-rt v0.6.13
[INFO] [stdout] error[E0463]: can't find crate for `stm32f4xx_hal`
[INFO] [stdout]   --> examples/master_transmit_with_master_clock.rs:27:1
[INFO] [stdout]    |
[INFO] [stdout] 27 | extern crate stm32f4xx_hal;
[INFO] [stdout]    | ^^^^^^^^^^^^^^^^^^^^^^^^^^^ can't find crate
[INFO] [stdout] 
[INFO] [stdout] 
[INFO] [stdout] error: aborting due to previous error
[INFO] [stdout] 
[INFO] [stdout] 
[INFO] [stdout] For more information about this error, try `rustc --explain E0463`.
[INFO] [stdout] 
[INFO] [stderr] error: could not compile `stm32_i2s_v12x` due to 2 previous errors
[INFO] [stderr] warning: build failed, waiting for other jobs to finish...
[INFO] [stdout] error[E0463]: can't find crate for `stm32f4xx_hal`
[INFO] [stdout]   --> examples/master_transmit_d16f16.rs:24:1
[INFO] [stdout]    |
[INFO] [stdout] 24 | extern crate stm32f4xx_hal;
[INFO] [stdout]    | ^^^^^^^^^^^^^^^^^^^^^^^^^^^ can't find crate
[INFO] [stdout] 
[INFO] [stdout] 
[INFO] [stdout] error: aborting due to previous error
[INFO] [stdout] 
[INFO] [stdout] 
[INFO] [stdout] For more information about this error, try `rustc --explain E0463`.
[INFO] [stdout] 
[INFO] [stdout] error[E0463]: can't find crate for `stm32f4xx_hal`
[INFO] [stdout]   --> examples/master_transmit_d16f32.rs:25:1
[INFO] [stdout]    |
[INFO] [stdout] 25 | extern crate stm32f4xx_hal;
[INFO] [stdout]    | ^^^^^^^^^^^^^^^^^^^^^^^^^^^ can't find crate
[INFO] [stdout] 
[INFO] [stdout] 
[INFO] [stdout] error: aborting due to previous error
[INFO] [stdout] 
[INFO] [stdout] 
[INFO] [stdout] For more information about this error, try `rustc --explain E0463`.
[INFO] [stdout] 
[INFO] [stdout] error[E0463]: can't find crate for `stm32f4xx_hal`
[INFO] [stdout]   --> examples/master_transmit_d24f32.rs:25:1
[INFO] [stdout]    |
[INFO] [stdout] 25 | extern crate stm32f4xx_hal;
[INFO] [stdout]    | ^^^^^^^^^^^^^^^^^^^^^^^^^^^ can't find crate
[INFO] [stdout] 
[INFO] [stdout] 
[INFO] [stdout] error: aborting due to previous error
[INFO] [stdout] 
[INFO] [stdout] 
[INFO] [stdout] For more information about this error, try `rustc --explain E0463`.
[INFO] [stdout] 
[INFO] [stdout] error[E0463]: can't find crate for `stm32f4xx_hal`
[INFO] [stdout]   --> examples/master_transmit_d32f32.rs:25:1
[INFO] [stdout]    |
[INFO] [stdout] 25 | extern crate stm32f4xx_hal;
[INFO] [stdout]    | ^^^^^^^^^^^^^^^^^^^^^^^^^^^ can't find crate
[INFO] [stdout] 
[INFO] [stdout] 
[INFO] [stdout] error: aborting due to previous error
[INFO] [stdout] 
[INFO] [stdout] 
[INFO] [stdout] For more information about this error, try `rustc --explain E0463`.
[INFO] [stdout] 
[INFO] [stderr] error: build failed
[INFO] running `Command { std: "docker" "inspect" "fdc748c7dd91e6e8dcfa9b2014c681424d75b89994ef243748eef32714c3915f", kill_on_drop: false }`
[INFO] running `Command { std: "docker" "rm" "-f" "fdc748c7dd91e6e8dcfa9b2014c681424d75b89994ef243748eef32714c3915f", kill_on_drop: false }`
[INFO] [stdout] fdc748c7dd91e6e8dcfa9b2014c681424d75b89994ef243748eef32714c3915f
