[INFO] fetching crate stepflow-action 0.0.6...
[INFO] checking stepflow-action-0.0.6 against beta-2021-10-15 for beta-1.56-3
[INFO] extracting crate stepflow-action 0.0.6 into /workspace/builds/worker-6/source
[INFO] validating manifest of crates.io crate stepflow-action 0.0.6 on toolchain beta-2021-10-15
[INFO] running `Command { std: "/workspace/cargo-home/bin/cargo" "+beta-2021-10-15" "metadata" "--manifest-path" "Cargo.toml" "--no-deps", kill_on_drop: false }`
[INFO] started tweaking crates.io crate stepflow-action 0.0.6
[INFO] finished tweaking crates.io crate stepflow-action 0.0.6
[INFO] tweaked toml for crates.io crate stepflow-action 0.0.6 written to /workspace/builds/worker-6/source/Cargo.toml
[INFO] running `Command { std: "/workspace/cargo-home/bin/cargo" "+beta-2021-10-15" "generate-lockfile" "--manifest-path" "Cargo.toml" "-Zno-index-update", kill_on_drop: false }`
[INFO] running `Command { std: "/workspace/cargo-home/bin/cargo" "+beta-2021-10-15" "fetch" "--manifest-path" "Cargo.toml", kill_on_drop: false }`
[INFO] [stderr]     Blocking waiting for file lock on package cache
[INFO] running `Command { std: "docker" "create" "-v" "/var/lib/crater-agent-workspace/builds/worker-6/target:/opt/rustwide/target:rw,Z" "-v" "/var/lib/crater-agent-workspace/builds/worker-6/source:/opt/rustwide/workdir:ro,Z" "-v" "/var/lib/crater-agent-workspace/cargo-home:/opt/rustwide/cargo-home:ro,Z" "-v" "/var/lib/crater-agent-workspace/rustup-home:/opt/rustwide/rustup-home:ro,Z" "-e" "SOURCE_DIR=/opt/rustwide/workdir" "-e" "CARGO_TARGET_DIR=/opt/rustwide/target" "-e" "CARGO_HOME=/opt/rustwide/cargo-home" "-e" "RUSTUP_HOME=/opt/rustwide/rustup-home" "-w" "/opt/rustwide/workdir" "-m" "1610612736" "--user" "0:0" "--network" "none" "ghcr.io/rust-lang/crates-build-env/linux@sha256:a89201d6b5b9fd45c15d5952ece0a0129e7e80cb26ec023fd59cf09bc26f1604" "/opt/rustwide/cargo-home/bin/cargo" "+beta-2021-10-15" "metadata" "--no-deps" "--format-version=1", kill_on_drop: false }`
[INFO] [stdout] 9c022b2369a101556e1ad756256322a4a223ad636aced83b942d2517e09d9807
[INFO] [stderr] WARNING: Your kernel does not support swap limit capabilities or the cgroup is not mounted. Memory limited without swap.
[INFO] running `Command { std: "docker" "start" "-a" "9c022b2369a101556e1ad756256322a4a223ad636aced83b942d2517e09d9807", kill_on_drop: false }`
[INFO] running `Command { std: "docker" "inspect" "9c022b2369a101556e1ad756256322a4a223ad636aced83b942d2517e09d9807", kill_on_drop: false }`
[INFO] running `Command { std: "docker" "rm" "-f" "9c022b2369a101556e1ad756256322a4a223ad636aced83b942d2517e09d9807", kill_on_drop: false }`
[INFO] [stdout] 9c022b2369a101556e1ad756256322a4a223ad636aced83b942d2517e09d9807
[INFO] running `Command { std: "docker" "create" "-v" "/var/lib/crater-agent-workspace/builds/worker-6/target:/opt/rustwide/target:rw,Z" "-v" "/var/lib/crater-agent-workspace/builds/worker-6/source:/opt/rustwide/workdir:ro,Z" "-v" "/var/lib/crater-agent-workspace/cargo-home:/opt/rustwide/cargo-home:ro,Z" "-v" "/var/lib/crater-agent-workspace/rustup-home:/opt/rustwide/rustup-home:ro,Z" "-e" "SOURCE_DIR=/opt/rustwide/workdir" "-e" "CARGO_TARGET_DIR=/opt/rustwide/target" "-e" "CARGO_INCREMENTAL=0" "-e" "RUST_BACKTRACE=full" "-e" "RUSTFLAGS=--cap-lints=warn" "-e" "CARGO_HOME=/opt/rustwide/cargo-home" "-e" "RUSTUP_HOME=/opt/rustwide/rustup-home" "-w" "/opt/rustwide/workdir" "-m" "1610612736" "--user" "0:0" "--network" "none" "ghcr.io/rust-lang/crates-build-env/linux@sha256:a89201d6b5b9fd45c15d5952ece0a0129e7e80cb26ec023fd59cf09bc26f1604" "/opt/rustwide/cargo-home/bin/cargo" "+beta-2021-10-15" "check" "--frozen" "--all" "--all-targets" "--message-format=json", kill_on_drop: false }`
[INFO] [stdout] 2d13fd0a7ca8f7fa567bb5a1eeaec1bedf6b6f7bbae26ec48ceae50bdd78f97a
[INFO] [stderr] WARNING: Your kernel does not support swap limit capabilities or the cgroup is not mounted. Memory limited without swap.
[INFO] running `Command { std: "docker" "start" "-a" "2d13fd0a7ca8f7fa567bb5a1eeaec1bedf6b6f7bbae26ec48ceae50bdd78f97a", kill_on_drop: false }`
[INFO] [stderr]     Checking stepflow-base v0.0.5
[INFO] [stderr]     Checking stepflow-test-util v0.0.1
[INFO] [stderr]     Checking stepflow-data v0.0.5
[INFO] [stderr]     Checking stepflow-step v0.0.5
[INFO] [stderr]     Checking stepflow-action v0.0.6 (/opt/rustwide/workdir)
[INFO] [stdout] error[E0308]: mismatched types
[INFO] [stdout]   --> src/action/action_string_template.rs:77:46
[INFO] [stdout]    |
[INFO] [stdout] 77 |     let mut exec = StringTemplateAction::new(test_id!(ActionId) ,UriEscapedString::already_escaped("/test/{{step}}/uri#{{step}}".to_owned...
[INFO] [stdout]    |                                              ^^^^^^^^^^^^^^^^^^ expected `u16`, found `u32`
[INFO] [stdout]    |
[INFO] [stdout]    = note: this error originates in the macro `test_id` (in Nightly builds, run with -Z macro-backtrace for more info)
[INFO] [stdout] 
[INFO] [stdout] 
[INFO] [stdout] error[E0308]: mismatched types
[INFO] [stdout]   --> src/action/action_string_template.rs:91:46
[INFO] [stdout]    |
[INFO] [stdout] 91 |     let mut exec = StringTemplateAction::new(test_id!(ActionId) ,UriEscapedString::already_escaped("/test/uri/{{step}}".to_owned()));
[INFO] [stdout]    |                                              ^^^^^^^^^^^^^^^^^^ expected `u16`, found `u32`
[INFO] [stdout]    |
[INFO] [stdout]    = note: this error originates in the macro `test_id` (in Nightly builds, run with -Z macro-backtrace for more info)
[INFO] [stdout] 
[INFO] [stdout] 
[INFO] [stdout] error[E0308]: mismatched types
[INFO] [stdout]    --> src/action/action_htmlform.rs:212:31
[INFO] [stdout]     |
[INFO] [stdout] 212 |     let var1 = StringVar::new(test_id!(VarId));
[INFO] [stdout]     |                               ^^^^^^^^^^^^^^^ expected `u16`, found `u32`
[INFO] [stdout]     |
[INFO] [stdout]     = note: this error originates in the macro `test_id` (in Nightly builds, run with -Z macro-backtrace for more info)
[INFO] [stdout] 
[INFO] [stdout] 
[INFO] [stdout] error[E0308]: mismatched types
[INFO] [stdout]    --> src/action/action_htmlform.rs:213:30
[INFO] [stdout]     |
[INFO] [stdout] 213 |     let var2 = EmailVar::new(test_id!(VarId));
[INFO] [stdout]     |                              ^^^^^^^^^^^^^^^ expected `u16`, found `u32`
[INFO] [stdout]     |
[INFO] [stdout]     = note: this error originates in the macro `test_id` (in Nightly builds, run with -Z macro-backtrace for more info)
[INFO] [stdout] 
[INFO] [stdout] 
[INFO] [stdout] error[E0308]: mismatched types
[INFO] [stdout]    --> src/action/action_htmlform.rs:227:40
[INFO] [stdout]     |
[INFO] [stdout] 227 |     let mut exec = HtmlFormAction::new(test_id!(ActionId), Default::default());
[INFO] [stdout]     |                                        ^^^^^^^^^^^^^^^^^^ expected `u16`, found `u32`
[INFO] [stdout]     |
[INFO] [stdout]     = note: this error originates in the macro `test_id` (in Nightly builds, run with -Z macro-backtrace for more info)
[INFO] [stdout] 
[INFO] [stdout] 
[INFO] [stdout] error[E0308]: mismatched types
[INFO] [stdout]    --> src/action/action_htmlform.rs:241:47
[INFO] [stdout]     |
[INFO] [stdout] 241 |     let mut custom_exec = HtmlFormAction::new(test_id!(ActionId), html_config);
[INFO] [stdout]     |                                               ^^^^^^^^^^^^^^^^^^ expected `u16`, found `u32`
[INFO] [stdout]     |
[INFO] [stdout]     = note: this error originates in the macro `test_id` (in Nightly builds, run with -Z macro-backtrace for more info)
[INFO] [stdout] 
[INFO] [stdout] 
[INFO] [stdout] error[E0308]: mismatched types
[INFO] [stdout]   --> src/action/action_set_data.rs:74:7
[INFO] [stdout]    |
[INFO] [stdout] 74 |       test_id!(ActionId),
[INFO] [stdout]    |       ^^^^^^^^^^^^^^^^^^ expected `u16`, found `u32`
[INFO] [stdout]    |
[INFO] [stdout]    = note: this error originates in the macro `test_id` (in Nightly builds, run with -Z macro-backtrace for more info)
[INFO] [stdout] 
[INFO] [stdout] 
[INFO] [stdout] error[E0308]: mismatched types
[INFO] [stdout]   --> src/action/action_set_data.rs:82:7
[INFO] [stdout]    |
[INFO] [stdout] 82 |       test_id!(ActionId),
[INFO] [stdout]    |       ^^^^^^^^^^^^^^^^^^ expected `u16`, found `u32`
[INFO] [stdout]    |
[INFO] [stdout]    = note: this error originates in the macro `test_id` (in Nightly builds, run with -Z macro-backtrace for more info)
[INFO] [stdout] 
[INFO] [stdout] 
[INFO] [stdout] error[E0308]: mismatched types
[INFO] [stdout]    --> src/action.rs:140:38
[INFO] [stdout]     |
[INFO] [stdout] 140 |     let action = HtmlFormAction::new(test_id!(ActionId), Default::default()).boxed();
[INFO] [stdout]     |                                      ^^^^^^^^^^^^^^^^^^ expected `u16`, found `u32`
[INFO] [stdout]     |
[INFO] [stdout]     = note: this error originates in the macro `test_id` (in Nightly builds, run with -Z macro-backtrace for more info)
[INFO] [stdout] 
[INFO] [stdout] 
[INFO] [stdout] error: aborting due to 9 previous errors
[INFO] [stdout] 
[INFO] [stdout] 
[INFO] [stdout] For more information about this error, try `rustc --explain E0308`.
[INFO] [stdout] 
[INFO] [stderr] error: could not compile `stepflow-action` due to 10 previous errors
[INFO] running `Command { std: "docker" "inspect" "2d13fd0a7ca8f7fa567bb5a1eeaec1bedf6b6f7bbae26ec48ceae50bdd78f97a", kill_on_drop: false }`
[INFO] running `Command { std: "docker" "rm" "-f" "2d13fd0a7ca8f7fa567bb5a1eeaec1bedf6b6f7bbae26ec48ceae50bdd78f97a", kill_on_drop: false }`
[INFO] [stdout] 2d13fd0a7ca8f7fa567bb5a1eeaec1bedf6b6f7bbae26ec48ceae50bdd78f97a
