[INFO] fetching crate sse-actix-web 0.8.1...
[INFO] checking sse-actix-web-0.8.1 against 1.55.0 for beta-1.56-3
[INFO] extracting crate sse-actix-web 0.8.1 into /workspace/builds/worker-2/source
[INFO] validating manifest of crates.io crate sse-actix-web 0.8.1 on toolchain 1.55.0
[INFO] running `Command { std: "/workspace/cargo-home/bin/cargo" "+1.55.0" "metadata" "--manifest-path" "Cargo.toml" "--no-deps", kill_on_drop: false }`
[INFO] started tweaking crates.io crate sse-actix-web 0.8.1
[INFO] finished tweaking crates.io crate sse-actix-web 0.8.1
[INFO] tweaked toml for crates.io crate sse-actix-web 0.8.1 written to /workspace/builds/worker-2/source/Cargo.toml
[INFO] running `Command { std: "/workspace/cargo-home/bin/cargo" "+1.55.0" "generate-lockfile" "--manifest-path" "Cargo.toml" "-Zno-index-update", kill_on_drop: false }`
[INFO] running `Command { std: "/workspace/cargo-home/bin/cargo" "+1.55.0" "fetch" "--manifest-path" "Cargo.toml", kill_on_drop: false }`
[INFO] [stderr]     Blocking waiting for file lock on package cache
[INFO] running `Command { std: "docker" "create" "-v" "/var/lib/crater-agent-workspace/builds/worker-2/target:/opt/rustwide/target:rw,Z" "-v" "/var/lib/crater-agent-workspace/builds/worker-2/source:/opt/rustwide/workdir:ro,Z" "-v" "/var/lib/crater-agent-workspace/cargo-home:/opt/rustwide/cargo-home:ro,Z" "-v" "/var/lib/crater-agent-workspace/rustup-home:/opt/rustwide/rustup-home:ro,Z" "-e" "SOURCE_DIR=/opt/rustwide/workdir" "-e" "CARGO_TARGET_DIR=/opt/rustwide/target" "-e" "CARGO_HOME=/opt/rustwide/cargo-home" "-e" "RUSTUP_HOME=/opt/rustwide/rustup-home" "-w" "/opt/rustwide/workdir" "-m" "1610612736" "--user" "0:0" "--network" "none" "ghcr.io/rust-lang/crates-build-env/linux@sha256:a89201d6b5b9fd45c15d5952ece0a0129e7e80cb26ec023fd59cf09bc26f1604" "/opt/rustwide/cargo-home/bin/cargo" "+1.55.0" "metadata" "--no-deps" "--format-version=1", kill_on_drop: false }`
[INFO] [stdout] a37b0c5dea75d706e82cae0fd5ac74d7024fefb4c828daa03ebb767c7ebdb601
[INFO] [stderr] WARNING: Your kernel does not support swap limit capabilities or the cgroup is not mounted. Memory limited without swap.
[INFO] running `Command { std: "docker" "start" "-a" "a37b0c5dea75d706e82cae0fd5ac74d7024fefb4c828daa03ebb767c7ebdb601", kill_on_drop: false }`
[INFO] running `Command { std: "docker" "inspect" "a37b0c5dea75d706e82cae0fd5ac74d7024fefb4c828daa03ebb767c7ebdb601", kill_on_drop: false }`
[INFO] running `Command { std: "docker" "rm" "-f" "a37b0c5dea75d706e82cae0fd5ac74d7024fefb4c828daa03ebb767c7ebdb601", kill_on_drop: false }`
[INFO] [stdout] a37b0c5dea75d706e82cae0fd5ac74d7024fefb4c828daa03ebb767c7ebdb601
[INFO] running `Command { std: "docker" "create" "-v" "/var/lib/crater-agent-workspace/builds/worker-2/target:/opt/rustwide/target:rw,Z" "-v" "/var/lib/crater-agent-workspace/builds/worker-2/source:/opt/rustwide/workdir:ro,Z" "-v" "/var/lib/crater-agent-workspace/cargo-home:/opt/rustwide/cargo-home:ro,Z" "-v" "/var/lib/crater-agent-workspace/rustup-home:/opt/rustwide/rustup-home:ro,Z" "-e" "SOURCE_DIR=/opt/rustwide/workdir" "-e" "CARGO_TARGET_DIR=/opt/rustwide/target" "-e" "CARGO_INCREMENTAL=0" "-e" "RUST_BACKTRACE=full" "-e" "RUSTFLAGS=--cap-lints=warn" "-e" "CARGO_HOME=/opt/rustwide/cargo-home" "-e" "RUSTUP_HOME=/opt/rustwide/rustup-home" "-w" "/opt/rustwide/workdir" "-m" "1610612736" "--user" "0:0" "--network" "none" "ghcr.io/rust-lang/crates-build-env/linux@sha256:a89201d6b5b9fd45c15d5952ece0a0129e7e80cb26ec023fd59cf09bc26f1604" "/opt/rustwide/cargo-home/bin/cargo" "+1.55.0" "check" "--frozen" "--all" "--all-targets" "--message-format=json", kill_on_drop: false }`
[INFO] [stdout] eabe7036536f897f474561029eaaaadecb74f1af125bd86bf4e00a574a108949
[INFO] [stderr] WARNING: Your kernel does not support swap limit capabilities or the cgroup is not mounted. Memory limited without swap.
[INFO] running `Command { std: "docker" "start" "-a" "eabe7036536f897f474561029eaaaadecb74f1af125bd86bf4e00a574a108949", kill_on_drop: false }`
[INFO] [stderr]     Checking brotli-sys v0.3.2
[INFO] [stderr]    Compiling derive_more v0.99.16
[INFO] [stderr]    Compiling actix-macros v0.1.3
[INFO] [stderr]    Compiling actix-web-codegen v0.2.2
[INFO] [stderr]     Checking tokio v0.2.25
[INFO] [stderr]     Checking futures-util v0.3.17
[INFO] [stderr]     Checking failure v0.1.8
[INFO] [stderr]     Checking chrono v0.4.19
[INFO] [stderr]     Checking serde_urlencoded v0.6.1
[INFO] [stderr]     Checking actix-router v0.2.7
[INFO] [stderr]     Checking brotli2 v0.3.2
[INFO] [stderr]     Checking tokio-util v0.3.1
[INFO] [stderr]     Checking tokio-util v0.2.0
[INFO] [stderr]     Checking actix-codec v0.3.0
[INFO] [stderr]     Checking actix-codec v0.2.0
[INFO] [stderr]     Checking futures-executor v0.3.17
[INFO] [stderr]     Checking actix-service v1.0.6
[INFO] [stderr]     Checking h2 v0.2.7
[INFO] [stderr]     Checking futures v0.3.17
[INFO] [stderr]     Checking actix-threadpool v0.3.3
[INFO] [stderr]     Checking trust-dns-proto v0.18.0-alpha.2
[INFO] [stderr]     Checking actix-rt v1.1.1
[INFO] [stderr]     Checking actix-utils v1.0.6
[INFO] [stderr]     Checking actix-utils v2.0.0
[INFO] [stderr]     Checking actix-tls v1.0.0
[INFO] [stderr]     Checking actix-server v1.0.4
[INFO] [stderr]     Checking actix-testing v1.0.1
[INFO] [stderr]     Checking trust-dns-resolver v0.18.0-alpha.2
[INFO] [stderr]     Checking actix-connect v1.0.2
[INFO] [stderr]     Checking actix-http v1.0.1
[INFO] [stderr]     Checking awc v1.0.1
[INFO] [stderr]     Checking actix-web v2.0.0
[INFO] [stderr]     Checking sse-actix-web v0.8.1 (/opt/rustwide/workdir)
[INFO] [stdout] error[E0603]: module `sync` is private
[INFO] [stdout]    --> src/lib.rs:10:12
[INFO] [stdout]     |
[INFO] [stdout] 10  | use tokio::sync::mpsc::{channel, Receiver, Sender};
[INFO] [stdout]     |            ^^^^ private module
[INFO] [stdout]     |
[INFO] [stdout] note: the module `sync` is defined here
[INFO] [stdout]    --> /opt/rustwide/cargo-home/registry/src/github.com-1ecc6299db9ec823/tokio-0.2.25/src/lib.rs:385:5
[INFO] [stdout]     |
[INFO] [stdout] 385 |     mod sync;
[INFO] [stdout]     |     ^^^^^^^^^
[INFO] [stdout] 
[INFO] [stdout] 
[INFO] [stdout] error[E0603]: module `sync` is private
[INFO] [stdout]    --> src/lib.rs:10:12
[INFO] [stdout]     |
[INFO] [stdout] 10  | use tokio::sync::mpsc::{channel, Receiver, Sender};
[INFO] [stdout]     |            ^^^^ private module
[INFO] [stdout]     |
[INFO] [stdout] note: the module `sync` is defined here
[INFO] [stdout]    --> /opt/rustwide/cargo-home/registry/src/github.com-1ecc6299db9ec823/tokio-0.2.25/src/lib.rs:385:5
[INFO] [stdout]     |
[INFO] [stdout] 385 |     mod sync;
[INFO] [stdout]     |     ^^^^^^^^^
[INFO] [stdout] 
[INFO] [stdout] 
[INFO] [stdout] error[E0282]: type annotations needed
[INFO] [stdout]   --> src/lib.rs:39:22
[INFO] [stdout]    |
[INFO] [stdout] 39 |             clients: Vec::new()
[INFO] [stdout]    |                      ^^^^^^^^ cannot infer type for type parameter `T`
[INFO] [stdout] 
[INFO] [stdout] 
[INFO] [stdout] error[E0282]: type annotations needed
[INFO] [stdout]   --> src/lib.rs:39:22
[INFO] [stdout]    |
[INFO] [stdout] 39 |             clients: Vec::new()
[INFO] [stdout]    |                      ^^^^^^^^ cannot infer type for type parameter `T`
[INFO] [stdout] 
[INFO] [stdout] 
[INFO] [stdout] error[E0599]: no method named `poll_next` found for struct `Pin<_>` in the current scope
[INFO] [stdout]    --> src/lib.rs:107:37
[INFO] [stdout]     |
[INFO] [stdout] 107 |         match Pin::new(&mut self.0).poll_next(cx) {
[INFO] [stdout]     |                                     ^^^^^^^^^ method not found in `Pin<_>`
[INFO] [stdout]     |
[INFO] [stdout]     = note: `Pin::new(&mut self.0)` is a function, perhaps you wish to call it
[INFO] [stdout] 
[INFO] [stdout] 
[INFO] [stdout] error: aborting due to 3 previous errors
[INFO] [stdout] 
[INFO] [stdout] 
[INFO] [stdout] Some errors have detailed explanations: E0282, E0599, E0603.
[INFO] [stdout] 
[INFO] [stdout] For more information about an error, try `rustc --explain E0282`.
[INFO] [stdout] 
[INFO] [stdout] error[E0599]: no method named `poll_next` found for struct `Pin<_>` in the current scope
[INFO] [stdout]    --> src/lib.rs:107:37
[INFO] [stdout]     |
[INFO] [stdout] 107 |         match Pin::new(&mut self.0).poll_next(cx) {
[INFO] [stdout]     |                                     ^^^^^^^^^ method not found in `Pin<_>`
[INFO] [stdout]     |
[INFO] [stdout]     = note: `Pin::new(&mut self.0)` is a function, perhaps you wish to call it
[INFO] [stdout] 
[INFO] [stdout] 
[INFO] [stderr] error: could not compile `sse-actix-web` due to 4 previous errors
[INFO] [stderr] warning: build failed, waiting for other jobs to finish...
[INFO] [stdout] error: aborting due to 3 previous errors
[INFO] [stdout] 
[INFO] [stdout] 
[INFO] [stdout] Some errors have detailed explanations: E0282, E0599, E0603.
[INFO] [stdout] 
[INFO] [stdout] For more information about an error, try `rustc --explain E0282`.
[INFO] [stdout] 
[INFO] [stderr] error: build failed
[INFO] running `Command { std: "docker" "inspect" "eabe7036536f897f474561029eaaaadecb74f1af125bd86bf4e00a574a108949", kill_on_drop: false }`
[INFO] running `Command { std: "docker" "rm" "-f" "eabe7036536f897f474561029eaaaadecb74f1af125bd86bf4e00a574a108949", kill_on_drop: false }`
[INFO] [stdout] eabe7036536f897f474561029eaaaadecb74f1af125bd86bf4e00a574a108949
