[INFO] fetching crate sqsquatch 0.2.2...
[INFO] checking sqsquatch-0.2.2 against beta-2021-10-15 for beta-1.56-3
[INFO] extracting crate sqsquatch 0.2.2 into /workspace/builds/worker-1/source
[INFO] validating manifest of crates.io crate sqsquatch 0.2.2 on toolchain beta-2021-10-15
[INFO] running `Command { std: "/workspace/cargo-home/bin/cargo" "+beta-2021-10-15" "metadata" "--manifest-path" "Cargo.toml" "--no-deps", kill_on_drop: false }`
[INFO] started tweaking crates.io crate sqsquatch 0.2.2
[INFO] finished tweaking crates.io crate sqsquatch 0.2.2
[INFO] tweaked toml for crates.io crate sqsquatch 0.2.2 written to /workspace/builds/worker-1/source/Cargo.toml
[INFO] running `Command { std: "/workspace/cargo-home/bin/cargo" "+beta-2021-10-15" "generate-lockfile" "--manifest-path" "Cargo.toml" "-Zno-index-update", kill_on_drop: false }`
[INFO] running `Command { std: "/workspace/cargo-home/bin/cargo" "+beta-2021-10-15" "fetch" "--manifest-path" "Cargo.toml", kill_on_drop: false }`
[INFO] [stderr]     Blocking waiting for file lock on package cache
[INFO] [stderr]  Downloading crates ...
[INFO] [stderr]   Downloaded rusoto_core v0.47.0
[INFO] [stderr]   Downloaded rusoto_signature v0.47.0
[INFO] [stderr]   Downloaded rusoto_sqs v0.47.0
[INFO] [stderr]   Downloaded hyper-proxy v0.9.1
[INFO] [stderr]   Downloaded rusoto_mock v0.47.0
[INFO] [stderr]   Downloaded futures-timer v0.3.0
[INFO] [stderr]   Downloaded tokio-fs v0.2.0-alpha.6
[INFO] [stderr]   Downloaded rusoto_credential v0.47.0
[INFO] [stderr]   Downloaded tokio-executor v0.2.0-alpha.6
[INFO] [stderr]   Downloaded tokio-codec v0.2.0-alpha.6
[INFO] [stderr]   Downloaded tokio-io v0.2.0-alpha.6
[INFO] [stderr]   Downloaded tokio-net v0.2.0-alpha.6
[INFO] [stderr]   Downloaded futures-io-preview v0.3.0-alpha.19
[INFO] [stderr]   Downloaded futures-sink-preview v0.3.0-alpha.19
[INFO] [stderr]   Downloaded tokio v0.2.0-alpha.6
[INFO] [stderr]   Downloaded futures-preview v0.3.0-alpha.19
[INFO] [stderr]   Downloaded tokio-macros v0.2.0-alpha.6
[INFO] [stderr]   Downloaded tokio-sync v0.2.0-alpha.6
[INFO] [stderr]   Downloaded tokio-timer v0.3.0-alpha.6
[INFO] [stderr]   Downloaded runtime-tokio v0.3.0-alpha.6
[INFO] [stderr]   Downloaded runtime-raw v0.3.0-alpha.5
[INFO] [stderr]   Downloaded async-ready v3.0.0
[INFO] [stderr]   Downloaded runtime-attributes v0.3.0-alpha.6
[INFO] [stderr]   Downloaded juliex v0.3.0-alpha.8
[INFO] [stderr]   Downloaded async-datagram v3.0.0
[INFO] [stderr]   Downloaded romio v0.3.0-alpha.10
[INFO] [stderr]   Downloaded runtime-native v0.3.0-alpha.6
[INFO] [stderr]   Downloaded runtime v0.3.0-alpha.8
[INFO] running `Command { std: "docker" "create" "-v" "/var/lib/crater-agent-workspace/builds/worker-1/target:/opt/rustwide/target:rw,Z" "-v" "/var/lib/crater-agent-workspace/builds/worker-1/source:/opt/rustwide/workdir:ro,Z" "-v" "/var/lib/crater-agent-workspace/cargo-home:/opt/rustwide/cargo-home:ro,Z" "-v" "/var/lib/crater-agent-workspace/rustup-home:/opt/rustwide/rustup-home:ro,Z" "-e" "SOURCE_DIR=/opt/rustwide/workdir" "-e" "CARGO_TARGET_DIR=/opt/rustwide/target" "-e" "CARGO_HOME=/opt/rustwide/cargo-home" "-e" "RUSTUP_HOME=/opt/rustwide/rustup-home" "-w" "/opt/rustwide/workdir" "-m" "1610612736" "--user" "0:0" "--network" "none" "ghcr.io/rust-lang/crates-build-env/linux@sha256:a89201d6b5b9fd45c15d5952ece0a0129e7e80cb26ec023fd59cf09bc26f1604" "/opt/rustwide/cargo-home/bin/cargo" "+beta-2021-10-15" "metadata" "--no-deps" "--format-version=1", kill_on_drop: false }`
[INFO] [stdout] e84698d8b478fa82cee51553980fbba8af615224a2f5934a6ff7b3ae056691e2
[INFO] [stderr] WARNING: Your kernel does not support swap limit capabilities or the cgroup is not mounted. Memory limited without swap.
[INFO] running `Command { std: "docker" "start" "-a" "e84698d8b478fa82cee51553980fbba8af615224a2f5934a6ff7b3ae056691e2", kill_on_drop: false }`
[INFO] running `Command { std: "docker" "inspect" "e84698d8b478fa82cee51553980fbba8af615224a2f5934a6ff7b3ae056691e2", kill_on_drop: false }`
[INFO] running `Command { std: "docker" "rm" "-f" "e84698d8b478fa82cee51553980fbba8af615224a2f5934a6ff7b3ae056691e2", kill_on_drop: false }`
[INFO] [stdout] e84698d8b478fa82cee51553980fbba8af615224a2f5934a6ff7b3ae056691e2
[INFO] running `Command { std: "docker" "create" "-v" "/var/lib/crater-agent-workspace/builds/worker-1/target:/opt/rustwide/target:rw,Z" "-v" "/var/lib/crater-agent-workspace/builds/worker-1/source:/opt/rustwide/workdir:ro,Z" "-v" "/var/lib/crater-agent-workspace/cargo-home:/opt/rustwide/cargo-home:ro,Z" "-v" "/var/lib/crater-agent-workspace/rustup-home:/opt/rustwide/rustup-home:ro,Z" "-e" "SOURCE_DIR=/opt/rustwide/workdir" "-e" "CARGO_TARGET_DIR=/opt/rustwide/target" "-e" "CARGO_INCREMENTAL=0" "-e" "RUST_BACKTRACE=full" "-e" "RUSTFLAGS=--cap-lints=warn" "-e" "CARGO_HOME=/opt/rustwide/cargo-home" "-e" "RUSTUP_HOME=/opt/rustwide/rustup-home" "-w" "/opt/rustwide/workdir" "-m" "1610612736" "--user" "0:0" "--network" "none" "ghcr.io/rust-lang/crates-build-env/linux@sha256:a89201d6b5b9fd45c15d5952ece0a0129e7e80cb26ec023fd59cf09bc26f1604" "/opt/rustwide/cargo-home/bin/cargo" "+beta-2021-10-15" "check" "--frozen" "--all" "--all-targets" "--message-format=json", kill_on_drop: false }`
[INFO] [stdout] 77a80ed949e7ede4c18ceb4d45cac2f58a9322e896812f593ca6f423f0695e4a
[INFO] [stderr] WARNING: Your kernel does not support swap limit capabilities or the cgroup is not mounted. Memory limited without swap.
[INFO] running `Command { std: "docker" "start" "-a" "77a80ed949e7ede4c18ceb4d45cac2f58a9322e896812f593ca6f423f0695e4a", kill_on_drop: false }`
[INFO] [stderr]     Checking futures-io-preview v0.3.0-alpha.19
[INFO] [stderr]     Checking shlex v1.1.0
[INFO] [stderr]     Checking async-ready v3.0.0
[INFO] [stderr]     Checking async-datagram v3.0.0
[INFO] [stderr]    Compiling tokio v1.12.0
[INFO] [stderr]     Checking futures-channel-preview v0.3.0-alpha.19
[INFO] [stderr]    Compiling syn v1.0.80
[INFO] [stderr]    Compiling rusoto_core v0.47.0
[INFO] [stderr]     Checking crossbeam v0.7.3
[INFO] [stderr]     Checking futures-util-preview v0.3.0-alpha.19
[INFO] [stderr]     Checking futures-executor-preview v0.3.0-alpha.19
[INFO] [stderr]     Checking tokio-sync v0.2.0-alpha.6
[INFO] [stderr]     Checking futures-preview v0.3.0-alpha.19
[INFO] [stderr]     Checking runtime-raw v0.3.0-alpha.5
[INFO] [stderr]     Checking romio v0.3.0-alpha.10
[INFO] [stderr]     Checking futures-timer v0.3.0
[INFO] [stderr]     Checking juliex v0.3.0-alpha.8
[INFO] [stderr]     Checking runtime-tokio v0.3.0-alpha.6
[INFO] [stderr]     Checking runtime-native v0.3.0-alpha.6
[INFO] [stderr]    Compiling tracing-attributes v0.1.18
[INFO] [stderr]    Compiling tokio-macros v1.5.0
[INFO] [stderr]    Compiling futures-macro v0.3.17
[INFO] [stderr]    Compiling serde_derive v1.0.130
[INFO] [stderr]    Compiling pin-project-internal v0.4.28
[INFO] [stderr]    Compiling async-trait v0.1.51
[INFO] [stderr]    Compiling tokio-macros v0.2.0-alpha.6
[INFO] [stderr]    Compiling runtime-attributes v0.3.0-alpha.6
[INFO] [stderr]     Checking futures-util v0.3.17
[INFO] [stderr]     Checking tracing v0.1.29
[INFO] [stderr]     Checking pin-project v0.4.28
[INFO] [stderr]     Checking tokio-executor v0.2.0-alpha.6
[INFO] [stderr]     Checking tokio-io v0.2.0-alpha.6
[INFO] [stderr]     Checking runtime v0.3.0-alpha.8
[INFO] [stderr]     Checking tokio-codec v0.2.0-alpha.6
[INFO] [stderr]     Checking tokio-timer v0.3.0-alpha.6
[INFO] [stderr]     Checking tokio-fs v0.2.0-alpha.6
[INFO] [stderr]     Checking tokio-net v0.2.0-alpha.6
[INFO] [stderr]     Checking tokio v0.2.0-alpha.6
[INFO] [stderr]     Checking serde v1.0.130
[INFO] [stderr]     Checking futures-executor v0.3.17
[INFO] [stderr]     Checking futures v0.3.17
[INFO] [stderr]     Checking tokio-util v0.6.8
[INFO] [stderr]     Checking tokio-native-tls v0.3.0
[INFO] [stderr]     Checking h2 v0.3.6
[INFO] [stderr]     Checking chrono v0.4.19
[INFO] [stderr]     Checking serde_json v1.0.68
[INFO] [stderr]     Checking serde_urlencoded v0.7.0
[INFO] [stderr]     Checking hyper v0.14.13
[INFO] [stderr]     Checking hyper-tls v0.5.0
[INFO] [stderr]     Checking rusoto_credential v0.47.0
[INFO] [stderr]     Checking hyper-proxy v0.9.1
[INFO] [stderr]     Checking rusoto_signature v0.47.0
[INFO] [stderr]     Checking rusoto_sqs v0.47.0
[INFO] [stderr]     Checking rusoto_mock v0.47.0
[INFO] [stderr]     Checking sqsquatch v0.2.2 (/opt/rustwide/workdir)
[INFO] [stdout] warning: lint `intra_doc_link_resolution_failure` has been removed: use `rustdoc::broken_intra_doc_links` instead
[INFO] [stdout]   --> src/lib.rs:31:5
[INFO] [stdout]    |
[INFO] [stdout] 31 |     intra_doc_link_resolution_failure,
[INFO] [stdout]    |     ^^^^^^^^^^^^^^^^^^^^^^^^^^^^^^^^^
[INFO] [stdout]    |
[INFO] [stdout]    = note: `#[warn(renamed_and_removed_lints)]` on by default
[INFO] [stdout] 
[INFO] [stdout] 
[INFO] [stdout] warning: lint `nested_impl_trait` has been removed: converted into hard error, see issue #59014 <https://github.com/rust-lang/rust/issues/59014> for more information
[INFO] [stdout]   --> src/lib.rs:43:5
[INFO] [stdout]    |
[INFO] [stdout] 43 |     nested_impl_trait,
[INFO] [stdout]    |     ^^^^^^^^^^^^^^^^^
[INFO] [stdout] 
[INFO] [stdout] 
[INFO] [stdout] warning: lint `overlapping_patterns` has been renamed to `overlapping_range_endpoints`
[INFO] [stdout]   --> src/lib.rs:50:5
[INFO] [stdout]    |
[INFO] [stdout] 50 |     overlapping_patterns,
[INFO] [stdout]    |     ^^^^^^^^^^^^^^^^^^^^ help: use the new name: `overlapping_range_endpoints`
[INFO] [stdout] 
[INFO] [stdout] 
[INFO] [stdout] warning: lint `plugin_as_library` has been removed: plugins have been deprecated and retired
[INFO] [stdout]   --> src/lib.rs:53:5
[INFO] [stdout]    |
[INFO] [stdout] 53 |     plugin_as_library,
[INFO] [stdout]    |     ^^^^^^^^^^^^^^^^^
[INFO] [stdout] 
[INFO] [stdout] 
[INFO] [stdout] warning: lint `redundant_semicolon` has been renamed to `redundant_semicolons`
[INFO] [stdout]   --> src/lib.rs:57:5
[INFO] [stdout]    |
[INFO] [stdout] 57 |     redundant_semicolon,
[INFO] [stdout]    |     ^^^^^^^^^^^^^^^^^^^ help: use the new name: `redundant_semicolons`
[INFO] [stdout] 
[INFO] [stdout] 
[INFO] [stdout] warning: lint `safe_packed_borrows` has been renamed to `unaligned_references`
[INFO] [stdout]   --> src/lib.rs:59:5
[INFO] [stdout]    |
[INFO] [stdout] 59 |     safe_packed_borrows,
[INFO] [stdout]    |     ^^^^^^^^^^^^^^^^^^^ help: use the new name: `unaligned_references`
[INFO] [stdout]    |
[INFO] [stdout] note: the lint level is defined here
[INFO] [stdout]   --> src/lib.rs:58:5
[INFO] [stdout]    |
[INFO] [stdout] 58 |     renamed_and_removed_lints,
[INFO] [stdout]    |     ^^^^^^^^^^^^^^^^^^^^^^^^^
[INFO] [stdout] 
[INFO] [stdout] 
[INFO] [stdout] warning: lint `intra_doc_link_resolution_failure` has been removed: use `rustdoc::broken_intra_doc_links` instead
[INFO] [stdout]   --> src/lib.rs:31:5
[INFO] [stdout]    |
[INFO] [stdout] 31 |     intra_doc_link_resolution_failure,
[INFO] [stdout]    |     ^^^^^^^^^^^^^^^^^^^^^^^^^^^^^^^^^
[INFO] [stdout]    |
[INFO] [stdout]    = note: `#[warn(renamed_and_removed_lints)]` on by default
[INFO] [stdout] 
[INFO] [stdout] 
[INFO] [stdout] warning: lint `nested_impl_trait` has been removed: converted into hard error, see issue #59014 <https://github.com/rust-lang/rust/issues/59014> for more information
[INFO] [stdout]   --> src/lib.rs:43:5
[INFO] [stdout]    |
[INFO] [stdout] 43 |     nested_impl_trait,
[INFO] [stdout]    |     ^^^^^^^^^^^^^^^^^
[INFO] [stdout] 
[INFO] [stdout] 
[INFO] [stdout] warning: lint `overlapping_patterns` has been renamed to `overlapping_range_endpoints`
[INFO] [stdout]   --> src/lib.rs:50:5
[INFO] [stdout]    |
[INFO] [stdout] 50 |     overlapping_patterns,
[INFO] [stdout]    |     ^^^^^^^^^^^^^^^^^^^^ help: use the new name: `overlapping_range_endpoints`
[INFO] [stdout] 
[INFO] [stdout] 
[INFO] [stdout] warning: lint `plugin_as_library` has been removed: plugins have been deprecated and retired
[INFO] [stdout]   --> src/lib.rs:53:5
[INFO] [stdout]    |
[INFO] [stdout] 53 |     plugin_as_library,
[INFO] [stdout]    |     ^^^^^^^^^^^^^^^^^
[INFO] [stdout] 
[INFO] [stdout] 
[INFO] [stdout] warning: lint `redundant_semicolon` has been renamed to `redundant_semicolons`
[INFO] [stdout]   --> src/lib.rs:57:5
[INFO] [stdout]    |
[INFO] [stdout] 57 |     redundant_semicolon,
[INFO] [stdout]    |     ^^^^^^^^^^^^^^^^^^^ help: use the new name: `redundant_semicolons`
[INFO] [stdout] 
[INFO] [stdout] 
[INFO] [stdout] warning: lint `safe_packed_borrows` has been renamed to `unaligned_references`
[INFO] [stdout]   --> src/lib.rs:59:5
[INFO] [stdout]    |
[INFO] [stdout] 59 |     safe_packed_borrows,
[INFO] [stdout]    |     ^^^^^^^^^^^^^^^^^^^ help: use the new name: `unaligned_references`
[INFO] [stdout]    |
[INFO] [stdout] note: the lint level is defined here
[INFO] [stdout]   --> src/lib.rs:58:5
[INFO] [stdout]    |
[INFO] [stdout] 58 |     renamed_and_removed_lints,
[INFO] [stdout]    |     ^^^^^^^^^^^^^^^^^^^^^^^^^
[INFO] [stdout] 
[INFO] [stdout] 
[INFO] [stdout] error[E0432]: unresolved import `http::HttpTryFrom`
[INFO] [stdout]  --> src/utils.rs:2:43
[INFO] [stdout]   |
[INFO] [stdout] 2 | use http::{header::HeaderName, HeaderMap, HttpTryFrom, StatusCode};
[INFO] [stdout]   |                                           ^^^^^^^^^^^ no `HttpTryFrom` in the root
[INFO] [stdout] 
[INFO] [stdout] 
[INFO] [stdout] error[E0437]: type `Future` is not a member of trait `DispatchSignedRequest`
[INFO] [stdout]    --> src/utils.rs:112:5
[INFO] [stdout]     |
[INFO] [stdout] 112 |     type Future = FutureResult<HttpResponse, HttpDispatchError>;
[INFO] [stdout]     |     ^^^^^^^^^^^^^^^^^^^^^^^^^^^^^^^^^^^^^^^^^^^^^^^^^^^^^^^^^^^^ not a member of trait `DispatchSignedRequest`
[INFO] [stdout] 
[INFO] [stdout] 
[INFO] [stdout] error[E0412]: cannot find type `Error` in crate `hyper_tls`
[INFO] [stdout]    --> src/error.rs:198:16
[INFO] [stdout]     |
[INFO] [stdout] 198 |     hyper_tls::Error,
[INFO] [stdout]     |                ^^^^^ not found in `hyper_tls`
[INFO] [stdout]     |
[INFO] [stdout] help: consider importing one of these items
[INFO] [stdout]     |
[INFO] [stdout] 10  | use core::fmt::Error;
[INFO] [stdout]     |
[INFO] [stdout] 10  | use crate::Error;
[INFO] [stdout]     |
[INFO] [stdout] 10  | use futures::core_reexport::fmt::Error;
[INFO] [stdout]     |
[INFO] [stdout] 10  | use futures::io::Error;
[INFO] [stdout]     |
[INFO] [stdout]       and 15 other candidates
[INFO] [stdout] 
[INFO] [stdout] 
[INFO] [stdout] error[E0412]: cannot find type `Error` in crate `hyper_tls`
[INFO] [stdout]    --> src/error.rs:289:25
[INFO] [stdout]     |
[INFO] [stdout] 289 |     HyperTls(hyper_tls::Error),
[INFO] [stdout]     |                         ^^^^^ not found in `hyper_tls`
[INFO] [stdout]     |
[INFO] [stdout] help: consider importing one of these items
[INFO] [stdout]     |
[INFO] [stdout] 10  | use core::fmt::Error;
[INFO] [stdout]     |
[INFO] [stdout] 10  | use crate::Error;
[INFO] [stdout]     |
[INFO] [stdout] 10  | use futures::core_reexport::fmt::Error;
[INFO] [stdout]     |
[INFO] [stdout] 10  | use futures::io::Error;
[INFO] [stdout]     |
[INFO] [stdout]       and 15 other candidates
[INFO] [stdout] 
[INFO] [stdout] 
[INFO] [stdout] error[E0554]: `#![feature]` may not be used on the beta release channel
[INFO] [stdout]   --> src/lib.rs:13:1
[INFO] [stdout]    |
[INFO] [stdout] 13 | #![feature(crate_visibility_modifier, error_iter, result_map_or_else)]
[INFO] [stdout]    | ^^^^^^^^^^^^^^^^^^^^^^^^^^^^^^^^^^^^^^^^^^^^^^^^^^^^^^^^^^^^^^^^^^^^^^
[INFO] [stdout] 
[INFO] [stdout] 
[INFO] [stdout] error[E0220]: associated type `Future` not found for `P`
[INFO] [stdout]   --> src/client/publish.rs:90:12
[INFO] [stdout]    |
[INFO] [stdout] 90 |         P::Future: Send,
[INFO] [stdout]    |            ^^^^^^ associated type `Future` not found
[INFO] [stdout] 
[INFO] [stdout] 
[INFO] [stdout] error[E0220]: associated type `Future` not found for `R`
[INFO] [stdout]   --> src/client/publish.rs:92:12
[INFO] [stdout]    |
[INFO] [stdout] 92 |         R::Future: Send,
[INFO] [stdout]    |            ^^^^^^ associated type `Future` not found
[INFO] [stdout] 
[INFO] [stdout] 
[INFO] [stdout] error[E0220]: associated type `Future` not found for `P`
[INFO] [stdout]    --> src/client/publish.rs:263:12
[INFO] [stdout]     |
[INFO] [stdout] 263 |         P::Future: Send,
[INFO] [stdout]     |            ^^^^^^ associated type `Future` not found
[INFO] [stdout] 
[INFO] [stdout] 
[INFO] [stdout] error[E0220]: associated type `Future` not found for `R`
[INFO] [stdout]    --> src/client/publish.rs:265:12
[INFO] [stdout]     |
[INFO] [stdout] 265 |         R::Future: Send,
[INFO] [stdout]     |            ^^^^^^ associated type `Future` not found
[INFO] [stdout] 
[INFO] [stdout] 
[INFO] [stdout] error[E0220]: associated type `Future` not found for `P`
[INFO] [stdout]   --> src/client/subscribe.rs:84:12
[INFO] [stdout]    |
[INFO] [stdout] 84 |         P::Future: Send,
[INFO] [stdout]    |            ^^^^^^ associated type `Future` not found
[INFO] [stdout] 
[INFO] [stdout] 
[INFO] [stdout] error[E0220]: associated type `Future` not found for `R`
[INFO] [stdout]   --> src/client/subscribe.rs:86:12
[INFO] [stdout]    |
[INFO] [stdout] 86 |         R::Future: Send,
[INFO] [stdout]    |            ^^^^^^ associated type `Future` not found
[INFO] [stdout] 
[INFO] [stdout] 
[INFO] [stdout] error[E0220]: associated type `Future` not found for `P`
[INFO] [stdout]    --> src/client/subscribe.rs:303:12
[INFO] [stdout]     |
[INFO] [stdout] 303 |         P::Future: Send,
[INFO] [stdout]     |            ^^^^^^ associated type `Future` not found
[INFO] [stdout] 
[INFO] [stdout] 
[INFO] [stdout] error[E0220]: associated type `Future` not found for `R`
[INFO] [stdout]    --> src/client/subscribe.rs:305:12
[INFO] [stdout]     |
[INFO] [stdout] 305 |         R::Future: Send,
[INFO] [stdout]     |            ^^^^^^ associated type `Future` not found
[INFO] [stdout] 
[INFO] [stdout] 
[INFO] [stdout] error[E0220]: associated type `Future` not found for `Self`
[INFO] [stdout]    --> src/utils.rs:114:85
[INFO] [stdout]     |
[INFO] [stdout] 114 |     fn dispatch(&self, request: SignedRequest, _timeout: Option<Duration>) -> Self::Future {
[INFO] [stdout]     |                                                                                     ^^^^^^ associated type `Future` not found
[INFO] [stdout] 
[INFO] [stdout] 
[INFO] [stdout] error: aborting due to 14 previous errors; 6 warnings emitted
[INFO] [stdout] 
[INFO] [stdout] 
[INFO] [stdout] Some errors have detailed explanations: E0220, E0412, E0432, E0437, E0554.
[INFO] [stdout] 
[INFO] [stdout] For more information about an error, try `rustc --explain E0220`.
[INFO] [stdout] 
[INFO] [stderr] error: could not compile `sqsquatch` due to 15 previous errors; 6 warnings emitted
[INFO] [stderr] warning: build failed, waiting for other jobs to finish...
[INFO] [stdout] error[E0432]: unresolved import `http::HttpTryFrom`
[INFO] [stdout]  --> src/utils.rs:2:43
[INFO] [stdout]   |
[INFO] [stdout] 2 | use http::{header::HeaderName, HeaderMap, HttpTryFrom, StatusCode};
[INFO] [stdout]   |                                           ^^^^^^^^^^^ no `HttpTryFrom` in the root
[INFO] [stdout] 
[INFO] [stdout] 
[INFO] [stdout] error[E0437]: type `Future` is not a member of trait `DispatchSignedRequest`
[INFO] [stdout]    --> src/utils.rs:112:5
[INFO] [stdout]     |
[INFO] [stdout] 112 |     type Future = FutureResult<HttpResponse, HttpDispatchError>;
[INFO] [stdout]     |     ^^^^^^^^^^^^^^^^^^^^^^^^^^^^^^^^^^^^^^^^^^^^^^^^^^^^^^^^^^^^ not a member of trait `DispatchSignedRequest`
[INFO] [stdout] 
[INFO] [stdout] 
[INFO] [stdout] error[E0412]: cannot find type `Error` in crate `hyper_tls`
[INFO] [stdout]    --> src/error.rs:198:16
[INFO] [stdout]     |
[INFO] [stdout] 198 |     hyper_tls::Error,
[INFO] [stdout]     |                ^^^^^ not found in `hyper_tls`
[INFO] [stdout]     |
[INFO] [stdout] help: consider importing one of these items
[INFO] [stdout]     |
[INFO] [stdout] 10  | use core::fmt::Error;
[INFO] [stdout]     |
[INFO] [stdout] 10  | use crate::Error;
[INFO] [stdout]     |
[INFO] [stdout] 10  | use futures::core_reexport::fmt::Error;
[INFO] [stdout]     |
[INFO] [stdout] 10  | use futures::io::Error;
[INFO] [stdout]     |
[INFO] [stdout]       and 15 other candidates
[INFO] [stdout] 
[INFO] [stdout] 
[INFO] [stdout] error[E0412]: cannot find type `Error` in crate `hyper_tls`
[INFO] [stdout]    --> src/error.rs:289:25
[INFO] [stdout]     |
[INFO] [stdout] 289 |     HyperTls(hyper_tls::Error),
[INFO] [stdout]     |                         ^^^^^ not found in `hyper_tls`
[INFO] [stdout]     |
[INFO] [stdout] help: consider importing one of these items
[INFO] [stdout]     |
[INFO] [stdout] 10  | use core::fmt::Error;
[INFO] [stdout]     |
[INFO] [stdout] 10  | use crate::Error;
[INFO] [stdout]     |
[INFO] [stdout] 10  | use futures::core_reexport::fmt::Error;
[INFO] [stdout]     |
[INFO] [stdout] 10  | use futures::io::Error;
[INFO] [stdout]     |
[INFO] [stdout]       and 15 other candidates
[INFO] [stdout] 
[INFO] [stdout] 
[INFO] [stdout] error[E0554]: `#![feature]` may not be used on the beta release channel
[INFO] [stdout]   --> src/lib.rs:13:1
[INFO] [stdout]    |
[INFO] [stdout] 13 | #![feature(crate_visibility_modifier, error_iter, result_map_or_else)]
[INFO] [stdout]    | ^^^^^^^^^^^^^^^^^^^^^^^^^^^^^^^^^^^^^^^^^^^^^^^^^^^^^^^^^^^^^^^^^^^^^^
[INFO] [stdout] 
[INFO] [stdout] 
[INFO] [stdout] error[E0220]: associated type `Future` not found for `P`
[INFO] [stdout]   --> src/client/publish.rs:90:12
[INFO] [stdout]    |
[INFO] [stdout] 90 |         P::Future: Send,
[INFO] [stdout]    |            ^^^^^^ associated type `Future` not found
[INFO] [stdout] 
[INFO] [stdout] 
[INFO] [stdout] error[E0220]: associated type `Future` not found for `R`
[INFO] [stdout]   --> src/client/publish.rs:92:12
[INFO] [stdout]    |
[INFO] [stdout] 92 |         R::Future: Send,
[INFO] [stdout]    |            ^^^^^^ associated type `Future` not found
[INFO] [stdout] 
[INFO] [stdout] 
[INFO] [stdout] error[E0220]: associated type `Future` not found for `P`
[INFO] [stdout]    --> src/client/publish.rs:263:12
[INFO] [stdout]     |
[INFO] [stdout] 263 |         P::Future: Send,
[INFO] [stdout]     |            ^^^^^^ associated type `Future` not found
[INFO] [stdout] 
[INFO] [stdout] 
[INFO] [stdout] error[E0220]: associated type `Future` not found for `R`
[INFO] [stdout]    --> src/client/publish.rs:265:12
[INFO] [stdout]     |
[INFO] [stdout] 265 |         R::Future: Send,
[INFO] [stdout]     |            ^^^^^^ associated type `Future` not found
[INFO] [stdout] 
[INFO] [stdout] 
[INFO] [stdout] error[E0220]: associated type `Future` not found for `P`
[INFO] [stdout]   --> src/client/subscribe.rs:84:12
[INFO] [stdout]    |
[INFO] [stdout] 84 |         P::Future: Send,
[INFO] [stdout]    |            ^^^^^^ associated type `Future` not found
[INFO] [stdout] 
[INFO] [stdout] 
[INFO] [stdout] error[E0220]: associated type `Future` not found for `R`
[INFO] [stdout]   --> src/client/subscribe.rs:86:12
[INFO] [stdout]    |
[INFO] [stdout] 86 |         R::Future: Send,
[INFO] [stdout]    |            ^^^^^^ associated type `Future` not found
[INFO] [stdout] 
[INFO] [stdout] 
[INFO] [stdout] error[E0220]: associated type `Future` not found for `P`
[INFO] [stdout]    --> src/client/subscribe.rs:303:12
[INFO] [stdout]     |
[INFO] [stdout] 303 |         P::Future: Send,
[INFO] [stdout]     |            ^^^^^^ associated type `Future` not found
[INFO] [stdout] 
[INFO] [stdout] 
[INFO] [stdout] error[E0220]: associated type `Future` not found for `R`
[INFO] [stdout]    --> src/client/subscribe.rs:305:12
[INFO] [stdout]     |
[INFO] [stdout] 305 |         R::Future: Send,
[INFO] [stdout]     |            ^^^^^^ associated type `Future` not found
[INFO] [stdout] 
[INFO] [stdout] 
[INFO] [stdout] error[E0220]: associated type `Future` not found for `Self`
[INFO] [stdout]    --> src/utils.rs:114:85
[INFO] [stdout]     |
[INFO] [stdout] 114 |     fn dispatch(&self, request: SignedRequest, _timeout: Option<Duration>) -> Self::Future {
[INFO] [stdout]     |                                                                                     ^^^^^^ associated type `Future` not found
[INFO] [stdout] 
[INFO] [stdout] 
[INFO] [stdout] error: aborting due to 14 previous errors; 6 warnings emitted
[INFO] [stdout] 
[INFO] [stdout] 
[INFO] [stdout] Some errors have detailed explanations: E0220, E0412, E0432, E0437, E0554.
[INFO] [stdout] 
[INFO] [stdout] For more information about an error, try `rustc --explain E0220`.
[INFO] [stdout] 
[INFO] [stderr] error: build failed
[INFO] running `Command { std: "docker" "inspect" "77a80ed949e7ede4c18ceb4d45cac2f58a9322e896812f593ca6f423f0695e4a", kill_on_drop: false }`
[INFO] running `Command { std: "docker" "rm" "-f" "77a80ed949e7ede4c18ceb4d45cac2f58a9322e896812f593ca6f423f0695e4a", kill_on_drop: false }`
[INFO] [stdout] 77a80ed949e7ede4c18ceb4d45cac2f58a9322e896812f593ca6f423f0695e4a
