[INFO] fetching crate songbird 0.2.0...
[INFO] checking songbird-0.2.0 against 1.55.0 for beta-1.56-3
[INFO] extracting crate songbird 0.2.0 into /workspace/builds/worker-65/source
[INFO] validating manifest of crates.io crate songbird 0.2.0 on toolchain 1.55.0
[INFO] running `Command { std: "/workspace/cargo-home/bin/cargo" "+1.55.0" "metadata" "--manifest-path" "Cargo.toml" "--no-deps", kill_on_drop: false }`
[INFO] started tweaking crates.io crate songbird 0.2.0
[INFO] finished tweaking crates.io crate songbird 0.2.0
[INFO] tweaked toml for crates.io crate songbird 0.2.0 written to /workspace/builds/worker-65/source/Cargo.toml
[INFO] running `Command { std: "/workspace/cargo-home/bin/cargo" "+1.55.0" "generate-lockfile" "--manifest-path" "Cargo.toml" "-Zno-index-update", kill_on_drop: false }`
[INFO] [stderr]     Blocking waiting for file lock on package cache
[INFO] running `Command { std: "/workspace/cargo-home/bin/cargo" "+1.55.0" "fetch" "--manifest-path" "Cargo.toml", kill_on_drop: false }`
[INFO] [stderr]     Blocking waiting for file lock on package cache
[INFO] [stderr]     Blocking waiting for file lock on package cache
[INFO] [stderr]  Downloading crates ...
[INFO] [stderr]   Downloaded streamcatcher v0.1.1
[INFO] [stderr]   Downloaded serenity-voice-model v0.1.0
[INFO] [stderr]   Downloaded async-tungstenite v0.14.0
[INFO] [stderr]   Downloaded discortp v0.4.0
[INFO] [stderr]   Downloaded twilight-gateway v0.6.5
[INFO] [stderr]   Downloaded xsalsa20poly1305 v0.7.2
[INFO] [stderr]   Downloaded twilight-gateway-queue v0.6.0
[INFO] [stderr]   Downloaded tokio-native-tls v0.1.0
[INFO] [stderr]   Downloaded async-tungstenite v0.9.3
[INFO] [stderr]   Downloaded symphonia-core v0.2.0
[INFO] [stderr]   Downloaded twilight-model v0.6.5
[INFO] [stderr]   Downloaded twilight-http v0.6.6
[INFO] running `Command { std: "docker" "create" "-v" "/var/lib/crater-agent-workspace/builds/worker-65/target:/opt/rustwide/target:rw,Z" "-v" "/var/lib/crater-agent-workspace/builds/worker-65/source:/opt/rustwide/workdir:ro,Z" "-v" "/var/lib/crater-agent-workspace/cargo-home:/opt/rustwide/cargo-home:ro,Z" "-v" "/var/lib/crater-agent-workspace/rustup-home:/opt/rustwide/rustup-home:ro,Z" "-e" "SOURCE_DIR=/opt/rustwide/workdir" "-e" "CARGO_TARGET_DIR=/opt/rustwide/target" "-e" "CARGO_HOME=/opt/rustwide/cargo-home" "-e" "RUSTUP_HOME=/opt/rustwide/rustup-home" "-w" "/opt/rustwide/workdir" "-m" "1610612736" "--user" "0:0" "--network" "none" "ghcr.io/rust-lang/crates-build-env/linux@sha256:a89201d6b5b9fd45c15d5952ece0a0129e7e80cb26ec023fd59cf09bc26f1604" "/opt/rustwide/cargo-home/bin/cargo" "+1.55.0" "metadata" "--no-deps" "--format-version=1", kill_on_drop: false }`
[INFO] [stdout] 1c543536effe5fec52966c7de7224743e169baf280ea066f364c794d78e4432e
[INFO] running `Command { std: "docker" "start" "-a" "1c543536effe5fec52966c7de7224743e169baf280ea066f364c794d78e4432e", kill_on_drop: false }`
[INFO] running `Command { std: "docker" "inspect" "1c543536effe5fec52966c7de7224743e169baf280ea066f364c794d78e4432e", kill_on_drop: false }`
[INFO] running `Command { std: "docker" "rm" "-f" "1c543536effe5fec52966c7de7224743e169baf280ea066f364c794d78e4432e", kill_on_drop: false }`
[INFO] [stdout] 1c543536effe5fec52966c7de7224743e169baf280ea066f364c794d78e4432e
[INFO] running `Command { std: "docker" "create" "-v" "/var/lib/crater-agent-workspace/builds/worker-65/target:/opt/rustwide/target:rw,Z" "-v" "/var/lib/crater-agent-workspace/builds/worker-65/source:/opt/rustwide/workdir:ro,Z" "-v" "/var/lib/crater-agent-workspace/cargo-home:/opt/rustwide/cargo-home:ro,Z" "-v" "/var/lib/crater-agent-workspace/rustup-home:/opt/rustwide/rustup-home:ro,Z" "-e" "SOURCE_DIR=/opt/rustwide/workdir" "-e" "CARGO_TARGET_DIR=/opt/rustwide/target" "-e" "CARGO_INCREMENTAL=0" "-e" "RUST_BACKTRACE=full" "-e" "RUSTFLAGS=--cap-lints=warn" "-e" "CARGO_HOME=/opt/rustwide/cargo-home" "-e" "RUSTUP_HOME=/opt/rustwide/rustup-home" "-w" "/opt/rustwide/workdir" "-m" "1610612736" "--user" "0:0" "--network" "none" "ghcr.io/rust-lang/crates-build-env/linux@sha256:a89201d6b5b9fd45c15d5952ece0a0129e7e80cb26ec023fd59cf09bc26f1604" "/opt/rustwide/cargo-home/bin/cargo" "+1.55.0" "check" "--frozen" "--all" "--all-targets" "--message-format=json", kill_on_drop: false }`
[INFO] [stdout] a6b1f5f606ecfdaa3a4985c7d883d18b96c98e47d4bb1a38d220f59d26dfa793
[INFO] running `Command { std: "docker" "start" "-a" "a6b1f5f606ecfdaa3a4985c7d883d18b96c98e47d4bb1a38d220f59d26dfa793", kill_on_drop: false }`
[INFO] [stderr]     Blocking waiting for file lock on package cache
[INFO] [stderr]    Compiling syn v1.0.80
[INFO] [stderr]    Compiling memchr v2.4.1
[INFO] [stderr]    Compiling log v0.4.14
[INFO] [stderr]     Checking itoa v0.4.8
[INFO] [stderr]     Checking pin-project-lite v0.2.7
[INFO] [stderr]     Checking once_cell v1.8.0
[INFO] [stderr]    Compiling futures-core v0.3.17
[INFO] [stderr]     Checking bytes v1.1.0
[INFO] [stderr]    Compiling proc-macro-hack v0.5.19
[INFO] [stderr]     Checking futures-sink v0.3.17
[INFO] [stderr]    Compiling futures-task v0.3.17
[INFO] [stderr]    Compiling proc-macro-nested v0.1.7
[INFO] [stderr]    Compiling futures-channel v0.3.17
[INFO] [stderr]     Checking spin v0.5.2
[INFO] [stderr]     Checking untrusted v0.7.1
[INFO] [stderr]    Compiling serde v1.0.130
[INFO] [stderr]     Checking slab v0.4.5
[INFO] [stderr]     Checking pin-utils v0.1.0
[INFO] [stderr]     Checking futures-io v0.3.17
[INFO] [stderr]     Checking fnv v1.0.7
[INFO] [stderr]     Checking tinyvec_macros v0.1.0
[INFO] [stderr]     Checking matches v0.1.9
[INFO] [stderr]    Compiling httparse v1.5.1
[INFO] [stderr]    Compiling ryu v1.0.5
[INFO] [stderr]     Checking percent-encoding v2.1.0
[INFO] [stderr]     Checking ppv-lite86 v0.2.14
[INFO] [stderr]     Checking base64 v0.13.0
[INFO] [stderr]     Checking unicode-bidi v0.3.7
[INFO] [stderr]    Compiling getrandom v0.1.16
[INFO] [stderr]    Compiling semver v1.0.4
[INFO] [stderr]    Compiling serde_json v1.0.68
[INFO] [stderr]     Checking hashbrown v0.11.2
[INFO] [stderr]     Checking byteorder v1.4.3
[INFO] [stderr]     Checking utf-8 v0.7.6
[INFO] [stderr]     Checking try-lock v0.2.3
[INFO] [stderr]     Checking bitflags v1.3.2
[INFO] [stderr]     Checking tower-service v0.3.1
[INFO] [stderr]    Compiling encoding_rs v0.8.28
[INFO] [stderr]     Checking bytes v0.5.6
[INFO] [stderr]    Compiling crc32fast v1.2.1
[INFO] [stderr]     Checking httpdate v1.0.1
[INFO] [stderr]    Compiling parking_lot_core v0.8.5
[INFO] [stderr]    Compiling arrayvec v0.4.12
[INFO] [stderr]    Compiling async-trait v0.1.51
[INFO] [stderr]     Checking base64 v0.12.3
[INFO] [stderr]     Checking adler v1.0.2
[INFO] [stderr]     Checking subtle v2.4.1
[INFO] [stderr]     Checking mime v0.3.16
[INFO] [stderr]     Checking nodrop v0.1.14
[INFO] [stderr]     Checking plotters-backend v0.3.2
[INFO] [stderr]     Checking smallvec v1.7.0
[INFO] [stderr]     Checking ipnet v2.3.1
[INFO] [stderr]     Checking zeroize v1.3.0
[INFO] [stderr]     Checking regex-automata v0.1.10
[INFO] [stderr]    Compiling serenity v0.10.9
[INFO] [stderr]     Checking pnet_base v0.28.0
[INFO] [stderr]     Checking half v1.8.0
[INFO] [stderr]     Checking regex-syntax v0.6.25
[INFO] [stderr]     Checking same-file v1.0.6
[INFO] [stderr]    Compiling songbird v0.2.0 (/opt/rustwide/workdir)
[INFO] [stderr]     Checking typemap_rev v0.1.5
[INFO] [stderr]     Checking oorandom v11.1.3
[INFO] [stderr]     Checking spin_sleep v1.0.0
[INFO] [stderr]    Compiling futures-macro v0.3.17
[INFO] [stderr]    Compiling futures-util v0.3.17
[INFO] [stderr]    Compiling tokio v1.12.0
[INFO] [stderr]    Compiling num-traits v0.2.14
[INFO] [stderr]    Compiling indexmap v1.7.0
[INFO] [stderr]    Compiling miniz_oxide v0.4.4
[INFO] [stderr]    Compiling num-integer v0.1.44
[INFO] [stderr]    Compiling ring v0.16.20
[INFO] [stderr]    Compiling unicase v2.6.0
[INFO] [stderr]     Checking tracing-core v0.1.21
[INFO] [stderr]     Checking instant v0.1.11
[INFO] [stderr]     Checking textwrap v0.11.0
[INFO] [stderr]     Checking itertools v0.10.1
[INFO] [stderr]     Checking getrandom v0.2.3
[INFO] [stderr]     Checking signal-hook-registry v1.4.0
[INFO] [stderr]     Checking socket2 v0.4.2
[INFO] [stderr]     Checking time v0.1.43
[INFO] [stderr]     Checking atty v0.2.14
[INFO] [stderr]     Checking digest v0.9.0
[INFO] [stderr]     Checking cipher v0.3.0
[INFO] [stderr]     Checking dashmap v4.0.2
[INFO] [stderr]     Checking form_urlencoded v1.0.1
[INFO] [stderr]     Checking tinyvec v1.5.0
[INFO] [stderr]     Checking walkdir v2.3.2
[INFO] [stderr]     Checking http v0.2.5
[INFO] [stderr]     Checking input_buffer v0.4.0
[INFO] [stderr]     Checking pnet_macros_support v0.28.0
[INFO] [stderr]     Checking clap v2.33.3
[INFO] [stderr]     Checking plotters-svg v0.3.1
[INFO] [stderr]     Checking sha-1 v0.9.8
[INFO] [stderr]     Checking input_buffer v0.3.1
[INFO] [stderr]     Checking universal-hash v0.4.1
[INFO] [stderr]     Checking poly1305 v0.7.2
[INFO] [stderr]     Checking rand_core v0.6.3
[INFO] [stderr]     Checking nanorand v0.6.1
[INFO] [stderr]     Checking uuid v0.8.2
[INFO] [stderr]     Checking salsa20 v0.8.1
[INFO] [stderr]     Checking rand_core v0.5.1
[INFO] [stderr]    Compiling audiopus_sys v0.1.8
[INFO] [stderr]     Checking rand_chacha v0.3.1
[INFO] [stderr]     Checking aead v0.4.3
[INFO] [stderr]     Checking mio v0.7.13
[INFO] [stderr]     Checking want v0.3.0
[INFO] [stderr]     Checking unicode-normalization v0.1.19
[INFO] [stderr]    Compiling aho-corasick v0.7.18
[INFO] [stderr]     Checking parking_lot v0.11.2
[INFO] [stderr]     Checking xsalsa20poly1305 v0.7.2
[INFO] [stderr]     Checking rand_chacha v0.2.2
[INFO] [stderr]     Checking csv-core v0.1.10
[INFO] [stderr]    Compiling mime_guess v2.0.3
[INFO] [stderr]     Checking symphonia-core v0.2.0
[INFO] [stderr]    Compiling rustc_version v0.4.0
[INFO] [stderr]     Checking rand v0.8.4
[INFO] [stderr]     Checking rand v0.7.3
[INFO] [stderr]     Checking audiopus v0.2.0
[INFO] [stderr]    Compiling cast v0.2.7
[INFO] [stderr]     Checking flate2 v1.0.22
[INFO] [stderr]    Compiling regex v1.5.4
[INFO] [stderr]     Checking num-traits v0.1.43
[INFO] [stderr]     Checking plotters v0.3.1
[INFO] [stderr]     Checking enum_primitive v0.1.1
[INFO] [stderr]     Checking idna v0.2.3
[INFO] [stderr]     Checking http-body v0.4.3
[INFO] [stderr]     Checking criterion-plot v0.4.4
[INFO] [stderr]     Checking url v2.2.2
[INFO] [stderr]     Checking tungstenite v0.11.1
[INFO] [stderr]     Checking webpki v0.21.4
[INFO] [stderr]     Checking sct v0.6.1
[INFO] [stderr]     Checking rustls v0.19.1
[INFO] [stderr]     Checking webpki-roots v0.21.1
[INFO] [stderr]     Checking webpki-roots v0.20.0
[INFO] [stderr]    Compiling serde_derive v1.0.130
[INFO] [stderr]    Compiling tokio-macros v1.5.0
[INFO] [stderr]    Compiling tracing-attributes v0.1.18
[INFO] [stderr]    Compiling pin-project-internal v1.0.8
[INFO] [stderr]    Compiling thiserror-impl v1.0.30
[INFO] [stderr]    Compiling serde_repr v0.1.7
[INFO] [stderr]    Compiling pnet_macros v0.28.0
[INFO] [stderr]     Checking tokio-util v0.6.8
[INFO] [stderr]     Checking tokio-rustls v0.22.0
[INFO] [stderr]     Checking tracing v0.1.29
[INFO] [stderr]     Checking thiserror v1.0.30
[INFO] [stderr]     Checking pin-project v1.0.8
[INFO] [stderr]     Checking tungstenite v0.13.0
[INFO] [stderr]     Checking tracing-futures v0.2.5
[INFO] [stderr]     Checking flume v0.10.9
[INFO] [stderr]     Checking discortp v0.4.0
[INFO] [stderr]     Checking h2 v0.3.6
[INFO] [stderr]     Checking futures-executor v0.3.17
[INFO] [stderr]     Checking async-tungstenite v0.11.0
[INFO] [stderr]     Checking async-tungstenite v0.14.0
[INFO] [stderr]     Checking streamcatcher v0.1.1
[INFO] [stderr]     Checking futures v0.3.17
[INFO] [stderr]     Checking serde_urlencoded v0.7.0
[INFO] [stderr]     Checking bstr v0.2.17
[INFO] [stderr]     Checking chrono v0.4.19
[INFO] [stderr]     Checking serde_cbor v0.11.2
[INFO] [stderr]     Checking csv v1.1.6
[INFO] [stderr]     Checking serenity-voice-model v0.1.0
[INFO] [stderr]     Checking tinytemplate v1.2.1
[INFO] [stderr]     Checking criterion v0.3.5
[INFO] [stderr]     Checking hyper v0.14.13
[INFO] [stderr]     Checking hyper-rustls v0.22.1
[INFO] [stderr]     Checking reqwest v0.11.5
[INFO] [stdout] error[E0432]: unresolved import `crate::test_utils`
[INFO] [stdout]  --> src/input/cached/tests.rs:5:5
[INFO] [stdout]   |
[INFO] [stdout] 5 |     test_utils::*,
[INFO] [stdout]   |     ^^^^^^^^^^ could not find `test_utils` in the crate root
[INFO] [stdout] 
[INFO] [stdout] 
[INFO] [stdout] error[E0432]: unresolved import `crate::test_utils`
[INFO] [stdout]    --> src/input/mod.rs:520:16
[INFO] [stdout]     |
[INFO] [stdout] 520 |     use crate::test_utils::*;
[INFO] [stdout]     |                ^^^^^^^^^^ could not find `test_utils` in the crate root
[INFO] [stdout] 
[INFO] [stdout] 
[INFO] [stdout] error[E0432]: unresolved import `utils`
[INFO] [stdout]   --> src/lib.rs:74:5
[INFO] [stdout]    |
[INFO] [stdout] 74 | use utils as test_utils;
[INFO] [stdout]    |     ^^^^^^^^^^^^^^^^^^^ no external crate `utils`
[INFO] [stdout] 
[INFO] [stdout] 
[INFO] [stdout] warning: unused import: `self`
[INFO] [stdout]   --> src/driver/mod.rs:30:14
[INFO] [stdout]    |
[INFO] [stdout] 30 |     tracks::{self, Track, TrackHandle},
[INFO] [stdout]    |              ^^^^
[INFO] [stdout]    |
[INFO] [stdout]    = note: `#[warn(unused_imports)]` on by default
[INFO] [stdout] 
[INFO] [stdout] 
[INFO] [stdout] error[E0425]: cannot find function `make_sine` in this scope
[INFO] [stdout]   --> src/input/cached/tests.rs:13:17
[INFO] [stdout]    |
[INFO] [stdout] 13 |     let input = make_sine(50 * MONO_FRAME_SIZE, true);
[INFO] [stdout]    |                 ^^^^^^^^^ not found in this scope
[INFO] [stdout] 
[INFO] [stdout] 
[INFO] [stdout] error[E0425]: cannot find function `make_sine` in this scope
[INFO] [stdout]   --> src/input/cached/tests.rs:59:16
[INFO] [stdout]    |
[INFO] [stdout] 59 |     let data = make_sine(50 * MONO_FRAME_SIZE, stereo);
[INFO] [stdout]    |                ^^^^^^^^^ not found in this scope
[INFO] [stdout] 
[INFO] [stdout] 
[INFO] [stdout] error[E0425]: cannot find function `make_sine` in this scope
[INFO] [stdout]    --> src/input/mod.rs:524:20
[INFO] [stdout]     |
[INFO] [stdout] 524 |         let data = make_sine(50 * MONO_FRAME_SIZE, false);
[INFO] [stdout]     |                    ^^^^^^^^^ not found in this scope
[INFO] [stdout] 
[INFO] [stdout] 
[INFO] [stdout] error[E0425]: cannot find function `make_sine` in this scope
[INFO] [stdout]    --> src/input/mod.rs:541:20
[INFO] [stdout]     |
[INFO] [stdout] 541 |         let data = make_sine(50 * MONO_FRAME_SIZE, true);
[INFO] [stdout]     |                    ^^^^^^^^^ not found in this scope
[INFO] [stdout] 
[INFO] [stdout] 
[INFO] [stdout] error[E0425]: cannot find function `make_pcm_sine` in this scope
[INFO] [stdout]    --> src/input/mod.rs:558:20
[INFO] [stdout]     |
[INFO] [stdout] 558 |         let data = make_pcm_sine(50 * MONO_FRAME_SIZE, false);
[INFO] [stdout]     |                    ^^^^^^^^^^^^^ not found in this scope
[INFO] [stdout] 
[INFO] [stdout] 
[INFO] [stdout] error[E0425]: cannot find function `make_pcm_sine` in this scope
[INFO] [stdout]    --> src/input/mod.rs:579:20
[INFO] [stdout]     |
[INFO] [stdout] 579 |         let data = make_pcm_sine(50 * MONO_FRAME_SIZE, true);
[INFO] [stdout]     |                    ^^^^^^^^^^^^^ not found in this scope
[INFO] [stdout] 
[INFO] [stdout] 
[INFO] [stdout] warning: unused import: `self`
[INFO] [stdout]   --> src/driver/mod.rs:30:14
[INFO] [stdout]    |
[INFO] [stdout] 30 |     tracks::{self, Track, TrackHandle},
[INFO] [stdout]    |              ^^^^
[INFO] [stdout]    |
[INFO] [stdout]    = note: `#[warn(unused_imports)]` on by default
[INFO] [stdout] 
[INFO] [stdout] 
[INFO] [stdout] error: aborting due to 9 previous errors; 1 warning emitted
[INFO] [stdout] 
[INFO] [stdout] 
[INFO] [stdout] Some errors have detailed explanations: E0425, E0432.
[INFO] [stdout] 
[INFO] [stdout] For more information about an error, try `rustc --explain E0425`.
[INFO] [stdout] 
[INFO] [stderr] error: could not compile `songbird` due to 10 previous errors; 1 warning emitted
[INFO] [stderr] warning: build failed, waiting for other jobs to finish...
[INFO] [stdout] warning: 1 warning emitted
[INFO] [stdout] 
[INFO] [stdout] 
[INFO] [stderr] error: build failed
[INFO] running `Command { std: "docker" "inspect" "a6b1f5f606ecfdaa3a4985c7d883d18b96c98e47d4bb1a38d220f59d26dfa793", kill_on_drop: false }`
[INFO] running `Command { std: "docker" "rm" "-f" "a6b1f5f606ecfdaa3a4985c7d883d18b96c98e47d4bb1a38d220f59d26dfa793", kill_on_drop: false }`
[INFO] [stdout] a6b1f5f606ecfdaa3a4985c7d883d18b96c98e47d4bb1a38d220f59d26dfa793
