[INFO] fetching crate solstice-derive 0.1.0...
[INFO] checking solstice-derive-0.1.0 against beta-2021-10-15 for beta-1.56-3
[INFO] extracting crate solstice-derive 0.1.0 into /workspace/builds/worker-49/source
[INFO] validating manifest of crates.io crate solstice-derive 0.1.0 on toolchain beta-2021-10-15
[INFO] running `Command { std: "/workspace/cargo-home/bin/cargo" "+beta-2021-10-15" "metadata" "--manifest-path" "Cargo.toml" "--no-deps", kill_on_drop: false }`
[INFO] started tweaking crates.io crate solstice-derive 0.1.0
[INFO] finished tweaking crates.io crate solstice-derive 0.1.0
[INFO] tweaked toml for crates.io crate solstice-derive 0.1.0 written to /workspace/builds/worker-49/source/Cargo.toml
[INFO] running `Command { std: "/workspace/cargo-home/bin/cargo" "+beta-2021-10-15" "generate-lockfile" "--manifest-path" "Cargo.toml" "-Zno-index-update", kill_on_drop: false }`
[INFO] running `Command { std: "/workspace/cargo-home/bin/cargo" "+beta-2021-10-15" "fetch" "--manifest-path" "Cargo.toml", kill_on_drop: false }`
[INFO] [stderr]     Blocking waiting for file lock on package cache
[INFO] [stderr]     Blocking waiting for file lock on package cache
[INFO] running `Command { std: "docker" "create" "-v" "/var/lib/crater-agent-workspace/builds/worker-49/target:/opt/rustwide/target:rw,Z" "-v" "/var/lib/crater-agent-workspace/builds/worker-49/source:/opt/rustwide/workdir:ro,Z" "-v" "/var/lib/crater-agent-workspace/cargo-home:/opt/rustwide/cargo-home:ro,Z" "-v" "/var/lib/crater-agent-workspace/rustup-home:/opt/rustwide/rustup-home:ro,Z" "-e" "SOURCE_DIR=/opt/rustwide/workdir" "-e" "CARGO_TARGET_DIR=/opt/rustwide/target" "-e" "CARGO_HOME=/opt/rustwide/cargo-home" "-e" "RUSTUP_HOME=/opt/rustwide/rustup-home" "-w" "/opt/rustwide/workdir" "-m" "1610612736" "--user" "0:0" "--network" "none" "ghcr.io/rust-lang/crates-build-env/linux@sha256:a89201d6b5b9fd45c15d5952ece0a0129e7e80cb26ec023fd59cf09bc26f1604" "/opt/rustwide/cargo-home/bin/cargo" "+beta-2021-10-15" "metadata" "--no-deps" "--format-version=1", kill_on_drop: false }`
[INFO] [stdout] 07bdf2628ce9774d9ffb3ed94629026975ba35d46d3632a9d950e922b83ba5f5
[INFO] running `Command { std: "docker" "start" "-a" "07bdf2628ce9774d9ffb3ed94629026975ba35d46d3632a9d950e922b83ba5f5", kill_on_drop: false }`
[INFO] running `Command { std: "docker" "inspect" "07bdf2628ce9774d9ffb3ed94629026975ba35d46d3632a9d950e922b83ba5f5", kill_on_drop: false }`
[INFO] running `Command { std: "docker" "rm" "-f" "07bdf2628ce9774d9ffb3ed94629026975ba35d46d3632a9d950e922b83ba5f5", kill_on_drop: false }`
[INFO] [stdout] 07bdf2628ce9774d9ffb3ed94629026975ba35d46d3632a9d950e922b83ba5f5
[INFO] running `Command { std: "docker" "create" "-v" "/var/lib/crater-agent-workspace/builds/worker-49/target:/opt/rustwide/target:rw,Z" "-v" "/var/lib/crater-agent-workspace/builds/worker-49/source:/opt/rustwide/workdir:ro,Z" "-v" "/var/lib/crater-agent-workspace/cargo-home:/opt/rustwide/cargo-home:ro,Z" "-v" "/var/lib/crater-agent-workspace/rustup-home:/opt/rustwide/rustup-home:ro,Z" "-e" "SOURCE_DIR=/opt/rustwide/workdir" "-e" "CARGO_TARGET_DIR=/opt/rustwide/target" "-e" "CARGO_INCREMENTAL=0" "-e" "RUST_BACKTRACE=full" "-e" "RUSTFLAGS=--cap-lints=warn" "-e" "CARGO_HOME=/opt/rustwide/cargo-home" "-e" "RUSTUP_HOME=/opt/rustwide/rustup-home" "-w" "/opt/rustwide/workdir" "-m" "1610612736" "--user" "0:0" "--network" "none" "ghcr.io/rust-lang/crates-build-env/linux@sha256:a89201d6b5b9fd45c15d5952ece0a0129e7e80cb26ec023fd59cf09bc26f1604" "/opt/rustwide/cargo-home/bin/cargo" "+beta-2021-10-15" "check" "--frozen" "--all" "--all-targets" "--message-format=json", kill_on_drop: false }`
[INFO] [stdout] ec1035fab90c49425aa47416ae5f8c4ce15a942b4388d1a0d1920bfee98f8d9f
[INFO] running `Command { std: "docker" "start" "-a" "ec1035fab90c49425aa47416ae5f8c4ce15a942b4388d1a0d1920bfee98f8d9f", kill_on_drop: false }`
[INFO] [stderr]     Blocking waiting for file lock on package cache
[INFO] [stderr]    Compiling syn v1.0.80
[INFO] [stderr]     Checking proc-macro2 v1.0.30
[INFO] [stderr]     Checking quote v1.0.10
[INFO] [stderr]     Checking solstice-derive v0.1.0 (/opt/rustwide/workdir)
[INFO] [stdout] error[E0433]: failed to resolve: use of undeclared crate or module `solstice`
[INFO] [stdout]  --> tests/vertex.rs:1:5
[INFO] [stdout]   |
[INFO] [stdout] 1 | use solstice::vertex::{Vertex, VertexFormat};
[INFO] [stdout]   |     ^^^^^^^^ use of undeclared crate or module `solstice`
[INFO] [stdout] 
[INFO] [stdout] 
[INFO] [stdout] error[E0433]: failed to resolve: use of undeclared crate or module `memoffset`
[INFO] [stdout]   --> tests/vertex.rs:21:36
[INFO] [stdout]    |
[INFO] [stdout] 21 |         assert_eq!(binding.offset, memoffset::offset_of!(TestVertex, position));
[INFO] [stdout]    |                                    ^^^^^^^^^ use of undeclared crate or module `memoffset`
[INFO] [stdout] 
[INFO] [stdout] 
[INFO] [stdout] error[E0433]: failed to resolve: use of undeclared crate or module `memoffset`
[INFO] [stdout]   --> tests/vertex.rs:29:36
[INFO] [stdout]    |
[INFO] [stdout] 29 |         assert_eq!(binding.offset, memoffset::offset_of!(TestVertex, alpha));
[INFO] [stdout]    |                                    ^^^^^^^^^ use of undeclared crate or module `memoffset`
[INFO] [stdout] 
[INFO] [stdout] 
[INFO] [stdout] error[E0433]: failed to resolve: use of undeclared crate or module `memoffset`
[INFO] [stdout]   --> tests/vertex.rs:37:36
[INFO] [stdout]    |
[INFO] [stdout] 37 |         assert_eq!(binding.offset, memoffset::offset_of!(TestVertex, uv));
[INFO] [stdout]    |                                    ^^^^^^^^^ use of undeclared crate or module `memoffset`
[INFO] [stdout] 
[INFO] [stdout] 
[INFO] [stdout] error[E0433]: failed to resolve: use of undeclared crate or module `solstice`
[INFO] [stdout]  --> tests/shader.rs:1:5
[INFO] [stdout]   |
[INFO] [stdout] 1 | use solstice::shader::*;
[INFO] [stdout]   |     ^^^^^^^^ use of undeclared crate or module `solstice`
[INFO] [stdout] 
[INFO] [stdout] 
[INFO] [stdout] error[E0432]: unresolved import `solstice`
[INFO] [stdout]  --> tests/shader.rs:2:5
[INFO] [stdout]   |
[INFO] [stdout] 2 | use solstice::ShaderKey;
[INFO] [stdout]   |     ^^^^^^^^ use of undeclared crate or module `solstice`
[INFO] [stdout] 
[INFO] [stdout] 
[INFO] [stdout] error[E0433]: failed to resolve: could not find `solstice` in the list of imported crates
[INFO] [stdout]  --> tests/shader.rs:5:10
[INFO] [stdout]   |
[INFO] [stdout] 5 | #[derive(Shader)]
[INFO] [stdout]   |          ^^^^^^ could not find `solstice` in the list of imported crates
[INFO] [stdout]   |
[INFO] [stdout]   = note: this error originates in the derive macro `Shader` (in Nightly builds, run with -Z macro-backtrace for more info)
[INFO] [stdout] 
[INFO] [stdout] 
[INFO] [stdout] error: cannot find derive macro `Vertex` in this scope
[INFO] [stdout]  --> tests/vertex.rs:6:34
[INFO] [stdout]   |
[INFO] [stdout] 6 |     #[derive(Clone, Copy, Debug, Vertex)]
[INFO] [stdout]   |                                  ^^^^^^
[INFO] [stdout]   |
[INFO] [stdout]   = note: consider importing this derive macro:
[INFO] [stdout]           solstice_derive::Vertex
[INFO] [stdout] 
[INFO] [stdout] 
[INFO] [stdout] error[E0433]: failed to resolve: use of undeclared type `Vertex`
[INFO] [stdout]   --> tests/vertex.rs:13:52
[INFO] [stdout]    |
[INFO] [stdout] 13 |     let bindings: &[VertexFormat] = <TestVertex as Vertex>::build_bindings();
[INFO] [stdout]    |                                                    ^^^^^^ use of undeclared type `Vertex`
[INFO] [stdout] 
[INFO] [stdout] 
[INFO] [stdout] error[E0433]: failed to resolve: use of undeclared crate or module `solstice`
[INFO] [stdout]   --> tests/vertex.rs:22:35
[INFO] [stdout]    |
[INFO] [stdout] 22 |         assert_eq!(binding.atype, solstice::vertex::AttributeType::F32F32F32);
[INFO] [stdout]    |                                   ^^^^^^^^ use of undeclared crate or module `solstice`
[INFO] [stdout] 
[INFO] [stdout] 
[INFO] [stdout] error[E0433]: failed to resolve: use of undeclared crate or module `solstice`
[INFO] [stdout]   --> tests/vertex.rs:30:35
[INFO] [stdout]    |
[INFO] [stdout] 30 |         assert_eq!(binding.atype, solstice::vertex::AttributeType::F32);
[INFO] [stdout]    |                                   ^^^^^^^^ use of undeclared crate or module `solstice`
[INFO] [stdout] 
[INFO] [stdout] 
[INFO] [stdout] error[E0433]: failed to resolve: use of undeclared crate or module `solstice`
[INFO] [stdout]   --> tests/vertex.rs:38:35
[INFO] [stdout]    |
[INFO] [stdout] 38 |         assert_eq!(binding.atype, solstice::vertex::AttributeType::F32F32);
[INFO] [stdout]    |                                   ^^^^^^^^ use of undeclared crate or module `solstice`
[INFO] [stdout] 
[INFO] [stdout] 
[INFO] [stdout] error[E0412]: cannot find type `VertexFormat` in this scope
[INFO] [stdout]   --> tests/vertex.rs:13:21
[INFO] [stdout]    |
[INFO] [stdout] 13 |     let bindings: &[VertexFormat] = <TestVertex as Vertex>::build_bindings();
[INFO] [stdout]    |                     ^^^^^^^^^^^^ not found in this scope
[INFO] [stdout] 
[INFO] [stdout] 
[INFO] [stdout] error[E0433]: failed to resolve: use of undeclared crate or module `solstice`
[INFO] [stdout]   --> tests/shader.rs:32:26
[INFO] [stdout]    |
[INFO] [stdout] 32 |     type Value = Box<dyn solstice::texture::Texture>;
[INFO] [stdout]    |                          ^^^^^^^^ use of undeclared crate or module `solstice`
[INFO] [stdout] 
[INFO] [stdout] 
[INFO] [stdout] error[E0412]: cannot find type `UniformLocation` in this scope
[INFO] [stdout]   --> tests/shader.rs:15:22
[INFO] [stdout]    |
[INFO] [stdout] 14 | struct ShaderProjection {
[INFO] [stdout]    |                        - help: you might be missing a type parameter: `<UniformLocation>`
[INFO] [stdout] 15 |     location: Option<UniformLocation>,
[INFO] [stdout]    |                      ^^^^^^^^^^^^^^^ not found in this scope
[INFO] [stdout] 
[INFO] [stdout] 
[INFO] [stdout] error[E0405]: cannot find trait `UniformTrait` in this scope
[INFO] [stdout]   --> tests/shader.rs:18:6
[INFO] [stdout]    |
[INFO] [stdout] 18 | impl UniformTrait for ShaderProjection {
[INFO] [stdout]    |      ^^^^^^^^^^^^ not found in this scope
[INFO] [stdout] 
[INFO] [stdout] 
[INFO] [stdout] error[E0412]: cannot find type `UniformLocation` in this scope
[INFO] [stdout]   --> tests/shader.rs:22:39
[INFO] [stdout]    |
[INFO] [stdout] 18 | impl UniformTrait for ShaderProjection {
[INFO] [stdout]    |     - help: you might be missing a type parameter: `<UniformLocation>`
[INFO] [stdout] ...
[INFO] [stdout] 22 |     fn get_location(&self) -> Option<&UniformLocation> {
[INFO] [stdout]    |                                       ^^^^^^^^^^^^^^^ not found in this scope
[INFO] [stdout] 
[INFO] [stdout] 
[INFO] [stdout] error[E0412]: cannot find type `UniformLocation` in this scope
[INFO] [stdout]   --> tests/shader.rs:28:22
[INFO] [stdout]    |
[INFO] [stdout] 27 | struct ShaderTex0 {
[INFO] [stdout]    |                  - help: you might be missing a type parameter: `<UniformLocation>`
[INFO] [stdout] 28 |     location: Option<UniformLocation>,
[INFO] [stdout]    |                      ^^^^^^^^^^^^^^^ not found in this scope
[INFO] [stdout] 
[INFO] [stdout] 
[INFO] [stdout] error[E0405]: cannot find trait `UniformTrait` in this scope
[INFO] [stdout]   --> tests/shader.rs:31:6
[INFO] [stdout]    |
[INFO] [stdout] 31 | impl UniformTrait for ShaderTex0 {
[INFO] [stdout]    |      ^^^^^^^^^^^^ not found in this scope
[INFO] [stdout] 
[INFO] [stdout] 
[INFO] [stdout] error[E0412]: cannot find type `UniformLocation` in this scope
[INFO] [stdout]   --> tests/shader.rs:35:39
[INFO] [stdout]    |
[INFO] [stdout] 31 | impl UniformTrait for ShaderTex0 {
[INFO] [stdout]    |     - help: you might be missing a type parameter: `<UniformLocation>`
[INFO] [stdout] ...
[INFO] [stdout] 35 |     fn get_location(&self) -> Option<&UniformLocation> {
[INFO] [stdout]    |                                       ^^^^^^^^^^^^^^^ not found in this scope
[INFO] [stdout] 
[INFO] [stdout] 
[INFO] [stdout] error: aborting due to 10 previous errors
[INFO] [stdout] 
[INFO] [stdout] 
[INFO] [stdout] Some errors have detailed explanations: E0405, E0412, E0432, E0433.
[INFO] [stdout] 
[INFO] [stdout] For more information about an error, try `rustc --explain E0405`.
[INFO] [stdout] 
[INFO] [stderr] error: could not compile `solstice-derive` due to 11 previous errors
[INFO] [stderr] warning: build failed, waiting for other jobs to finish...
[INFO] [stdout] error: aborting due to 10 previous errors
[INFO] [stdout] 
[INFO] [stdout] 
[INFO] [stdout] Some errors have detailed explanations: E0412, E0433.
[INFO] [stdout] 
[INFO] [stdout] For more information about an error, try `rustc --explain E0412`.
[INFO] [stdout] 
[INFO] [stderr] error: build failed
[INFO] running `Command { std: "docker" "inspect" "ec1035fab90c49425aa47416ae5f8c4ce15a942b4388d1a0d1920bfee98f8d9f", kill_on_drop: false }`
[INFO] running `Command { std: "docker" "rm" "-f" "ec1035fab90c49425aa47416ae5f8c4ce15a942b4388d1a0d1920bfee98f8d9f", kill_on_drop: false }`
[INFO] [stdout] ec1035fab90c49425aa47416ae5f8c4ce15a942b4388d1a0d1920bfee98f8d9f
