[INFO] fetching crate solstice-2d 0.2.13...
[INFO] checking solstice-2d-0.2.13 against 1.55.0 for beta-1.56-3
[INFO] extracting crate solstice-2d 0.2.13 into /workspace/builds/worker-81/source
[INFO] validating manifest of crates.io crate solstice-2d 0.2.13 on toolchain 1.55.0
[INFO] running `Command { std: "/workspace/cargo-home/bin/cargo" "+1.55.0" "metadata" "--manifest-path" "Cargo.toml" "--no-deps", kill_on_drop: false }`
[INFO] started tweaking crates.io crate solstice-2d 0.2.13
[INFO] finished tweaking crates.io crate solstice-2d 0.2.13
[INFO] tweaked toml for crates.io crate solstice-2d 0.2.13 written to /workspace/builds/worker-81/source/Cargo.toml
[INFO] crate crates.io crate solstice-2d 0.2.13 already has a lockfile, it will not be regenerated
[INFO] running `Command { std: "/workspace/cargo-home/bin/cargo" "+1.55.0" "fetch" "--manifest-path" "Cargo.toml", kill_on_drop: false }`
[INFO] [stderr]     Blocking waiting for file lock on package cache
[INFO] [stderr]     Blocking waiting for file lock on package cache
[INFO] running `Command { std: "docker" "create" "-v" "/var/lib/crater-agent-workspace/builds/worker-81/target:/opt/rustwide/target:rw,Z" "-v" "/var/lib/crater-agent-workspace/builds/worker-81/source:/opt/rustwide/workdir:ro,Z" "-v" "/var/lib/crater-agent-workspace/cargo-home:/opt/rustwide/cargo-home:ro,Z" "-v" "/var/lib/crater-agent-workspace/rustup-home:/opt/rustwide/rustup-home:ro,Z" "-e" "SOURCE_DIR=/opt/rustwide/workdir" "-e" "CARGO_TARGET_DIR=/opt/rustwide/target" "-e" "CARGO_HOME=/opt/rustwide/cargo-home" "-e" "RUSTUP_HOME=/opt/rustwide/rustup-home" "-w" "/opt/rustwide/workdir" "-m" "1610612736" "--user" "0:0" "--network" "none" "ghcr.io/rust-lang/crates-build-env/linux@sha256:a89201d6b5b9fd45c15d5952ece0a0129e7e80cb26ec023fd59cf09bc26f1604" "/opt/rustwide/cargo-home/bin/cargo" "+1.55.0" "metadata" "--no-deps" "--format-version=1", kill_on_drop: false }`
[INFO] [stdout] 3c35351fb77ac7f9514170d3ad6cfdefe2809319c02f575dc0f2160c8c13dca0
[INFO] running `Command { std: "docker" "start" "-a" "3c35351fb77ac7f9514170d3ad6cfdefe2809319c02f575dc0f2160c8c13dca0", kill_on_drop: false }`
[INFO] running `Command { std: "docker" "inspect" "3c35351fb77ac7f9514170d3ad6cfdefe2809319c02f575dc0f2160c8c13dca0", kill_on_drop: false }`
[INFO] running `Command { std: "docker" "rm" "-f" "3c35351fb77ac7f9514170d3ad6cfdefe2809319c02f575dc0f2160c8c13dca0", kill_on_drop: false }`
[INFO] [stdout] 3c35351fb77ac7f9514170d3ad6cfdefe2809319c02f575dc0f2160c8c13dca0
[INFO] running `Command { std: "docker" "create" "-v" "/var/lib/crater-agent-workspace/builds/worker-81/target:/opt/rustwide/target:rw,Z" "-v" "/var/lib/crater-agent-workspace/builds/worker-81/source:/opt/rustwide/workdir:ro,Z" "-v" "/var/lib/crater-agent-workspace/cargo-home:/opt/rustwide/cargo-home:ro,Z" "-v" "/var/lib/crater-agent-workspace/rustup-home:/opt/rustwide/rustup-home:ro,Z" "-e" "SOURCE_DIR=/opt/rustwide/workdir" "-e" "CARGO_TARGET_DIR=/opt/rustwide/target" "-e" "CARGO_INCREMENTAL=0" "-e" "RUST_BACKTRACE=full" "-e" "RUSTFLAGS=--cap-lints=warn" "-e" "CARGO_HOME=/opt/rustwide/cargo-home" "-e" "RUSTUP_HOME=/opt/rustwide/rustup-home" "-w" "/opt/rustwide/workdir" "-m" "1610612736" "--user" "0:0" "--network" "none" "ghcr.io/rust-lang/crates-build-env/linux@sha256:a89201d6b5b9fd45c15d5952ece0a0129e7e80cb26ec023fd59cf09bc26f1604" "/opt/rustwide/cargo-home/bin/cargo" "+1.55.0" "check" "--frozen" "--all" "--all-targets" "--message-format=json", kill_on_drop: false }`
[INFO] [stdout] ee22152ed9accb8c016a04b275ccce81c91f5f52aea47e646da18f62d1b8e5ee
[INFO] running `Command { std: "docker" "start" "-a" "ee22152ed9accb8c016a04b275ccce81c91f5f52aea47e646da18f62d1b8e5ee", kill_on_drop: false }`
[INFO] [stderr]     Blocking waiting for file lock on package cache
[INFO] [stderr]     Blocking waiting for file lock on package cache
[INFO] [stderr]    Compiling libc v0.2.97
[INFO] [stderr]    Compiling proc-macro2 v1.0.27
[INFO] [stderr]    Compiling xml-rs v0.8.3
[INFO] [stderr]    Compiling pkg-config v0.3.19
[INFO] [stderr]    Compiling crossbeam-utils v0.8.5
[INFO] [stderr]    Compiling crossbeam-epoch v0.9.5
[INFO] [stderr]     Checking smallvec v1.6.1
[INFO] [stderr]    Compiling khronos_api v3.1.0
[INFO] [stderr]    Compiling rayon-core v1.9.1
[INFO] [stderr]     Checking ab_glyph_rasterizer v0.1.4
[INFO] [stderr]    Compiling syn v1.0.73
[INFO] [stderr]    Compiling memchr v2.4.0
[INFO] [stderr]    Compiling getrandom v0.1.16
[INFO] [stderr]     Checking either v1.6.1
[INFO] [stderr]     Checking scoped-tls v1.0.0
[INFO] [stderr]     Checking downcast-rs v1.2.0
[INFO] [stderr]     Checking ttf-parser v0.12.2
[INFO] [stderr]    Compiling nix v0.18.0
[INFO] [stderr]     Checking ttf-parser v0.6.2
[INFO] [stderr]     Checking rawpointer v0.2.1
[INFO] [stderr]     Checking xdg v2.2.0
[INFO] [stderr]    Compiling crc32fast v1.2.1
[INFO] [stderr]     Checking adler32 v1.2.0
[INFO] [stderr]     Checking slab v0.4.3
[INFO] [stderr]    Compiling typenum v1.13.0
[INFO] [stderr]     Checking coord_2d v0.3.1
[INFO] [stderr]     Checking weezl v0.1.5
[INFO] [stderr]     Checking mint v0.5.6
[INFO] [stderr]    Compiling paste v1.0.5
[INFO] [stderr]     Checking lazycell v1.3.0
[INFO] [stderr]    Compiling winit v0.23.0
[INFO] [stderr]     Checking xi-unicode v0.3.0
[INFO] [stderr]    Compiling eyre v0.6.5
[INFO] [stderr]     Checking glow v0.8.1
[INFO] [stderr]     Checking color_quant v1.1.0
[INFO] [stderr]     Checking scoped_threadpool v0.1.9
[INFO] [stderr]     Checking indenter v0.3.3
[INFO] [stderr]     Checking libloading v0.7.0
[INFO] [stderr]     Checking libloading v0.6.7
[INFO] [stderr]     Checking instant v0.1.9
[INFO] [stderr]    Compiling num-traits v0.2.14
[INFO] [stderr]    Compiling memoffset v0.6.4
[INFO] [stderr]    Compiling num-integer v0.1.44
[INFO] [stderr]    Compiling rayon v1.5.1
[INFO] [stderr]    Compiling nom v6.1.2
[INFO] [stderr]    Compiling num-rational v0.3.2
[INFO] [stderr]    Compiling miniz_oxide v0.4.4
[INFO] [stderr]    Compiling slotmap v1.0.3
[INFO] [stderr]     Checking walkdir v2.3.2
[INFO] [stderr]    Compiling num-iter v0.1.42
[INFO] [stderr]     Checking lock_api v0.4.4
[INFO] [stderr]    Compiling log v0.4.14
[INFO] [stderr]     Checking matrixmultiply v0.3.1
[INFO] [stderr]     Checking deflate v0.8.6
[INFO] [stderr]     Checking miniz_oxide v0.3.7
[INFO] [stderr]     Checking direction v0.18.0
[INFO] [stderr]     Checking grid_2d v0.15.0
[INFO] [stderr]     Checking dlib v0.4.2
[INFO] [stderr]     Checking dlib v0.5.0
[INFO] [stderr]     Checking gif v0.11.2
[INFO] [stderr]    Compiling wayland-sys v0.28.5
[INFO] [stderr]    Compiling x11-dl v2.18.5
[INFO] [stderr]     Checking crossbeam-channel v0.5.1
[INFO] [stderr]    Compiling gl_generator v0.14.0
[INFO] [stderr]     Checking png v0.16.8
[INFO] [stderr]    Compiling quote v1.0.9
[INFO] [stderr]     Checking crossbeam-deque v0.8.0
[INFO] [stderr]     Checking owned_ttf_parser v0.6.0
[INFO] [stderr]     Checking owned_ttf_parser v0.12.0
[INFO] [stderr]     Checking approx v0.5.0
[INFO] [stderr]     Checking num-complex v0.3.1
[INFO] [stderr]     Checking num-complex v0.4.0
[INFO] [stderr]     Checking approx v0.4.0
[INFO] [stderr]     Checking ordered-float v2.5.1
[INFO] [stderr]     Checking nix v0.20.0
[INFO] [stderr]     Checking num_cpus v1.13.0
[INFO] [stderr]     Checking net2 v0.2.37
[INFO] [stderr]     Checking iovec v0.1.4
[INFO] [stderr]     Checking getrandom v0.2.3
[INFO] [stderr]     Checking memmap2 v0.1.0
[INFO] [stderr]     Checking parking_lot_core v0.8.3
[INFO] [stderr]     Checking raw-window-handle v0.3.3
[INFO] [stderr]     Checking shared_library v0.1.9
[INFO] [stderr]     Checking rusttype v0.9.2
[INFO] [stderr]     Checking ab_glyph v0.2.11
[INFO] [stderr]    Compiling wayland-scanner v0.28.5
[INFO] [stderr]     Checking osmesa-sys v0.1.2
[INFO] [stderr]    Compiling glutin_glx_sys v0.1.7
[INFO] [stderr]    Compiling glutin_egl_sys v0.1.5
[INFO] [stderr]     Checking rand_core v0.5.1
[INFO] [stderr]     Checking andrew v0.3.1
[INFO] [stderr]     Checking xcursor v0.3.3
[INFO] [stderr]     Checking rand_core v0.6.3
[INFO] [stderr]     Checking mio v0.6.23
[INFO] [stderr]     Checking glyph_brush_layout v0.2.2
[INFO] [stderr]     Checking parking_lot v0.11.1
[INFO] [stderr]     Checking ndarray v0.15.3
[INFO] [stderr]     Checking simba v0.4.0
[INFO] [stderr]     Checking rand_chacha v0.3.1
[INFO] [stderr]     Checking rand_chacha v0.2.2
[INFO] [stderr]     Checking rand v0.7.3
[INFO] [stderr]     Checking rand v0.8.4
[INFO] [stderr]     Checking mio-extras v2.0.6
[INFO] [stderr]    Compiling wayland-client v0.28.5
[INFO] [stderr]    Compiling wayland-protocols v0.28.5
[INFO] [stderr]     Checking calloop v0.6.5
[INFO] [stderr]     Checking wayland-commons v0.28.5
[INFO] [stderr]     Checking wfc v0.10.0
[INFO] [stderr]     Checking twox-hash v1.6.0
[INFO] [stderr]     Checking glyph_brush_draw_cache v0.1.4
[INFO] [stderr]     Checking jpeg-decoder v0.1.22
[INFO] [stderr]    Compiling bytemuck_derive v1.0.1
[INFO] [stderr]    Compiling solstice-derive v0.1.0
[INFO] [stderr]     Checking glyph_brush v0.7.2
[INFO] [stderr]     Checking tiff v0.6.1
[INFO] [stderr]     Checking wayland-cursor v0.28.5
[INFO] [stderr]     Checking wayland-egl v0.28.5
[INFO] [stderr]     Checking bytemuck v1.7.0
[INFO] [stderr]     Checking solstice v0.1.21
[INFO] [stderr]     Checking image v0.23.14
[INFO] [stderr]     Checking nalgebra v0.26.2
[INFO] [stderr]     Checking solstice-2d v0.2.13 (/opt/rustwide/workdir)
[INFO] [stderr]     Checking smithay-client-toolkit v0.12.3
[INFO] [stderr]     Checking glutin v0.25.1
[INFO] [stdout] error[E0433]: failed to resolve: use of undeclared crate or module `rscsg`
[INFO] [stdout]  --> examples/csg.rs:3:5
[INFO] [stdout]   |
[INFO] [stdout] 3 | use rscsg::dim3::*;
[INFO] [stdout]   |     ^^^^^ use of undeclared crate or module `rscsg`
[INFO] [stdout] 
[INFO] [stdout] 
[INFO] [stdout] error[E0433]: failed to resolve: use of undeclared type `Csg`
[INFO] [stdout]   --> examples/csg.rs:14:19
[INFO] [stdout]    |
[INFO] [stdout] 14 |         let csg = Csg::subtract(
[INFO] [stdout]    |                   ^^^ use of undeclared type `Csg`
[INFO] [stdout] 
[INFO] [stdout] 
[INFO] [stdout] error[E0432]: unresolved import `approx`
[INFO] [stdout]    --> src/d2/transforms.rs:158:13
[INFO] [stdout]     |
[INFO] [stdout] 158 |         use approx::*;
[INFO] [stdout]     |             ^^^^^^ use of undeclared crate or module `approx`
[INFO] [stdout] 
[INFO] [stdout] 
[INFO] [stdout] error[E0432]: unresolved import `approx`
[INFO] [stdout]    --> src/d2/transforms.rs:218:13
[INFO] [stdout]     |
[INFO] [stdout] 218 |         use approx::*;
[INFO] [stdout]     |             ^^^^^^ use of undeclared crate or module `approx`
[INFO] [stdout] 
[INFO] [stdout] 
[INFO] [stdout] error[E0433]: failed to resolve: use of undeclared type `Csg`
[INFO] [stdout]   --> examples/csg.rs:15:14
[INFO] [stdout]    |
[INFO] [stdout] 15 |             &Csg::cube(Vector(1., 1., 1.), true),
[INFO] [stdout]    |              ^^^ use of undeclared type `Csg`
[INFO] [stdout] 
[INFO] [stdout] 
[INFO] [stdout] error[E0433]: failed to resolve: use of undeclared type `Csg`
[INFO] [stdout]   --> examples/csg.rs:16:14
[INFO] [stdout]    |
[INFO] [stdout] 16 |             &Csg::cylinder(Vector(-1., 0., 0.), Vector(1., 0., 0.), 0.5, 8),
[INFO] [stdout]    |              ^^^ use of undeclared type `Csg`
[INFO] [stdout] 
[INFO] [stdout] 
[INFO] [stdout] error[E0425]: cannot find function, tuple struct or tuple variant `Vector` in this scope
[INFO] [stdout]   --> examples/csg.rs:15:24
[INFO] [stdout]    |
[INFO] [stdout] 15 |             &Csg::cube(Vector(1., 1., 1.), true),
[INFO] [stdout]    |                        ^^^^^^ not found in this scope
[INFO] [stdout] 
[INFO] [stdout] 
[INFO] [stdout] error[E0425]: cannot find function, tuple struct or tuple variant `Vector` in this scope
[INFO] [stdout]   --> examples/csg.rs:16:28
[INFO] [stdout]    |
[INFO] [stdout] 16 |             &Csg::cylinder(Vector(-1., 0., 0.), Vector(1., 0., 0.), 0.5, 8),
[INFO] [stdout]    |                            ^^^^^^ not found in this scope
[INFO] [stdout] 
[INFO] [stdout] 
[INFO] [stdout] error[E0425]: cannot find function, tuple struct or tuple variant `Vector` in this scope
[INFO] [stdout]   --> examples/csg.rs:16:49
[INFO] [stdout]    |
[INFO] [stdout] 16 |             &Csg::cylinder(Vector(-1., 0., 0.), Vector(1., 0., 0.), 0.5, 8),
[INFO] [stdout]    |                                                 ^^^^^^ not found in this scope
[INFO] [stdout] 
[INFO] [stdout] 
[INFO] [stdout] error[E0531]: cannot find tuple struct or tuple variant `Vector` in this scope
[INFO] [stdout]   --> examples/csg.rs:23:21
[INFO] [stdout]    |
[INFO] [stdout] 23 |                 let Vector(nx, ny, nz) = triangle.normal;
[INFO] [stdout]    |                     ^^^^^^ not found in this scope
[INFO] [stdout] 
[INFO] [stdout] 
[INFO] [stdout] error[E0531]: cannot find tuple struct or tuple variant `Vector` in this scope
[INFO] [stdout]   --> examples/csg.rs:25:25
[INFO] [stdout]    |
[INFO] [stdout] 25 |                     let Vector(x, y, z) = position;
[INFO] [stdout]    |                         ^^^^^^ not found in this scope
[INFO] [stdout] 
[INFO] [stdout] 
[INFO] [stdout] error: cannot find macro `assert_abs_diff_eq` in this scope
[INFO] [stdout]    --> src/d2/transforms.rs:167:9
[INFO] [stdout]     |
[INFO] [stdout] 167 |         assert_abs_diff_eq!([0., -1.], [tx, ty]);
[INFO] [stdout]     |         ^^^^^^^^^^^^^^^^^^
[INFO] [stdout] 
[INFO] [stdout] 
[INFO] [stdout] error: cannot find macro `assert_abs_diff_eq` in this scope
[INFO] [stdout]    --> src/d2/transforms.rs:170:9
[INFO] [stdout]     |
[INFO] [stdout] 170 |         assert_abs_diff_eq!(tx, -px);
[INFO] [stdout]     |         ^^^^^^^^^^^^^^^^^^
[INFO] [stdout] 
[INFO] [stdout] 
[INFO] [stdout] error: cannot find macro `assert_abs_diff_eq` in this scope
[INFO] [stdout]    --> src/d2/transforms.rs:171:9
[INFO] [stdout]     |
[INFO] [stdout] 171 |         assert_abs_diff_eq!(ty, -py);
[INFO] [stdout]     |         ^^^^^^^^^^^^^^^^^^
[INFO] [stdout] 
[INFO] [stdout] 
[INFO] [stdout] error: cannot find macro `assert_abs_diff_eq` in this scope
[INFO] [stdout]    --> src/d2/transforms.rs:175:9
[INFO] [stdout]     |
[INFO] [stdout] 175 |         assert_abs_diff_eq!(tx, 2., epsilon = 0.001);
[INFO] [stdout]     |         ^^^^^^^^^^^^^^^^^^
[INFO] [stdout] 
[INFO] [stdout] 
[INFO] [stdout] error: cannot find macro `assert_abs_diff_eq` in this scope
[INFO] [stdout]    --> src/d2/transforms.rs:176:9
[INFO] [stdout]     |
[INFO] [stdout] 176 |         assert_abs_diff_eq!(ty, -2., epsilon = 0.001);
[INFO] [stdout]     |         ^^^^^^^^^^^^^^^^^^
[INFO] [stdout] 
[INFO] [stdout] 
[INFO] [stdout] error: cannot find macro `assert_abs_diff_eq` in this scope
[INFO] [stdout]    --> src/d2/transforms.rs:179:9
[INFO] [stdout]     |
[INFO] [stdout] 179 |         assert_abs_diff_eq!(tx, -2., epsilon = 0.001);
[INFO] [stdout]     |         ^^^^^^^^^^^^^^^^^^
[INFO] [stdout] 
[INFO] [stdout] 
[INFO] [stdout] error: cannot find macro `assert_abs_diff_eq` in this scope
[INFO] [stdout]    --> src/d2/transforms.rs:180:9
[INFO] [stdout]     |
[INFO] [stdout] 180 |         assert_abs_diff_eq!(ty, -2., epsilon = 0.001);
[INFO] [stdout]     |         ^^^^^^^^^^^^^^^^^^
[INFO] [stdout] 
[INFO] [stdout] 
[INFO] [stdout] error: cannot find macro `assert_abs_diff_eq` in this scope
[INFO] [stdout]    --> src/d2/transforms.rs:183:9
[INFO] [stdout]     |
[INFO] [stdout] 183 |         assert_abs_diff_eq!(tx, -2., epsilon = 0.001);
[INFO] [stdout]     |         ^^^^^^^^^^^^^^^^^^
[INFO] [stdout] 
[INFO] [stdout] 
[INFO] [stdout] error: cannot find macro `assert_abs_diff_eq` in this scope
[INFO] [stdout]    --> src/d2/transforms.rs:184:9
[INFO] [stdout]     |
[INFO] [stdout] 184 |         assert_abs_diff_eq!(ty, 2., epsilon = 0.001);
[INFO] [stdout]     |         ^^^^^^^^^^^^^^^^^^
[INFO] [stdout] 
[INFO] [stdout] 
[INFO] [stdout] error: cannot find macro `assert_abs_diff_eq` in this scope
[INFO] [stdout]    --> src/d2/transforms.rs:187:9
[INFO] [stdout]     |
[INFO] [stdout] 187 |         assert_abs_diff_eq!(tx, 2., epsilon = 0.001);
[INFO] [stdout]     |         ^^^^^^^^^^^^^^^^^^
[INFO] [stdout] 
[INFO] [stdout] 
[INFO] [stdout] error: cannot find macro `assert_abs_diff_eq` in this scope
[INFO] [stdout]    --> src/d2/transforms.rs:188:9
[INFO] [stdout]     |
[INFO] [stdout] 188 |         assert_abs_diff_eq!(ty, 2., epsilon = 0.001);
[INFO] [stdout]     |         ^^^^^^^^^^^^^^^^^^
[INFO] [stdout] 
[INFO] [stdout] 
[INFO] [stdout] error: cannot find macro `assert_abs_diff_eq` in this scope
[INFO] [stdout]    --> src/d2/transforms.rs:223:9
[INFO] [stdout]     |
[INFO] [stdout] 223 |         assert_abs_diff_eq!([1., 1.], t1.transform_point(0., 0.));
[INFO] [stdout]     |         ^^^^^^^^^^^^^^^^^^
[INFO] [stdout] 
[INFO] [stdout] 
[INFO] [stdout] error: cannot find macro `assert_abs_diff_eq` in this scope
[INFO] [stdout]    --> src/d2/transforms.rs:224:9
[INFO] [stdout]     |
[INFO] [stdout] 224 |         assert_abs_diff_eq!([1., -1.], t2.transform_point(1., 1.));
[INFO] [stdout]     |         ^^^^^^^^^^^^^^^^^^
[INFO] [stdout] 
[INFO] [stdout] 
[INFO] [stdout] error: cannot find macro `assert_abs_diff_eq` in this scope
[INFO] [stdout]    --> src/d2/transforms.rs:225:9
[INFO] [stdout]     |
[INFO] [stdout] 225 |         assert_abs_diff_eq!([1., -1.], (t2 * t1).transform_point(0., 0.));
[INFO] [stdout]     |         ^^^^^^^^^^^^^^^^^^
[INFO] [stdout] 
[INFO] [stdout] 
[INFO] [stdout] error: aborting due to 9 previous errors
[INFO] [stdout] 
[INFO] [stdout] 
[INFO] [stdout] Some errors have detailed explanations: E0425, E0433, E0531.
[INFO] [stdout] 
[INFO] [stdout] For more information about an error, try `rustc --explain E0425`.
[INFO] [stdout] 
[INFO] [stderr] error: could not compile `solstice-2d` due to 10 previous errors
[INFO] [stderr] warning: build failed, waiting for other jobs to finish...
[INFO] [stdout] error: aborting due to 16 previous errors
[INFO] [stdout] 
[INFO] [stdout] 
[INFO] [stdout] For more information about this error, try `rustc --explain E0432`.
[INFO] [stdout] 
[INFO] [stderr] error: build failed
[INFO] running `Command { std: "docker" "inspect" "ee22152ed9accb8c016a04b275ccce81c91f5f52aea47e646da18f62d1b8e5ee", kill_on_drop: false }`
[INFO] running `Command { std: "docker" "rm" "-f" "ee22152ed9accb8c016a04b275ccce81c91f5f52aea47e646da18f62d1b8e5ee", kill_on_drop: false }`
[INFO] [stdout] ee22152ed9accb8c016a04b275ccce81c91f5f52aea47e646da18f62d1b8e5ee
