[INFO] fetching crate sodoken 0.0.1-alpha.22...
[INFO] checking sodoken-0.0.1-alpha.22 against 1.55.0 for beta-1.56-3
[INFO] extracting crate sodoken 0.0.1-alpha.22 into /workspace/builds/worker-92/source
[INFO] validating manifest of crates.io crate sodoken 0.0.1-alpha.22 on toolchain 1.55.0
[INFO] running `Command { std: "/workspace/cargo-home/bin/cargo" "+1.55.0" "metadata" "--manifest-path" "Cargo.toml" "--no-deps", kill_on_drop: false }`
[INFO] started tweaking crates.io crate sodoken 0.0.1-alpha.22
[INFO] finished tweaking crates.io crate sodoken 0.0.1-alpha.22
[INFO] tweaked toml for crates.io crate sodoken 0.0.1-alpha.22 written to /workspace/builds/worker-92/source/Cargo.toml
[INFO] running `Command { std: "/workspace/cargo-home/bin/cargo" "+1.55.0" "generate-lockfile" "--manifest-path" "Cargo.toml" "-Zno-index-update", kill_on_drop: false }`
[INFO] [stderr]     Blocking waiting for file lock on package cache
[INFO] running `Command { std: "/workspace/cargo-home/bin/cargo" "+1.55.0" "fetch" "--manifest-path" "Cargo.toml", kill_on_drop: false }`
[INFO] [stderr]  Downloading crates ...
[INFO] [stderr]   Downloaded one_err v0.0.5
[INFO] running `Command { std: "docker" "create" "-v" "/var/lib/crater-agent-workspace/builds/worker-92/target:/opt/rustwide/target:rw,Z" "-v" "/var/lib/crater-agent-workspace/builds/worker-92/source:/opt/rustwide/workdir:ro,Z" "-v" "/var/lib/crater-agent-workspace/cargo-home:/opt/rustwide/cargo-home:ro,Z" "-v" "/var/lib/crater-agent-workspace/rustup-home:/opt/rustwide/rustup-home:ro,Z" "-e" "SOURCE_DIR=/opt/rustwide/workdir" "-e" "CARGO_TARGET_DIR=/opt/rustwide/target" "-e" "CARGO_HOME=/opt/rustwide/cargo-home" "-e" "RUSTUP_HOME=/opt/rustwide/rustup-home" "-w" "/opt/rustwide/workdir" "-m" "1610612736" "--user" "0:0" "--network" "none" "ghcr.io/rust-lang/crates-build-env/linux@sha256:a89201d6b5b9fd45c15d5952ece0a0129e7e80cb26ec023fd59cf09bc26f1604" "/opt/rustwide/cargo-home/bin/cargo" "+1.55.0" "metadata" "--no-deps" "--format-version=1", kill_on_drop: false }`
[INFO] [stdout] ee6095ad4c65a73de9e094d8aa478b674f98ccb96c884936051228fe1a4ab1c3
[INFO] running `Command { std: "docker" "start" "-a" "ee6095ad4c65a73de9e094d8aa478b674f98ccb96c884936051228fe1a4ab1c3", kill_on_drop: false }`
[INFO] running `Command { std: "docker" "inspect" "ee6095ad4c65a73de9e094d8aa478b674f98ccb96c884936051228fe1a4ab1c3", kill_on_drop: false }`
[INFO] running `Command { std: "docker" "rm" "-f" "ee6095ad4c65a73de9e094d8aa478b674f98ccb96c884936051228fe1a4ab1c3", kill_on_drop: false }`
[INFO] [stdout] ee6095ad4c65a73de9e094d8aa478b674f98ccb96c884936051228fe1a4ab1c3
[INFO] running `Command { std: "docker" "create" "-v" "/var/lib/crater-agent-workspace/builds/worker-92/target:/opt/rustwide/target:rw,Z" "-v" "/var/lib/crater-agent-workspace/builds/worker-92/source:/opt/rustwide/workdir:ro,Z" "-v" "/var/lib/crater-agent-workspace/cargo-home:/opt/rustwide/cargo-home:ro,Z" "-v" "/var/lib/crater-agent-workspace/rustup-home:/opt/rustwide/rustup-home:ro,Z" "-e" "SOURCE_DIR=/opt/rustwide/workdir" "-e" "CARGO_TARGET_DIR=/opt/rustwide/target" "-e" "CARGO_INCREMENTAL=0" "-e" "RUST_BACKTRACE=full" "-e" "RUSTFLAGS=--cap-lints=warn" "-e" "CARGO_HOME=/opt/rustwide/cargo-home" "-e" "RUSTUP_HOME=/opt/rustwide/rustup-home" "-w" "/opt/rustwide/workdir" "-m" "1610612736" "--user" "0:0" "--network" "none" "ghcr.io/rust-lang/crates-build-env/linux@sha256:a89201d6b5b9fd45c15d5952ece0a0129e7e80cb26ec023fd59cf09bc26f1604" "/opt/rustwide/cargo-home/bin/cargo" "+1.55.0" "check" "--frozen" "--all" "--all-targets" "--message-format=json", kill_on_drop: false }`
[INFO] [stdout] fc4359b061b3ee6a51f8f40461d23c910d39ba42fc7423cde2de1141f497090b
[INFO] running `Command { std: "docker" "start" "-a" "fc4359b061b3ee6a51f8f40461d23c910d39ba42fc7423cde2de1141f497090b", kill_on_drop: false }`
[INFO] [stderr]     Blocking waiting for file lock on package cache
[INFO] [stderr]    Compiling semver v1.0.4
[INFO] [stderr]    Compiling crossbeam-utils v0.8.5
[INFO] [stderr]    Compiling serde_json v1.0.68
[INFO] [stderr]    Compiling same-file v1.0.6
[INFO] [stderr]    Compiling rayon-core v1.9.1
[INFO] [stderr]     Checking plotters-backend v0.3.2
[INFO] [stderr]     Checking regex-automata v0.1.10
[INFO] [stderr]     Checking half v1.8.0
[INFO] [stderr]     Checking regex-syntax v0.6.25
[INFO] [stderr]     Checking oorandom v11.1.3
[INFO] [stderr]    Compiling tokio v1.12.0
[INFO] [stderr]    Compiling rayon v1.5.1
[INFO] [stderr]     Checking itertools v0.10.1
[INFO] [stderr]     Checking csv-core v0.1.10
[INFO] [stderr]     Checking signal-hook-registry v1.4.0
[INFO] [stderr]     Checking clap v2.33.3
[INFO] [stderr]     Checking mio v0.7.13
[INFO] [stderr]    Compiling tokio-macros v1.5.0
[INFO] [stderr]    Compiling serde_derive v1.0.130
[INFO] [stderr]     Checking plotters-svg v0.3.1
[INFO] [stderr]     Checking bstr v0.2.17
[INFO] [stderr]    Compiling walkdir v2.3.2
[INFO] [stderr]     Checking plotters v0.3.1
[INFO] [stderr]     Checking serde_cbor v0.11.2
[INFO] [stderr]     Checking crossbeam-epoch v0.9.5
[INFO] [stderr]     Checking crossbeam-channel v0.5.1
[INFO] [stderr]     Checking csv v1.1.6
[INFO] [stderr]    Compiling libsodium-sys v0.2.7
[INFO] [stderr]    Compiling rustc_version v0.4.0
[INFO] [stderr]     Checking crossbeam-deque v0.8.1
[INFO] [stderr]     Checking regex v1.5.4
[INFO] [stderr]     Checking one_err v0.0.5
[INFO] [stderr]     Checking tinytemplate v1.2.1
[INFO] [stderr]    Compiling cast v0.2.7
[INFO] [stderr]     Checking criterion-plot v0.4.4
[INFO] [stderr]     Checking criterion v0.3.5
[INFO] [stderr]     Checking sodoken v0.0.1-alpha.22 (/opt/rustwide/workdir)
[INFO] [stdout] error[E0425]: cannot find function `randombytes_buf` in module `sodoken::random`
[INFO] [stdout]   --> benches/random.rs:16:26
[INFO] [stdout]    |
[INFO] [stdout] 16 |         sodoken::random::randombytes_buf(buf).await.unwrap();
[INFO] [stdout]    |                          ^^^^^^^^^^^^^^^ not found in `sodoken::random`
[INFO] [stdout]    |
[INFO] [stdout] help: consider importing this function
[INFO] [stdout]    |
[INFO] [stdout] 1  | use libsodium_sys::randombytes_buf;
[INFO] [stdout]    |
[INFO] [stdout] 
[INFO] [stdout] 
[INFO] [stdout] error[E0425]: cannot find value `SIGN_PUBLICKEYBYTES` in module `sodoken::sign`
[INFO] [stdout]   --> benches/sign.rs:15:49
[INFO] [stdout]    |
[INFO] [stdout] 15 |       pk: sodoken::BufWriteSized<{ sodoken::sign::SIGN_PUBLICKEYBYTES }>,
[INFO] [stdout]    |                                                   ^^^^^^^^^^^^^^^^^^^ help: a constant with a similar name exists: `PUBLICKEYBYTES`
[INFO] [stdout]    | 
[INFO] [stdout]   ::: /opt/rustwide/workdir/src/sign.rs:9:1
[INFO] [stdout]    |
[INFO] [stdout] 9  | / pub const PUBLICKEYBYTES: usize =
[INFO] [stdout] 10 | |     libsodium_sys::crypto_sign_PUBLICKEYBYTES as usize;
[INFO] [stdout]    | |_______________________________________________________- similarly named constant `PUBLICKEYBYTES` defined here
[INFO] [stdout] 
[INFO] [stdout] 
[INFO] [stdout] error[E0425]: cannot find value `SIGN_SECRETKEYBYTES` in module `sodoken::sign`
[INFO] [stdout]   --> benches/sign.rs:16:49
[INFO] [stdout]    |
[INFO] [stdout] 16 |       sk: sodoken::BufWriteSized<{ sodoken::sign::SIGN_SECRETKEYBYTES }>,
[INFO] [stdout]    |                                                   ^^^^^^^^^^^^^^^^^^^ help: a constant with a similar name exists: `SECRETKEYBYTES`
[INFO] [stdout]    | 
[INFO] [stdout]   ::: /opt/rustwide/workdir/src/sign.rs:13:1
[INFO] [stdout]    |
[INFO] [stdout] 13 | / pub const SECRETKEYBYTES: usize =
[INFO] [stdout] 14 | |     libsodium_sys::crypto_sign_SECRETKEYBYTES as usize;
[INFO] [stdout]    | |_______________________________________________________- similarly named constant `SECRETKEYBYTES` defined here
[INFO] [stdout] 
[INFO] [stdout] 
[INFO] [stdout] error[E0425]: cannot find function `sign_keypair` in module `sodoken::sign`
[INFO] [stdout]   --> benches/sign.rs:19:24
[INFO] [stdout]    |
[INFO] [stdout] 19 |           sodoken::sign::sign_keypair(pk, sk).await.unwrap();
[INFO] [stdout]    |                          ^^^^^^^^^^^^ help: a function with a similar name exists: `seed_keypair`
[INFO] [stdout]    | 
[INFO] [stdout]   ::: /opt/rustwide/workdir/src/sign.rs:20:1
[INFO] [stdout]    |
[INFO] [stdout] 20 | / pub async fn seed_keypair<P, S, Seed>(
[INFO] [stdout] 21 | |     pub_key: P,
[INFO] [stdout] 22 | |     sec_key: S,
[INFO] [stdout] 23 | |     seed: Seed,
[INFO] [stdout] ...  |
[INFO] [stdout] 27 | |     S: Into<BufWriteSized<SECRETKEYBYTES>> + 'static + Send,
[INFO] [stdout] 28 | |     Seed: Into<BufReadSized<SEEDBYTES>> + 'static + Send,
[INFO] [stdout]    | |_________________________________________________________- similarly named function `seed_keypair` defined here
[INFO] [stdout] 
[INFO] [stdout] 
[INFO] [stdout] error[E0425]: cannot find value `SIGN_PUBLICKEYBYTES` in module `sodoken::sign`
[INFO] [stdout]   --> benches/sign.rs:24:49
[INFO] [stdout]    |
[INFO] [stdout] 24 |       pk: sodoken::BufWriteSized<{ sodoken::sign::SIGN_PUBLICKEYBYTES }>,
[INFO] [stdout]    |                                                   ^^^^^^^^^^^^^^^^^^^ help: a constant with a similar name exists: `PUBLICKEYBYTES`
[INFO] [stdout]    | 
[INFO] [stdout]   ::: /opt/rustwide/workdir/src/sign.rs:9:1
[INFO] [stdout]    |
[INFO] [stdout] 9  | / pub const PUBLICKEYBYTES: usize =
[INFO] [stdout] 10 | |     libsodium_sys::crypto_sign_PUBLICKEYBYTES as usize;
[INFO] [stdout]    | |_______________________________________________________- similarly named constant `PUBLICKEYBYTES` defined here
[INFO] [stdout] 
[INFO] [stdout] 
[INFO] [stdout] error[E0425]: cannot find value `SIGN_SECRETKEYBYTES` in module `sodoken::sign`
[INFO] [stdout]   --> benches/sign.rs:25:49
[INFO] [stdout]    |
[INFO] [stdout] 25 |       sk: sodoken::BufWriteSized<{ sodoken::sign::SIGN_SECRETKEYBYTES }>,
[INFO] [stdout]    |                                                   ^^^^^^^^^^^^^^^^^^^ help: a constant with a similar name exists: `SECRETKEYBYTES`
[INFO] [stdout]    | 
[INFO] [stdout]   ::: /opt/rustwide/workdir/src/sign.rs:13:1
[INFO] [stdout]    |
[INFO] [stdout] 13 | / pub const SECRETKEYBYTES: usize =
[INFO] [stdout] 14 | |     libsodium_sys::crypto_sign_SECRETKEYBYTES as usize;
[INFO] [stdout]    | |_______________________________________________________- similarly named constant `SECRETKEYBYTES` defined here
[INFO] [stdout] 
[INFO] [stdout] 
[INFO] [stdout] error[E0425]: cannot find value `SIGN_SEEDBYTES` in module `sodoken::sign`
[INFO] [stdout]   --> benches/sign.rs:26:48
[INFO] [stdout]    |
[INFO] [stdout] 26 |     s: sodoken::BufWriteSized<{ sodoken::sign::SIGN_SEEDBYTES }>,
[INFO] [stdout]    |                                                ^^^^^^^^^^^^^^ not found in `sodoken::sign`
[INFO] [stdout] 
[INFO] [stdout] 
[INFO] [stdout] error[E0425]: cannot find function `sign_seed_keypair` in module `sodoken::sign`
[INFO] [stdout]   --> benches/sign.rs:29:24
[INFO] [stdout]    |
[INFO] [stdout] 29 |           sodoken::sign::sign_seed_keypair(pk, sk, s).await.unwrap();
[INFO] [stdout]    |                          ^^^^^^^^^^^^^^^^^ help: a function with a similar name exists: `seed_keypair`
[INFO] [stdout]    | 
[INFO] [stdout]   ::: /opt/rustwide/workdir/src/sign.rs:20:1
[INFO] [stdout]    |
[INFO] [stdout] 20 | / pub async fn seed_keypair<P, S, Seed>(
[INFO] [stdout] 21 | |     pub_key: P,
[INFO] [stdout] 22 | |     sec_key: S,
[INFO] [stdout] 23 | |     seed: Seed,
[INFO] [stdout] ...  |
[INFO] [stdout] 27 | |     S: Into<BufWriteSized<SECRETKEYBYTES>> + 'static + Send,
[INFO] [stdout] 28 | |     Seed: Into<BufReadSized<SEEDBYTES>> + 'static + Send,
[INFO] [stdout]    | |_________________________________________________________- similarly named function `seed_keypair` defined here
[INFO] [stdout] 
[INFO] [stdout] 
[INFO] [stdout] error[E0425]: cannot find value `SIGN_BYTES` in module `sodoken::sign`
[INFO] [stdout]   --> benches/sign.rs:34:50
[INFO] [stdout]    |
[INFO] [stdout] 34 |     sig: sodoken::BufWriteSized<{ sodoken::sign::SIGN_BYTES }>,
[INFO] [stdout]    |                                                  ^^^^^^^^^^ not found in `sodoken::sign`
[INFO] [stdout] 
[INFO] [stdout] 
[INFO] [stdout] error[E0425]: cannot find value `SIGN_SECRETKEYBYTES` in module `sodoken::sign`
[INFO] [stdout]   --> benches/sign.rs:36:49
[INFO] [stdout]    |
[INFO] [stdout] 36 |       sk: sodoken::BufWriteSized<{ sodoken::sign::SIGN_SECRETKEYBYTES }>,
[INFO] [stdout]    |                                                   ^^^^^^^^^^^^^^^^^^^ help: a constant with a similar name exists: `SECRETKEYBYTES`
[INFO] [stdout]    | 
[INFO] [stdout]   ::: /opt/rustwide/workdir/src/sign.rs:13:1
[INFO] [stdout]    |
[INFO] [stdout] 13 | / pub const SECRETKEYBYTES: usize =
[INFO] [stdout] 14 | |     libsodium_sys::crypto_sign_SECRETKEYBYTES as usize;
[INFO] [stdout]    | |_______________________________________________________- similarly named constant `SECRETKEYBYTES` defined here
[INFO] [stdout] 
[INFO] [stdout] 
[INFO] [stdout] error[E0425]: cannot find function `sign_detached` in module `sodoken::sign`
[INFO] [stdout]   --> benches/sign.rs:39:24
[INFO] [stdout]    |
[INFO] [stdout] 39 |         sodoken::sign::sign_detached(sig, msg, sk).await.unwrap();
[INFO] [stdout]    |                        ^^^^^^^^^^^^^ not found in `sodoken::sign`
[INFO] [stdout] 
[INFO] [stdout] 
[INFO] [stdout] error[E0425]: cannot find value `SIGN_BYTES` in module `sodoken::sign`
[INFO] [stdout]   --> benches/sign.rs:44:50
[INFO] [stdout]    |
[INFO] [stdout] 44 |     sig: sodoken::BufWriteSized<{ sodoken::sign::SIGN_BYTES }>,
[INFO] [stdout]    |                                                  ^^^^^^^^^^ not found in `sodoken::sign`
[INFO] [stdout] 
[INFO] [stdout] 
[INFO] [stdout] error[E0425]: cannot find value `SIGN_PUBLICKEYBYTES` in module `sodoken::sign`
[INFO] [stdout]   --> benches/sign.rs:46:49
[INFO] [stdout]    |
[INFO] [stdout] 46 |       pk: sodoken::BufWriteSized<{ sodoken::sign::SIGN_PUBLICKEYBYTES }>,
[INFO] [stdout]    |                                                   ^^^^^^^^^^^^^^^^^^^ help: a constant with a similar name exists: `PUBLICKEYBYTES`
[INFO] [stdout]    | 
[INFO] [stdout]   ::: /opt/rustwide/workdir/src/sign.rs:9:1
[INFO] [stdout]    |
[INFO] [stdout] 9  | / pub const PUBLICKEYBYTES: usize =
[INFO] [stdout] 10 | |     libsodium_sys::crypto_sign_PUBLICKEYBYTES as usize;
[INFO] [stdout]    | |_______________________________________________________- similarly named constant `PUBLICKEYBYTES` defined here
[INFO] [stdout] 
[INFO] [stdout] 
[INFO] [stdout] error[E0425]: cannot find function `sign_verify_detached` in module `sodoken::sign`
[INFO] [stdout]    --> benches/sign.rs:49:24
[INFO] [stdout]     |
[INFO] [stdout] 49  |           sodoken::sign::sign_verify_detached(sig, msg, pk)
[INFO] [stdout]     |                          ^^^^^^^^^^^^^^^^^^^^ help: a function with a similar name exists: `verify_detached`
[INFO] [stdout]     | 
[INFO] [stdout]    ::: /opt/rustwide/workdir/src/sign.rs:104:1
[INFO] [stdout]     |
[INFO] [stdout] 104 | / pub async fn verify_detached<Sig, M, P>(
[INFO] [stdout] 105 | |     signature: Sig,
[INFO] [stdout] 106 | |     message: M,
[INFO] [stdout] 107 | |     pub_key: P,
[INFO] [stdout] ...   |
[INFO] [stdout] 111 | |     M: Into<BufRead> + 'static + Send,
[INFO] [stdout] 112 | |     P: Into<BufReadSized<PUBLICKEYBYTES>> + 'static + Send,
[INFO] [stdout]     | |___________________________________________________________- similarly named function `verify_detached` defined here
[INFO] [stdout] 
[INFO] [stdout] 
[INFO] [stdout] error[E0425]: cannot find function `sign_keypair` in module `sodoken::sign`
[INFO] [stdout]   --> benches/sign.rs:93:42
[INFO] [stdout]    |
[INFO] [stdout] 93 |                   let fut = sodoken::sign::sign_keypair(pk.clone(), sk.clone());
[INFO] [stdout]    |                                            ^^^^^^^^^^^^
[INFO] [stdout]    | 
[INFO] [stdout]   ::: /opt/rustwide/workdir/src/sign.rs:20:1
[INFO] [stdout]    |
[INFO] [stdout] 20 | / pub async fn seed_keypair<P, S, Seed>(
[INFO] [stdout] 21 | |     pub_key: P,
[INFO] [stdout] 22 | |     sec_key: S,
[INFO] [stdout] 23 | |     seed: Seed,
[INFO] [stdout] ...  |
[INFO] [stdout] 27 | |     S: Into<BufWriteSized<SECRETKEYBYTES>> + 'static + Send,
[INFO] [stdout] 28 | |     Seed: Into<BufReadSized<SEEDBYTES>> + 'static + Send,
[INFO] [stdout]    | |_________________________________________________________- similarly named function `seed_keypair` defined here
[INFO] [stdout]    |
[INFO] [stdout] help: a function with a similar name exists
[INFO] [stdout]    |
[INFO] [stdout] 93 |                 let fut = sodoken::sign::seed_keypair(pk.clone(), sk.clone());
[INFO] [stdout]    |                                          ^^^^^^^^^^^^
[INFO] [stdout] help: consider importing this function
[INFO] [stdout]    |
[INFO] [stdout] 1  | use crate::sign_keypair;
[INFO] [stdout]    |
[INFO] [stdout] 
[INFO] [stdout] 
[INFO] [stdout] error[E0425]: cannot find function `sign_keypair` in module `sodoken::sign`
[INFO] [stdout]    --> benches/sign.rs:119:42
[INFO] [stdout]     |
[INFO] [stdout] 119 |                   let fut = sodoken::sign::sign_keypair(pk.clone(), sk.clone());
[INFO] [stdout]     |                                            ^^^^^^^^^^^^
[INFO] [stdout]     | 
[INFO] [stdout]    ::: /opt/rustwide/workdir/src/sign.rs:20:1
[INFO] [stdout]     |
[INFO] [stdout] 20  | / pub async fn seed_keypair<P, S, Seed>(
[INFO] [stdout] 21  | |     pub_key: P,
[INFO] [stdout] 22  | |     sec_key: S,
[INFO] [stdout] 23  | |     seed: Seed,
[INFO] [stdout] ...   |
[INFO] [stdout] 27  | |     S: Into<BufWriteSized<SECRETKEYBYTES>> + 'static + Send,
[INFO] [stdout] 28  | |     Seed: Into<BufReadSized<SEEDBYTES>> + 'static + Send,
[INFO] [stdout]     | |_________________________________________________________- similarly named function `seed_keypair` defined here
[INFO] [stdout]     |
[INFO] [stdout] help: a function with a similar name exists
[INFO] [stdout]     |
[INFO] [stdout] 119 |                 let fut = sodoken::sign::seed_keypair(pk.clone(), sk.clone());
[INFO] [stdout]     |                                          ^^^^^^^^^^^^
[INFO] [stdout] help: consider importing this function
[INFO] [stdout]     |
[INFO] [stdout] 1   | use crate::sign_keypair;
[INFO] [stdout]     |
[INFO] [stdout] 
[INFO] [stdout] 
[INFO] [stdout] error[E0425]: cannot find function `sign_detached` in module `sodoken::sign`
[INFO] [stdout]    --> benches/sign.rs:124:36
[INFO] [stdout]     |
[INFO] [stdout] 124 |                     sodoken::sign::sign_detached(sig.clone(), msg.clone(), sk);
[INFO] [stdout]     |                                    ^^^^^^^^^^^^^ not found in `sodoken::sign`
[INFO] [stdout]     |
[INFO] [stdout] help: consider importing this function
[INFO] [stdout]     |
[INFO] [stdout] 1   | use crate::sign_detached;
[INFO] [stdout]     |
[INFO] [stdout] 
[INFO] [stdout] 
[INFO] [stdout] error[E0433]: failed to resolve: could not find `blake2b` in `sodoken`
[INFO] [stdout]   --> benches/blake2b.rs:16:18
[INFO] [stdout]    |
[INFO] [stdout] 16 |         sodoken::blake2b::hash(hash, data).await.unwrap();
[INFO] [stdout]    |                  ^^^^^^^ could not find `blake2b` in `sodoken`
[INFO] [stdout] 
[INFO] [stdout] 
[INFO] [stdout] error[E0433]: failed to resolve: could not find `blake2b` in `sodoken`
[INFO] [stdout]   --> benches/blake2b.rs:32:61
[INFO] [stdout]    |
[INFO] [stdout] 32 |                     sodoken::BufWrite::new_no_lock(sodoken::blake2b::BYTES_MIN);
[INFO] [stdout]    |                                                             ^^^^^^^ could not find `blake2b` in `sodoken`
[INFO] [stdout] 
[INFO] [stdout] 
[INFO] [stdout] error: aborting due to previous error
[INFO] [stdout] 
[INFO] [stdout] 
[INFO] [stdout] For more information about this error, try `rustc --explain E0425`.
[INFO] [stdout] 
[INFO] [stderr] error: could not compile `sodoken` due to 2 previous errors
[INFO] [stderr] warning: build failed, waiting for other jobs to finish...
[INFO] [stdout] error: aborting due to 16 previous errors
[INFO] [stdout] 
[INFO] [stdout] 
[INFO] [stdout] For more information about this error, try `rustc --explain E0425`.
[INFO] [stdout] 
[INFO] [stdout] error: aborting due to 2 previous errors
[INFO] [stdout] 
[INFO] [stdout] 
[INFO] [stdout] For more information about this error, try `rustc --explain E0433`.
[INFO] [stdout] 
[INFO] [stderr] error: build failed
[INFO] running `Command { std: "docker" "inspect" "fc4359b061b3ee6a51f8f40461d23c910d39ba42fc7423cde2de1141f497090b", kill_on_drop: false }`
[INFO] running `Command { std: "docker" "rm" "-f" "fc4359b061b3ee6a51f8f40461d23c910d39ba42fc7423cde2de1141f497090b", kill_on_drop: false }`
[INFO] [stdout] fc4359b061b3ee6a51f8f40461d23c910d39ba42fc7423cde2de1141f497090b
