[INFO] fetching crate sn_farming 0.1.0...
[INFO] checking sn_farming-0.1.0 against beta-2021-10-15 for beta-1.56-3
[INFO] extracting crate sn_farming 0.1.0 into /workspace/builds/worker-53/source
[INFO] validating manifest of crates.io crate sn_farming 0.1.0 on toolchain beta-2021-10-15
[INFO] running `Command { std: "/workspace/cargo-home/bin/cargo" "+beta-2021-10-15" "metadata" "--manifest-path" "Cargo.toml" "--no-deps", kill_on_drop: false }`
[INFO] started tweaking crates.io crate sn_farming 0.1.0
[INFO] finished tweaking crates.io crate sn_farming 0.1.0
[INFO] tweaked toml for crates.io crate sn_farming 0.1.0 written to /workspace/builds/worker-53/source/Cargo.toml
[INFO] running `Command { std: "/workspace/cargo-home/bin/cargo" "+beta-2021-10-15" "generate-lockfile" "--manifest-path" "Cargo.toml" "-Zno-index-update", kill_on_drop: false }`
[INFO] [stderr]     Blocking waiting for file lock on package cache
[INFO] running `Command { std: "/workspace/cargo-home/bin/cargo" "+beta-2021-10-15" "fetch" "--manifest-path" "Cargo.toml", kill_on_drop: false }`
[INFO] [stderr]     Blocking waiting for file lock on package cache
[INFO] running `Command { std: "docker" "create" "-v" "/var/lib/crater-agent-workspace/builds/worker-53/target:/opt/rustwide/target:rw,Z" "-v" "/var/lib/crater-agent-workspace/builds/worker-53/source:/opt/rustwide/workdir:ro,Z" "-v" "/var/lib/crater-agent-workspace/cargo-home:/opt/rustwide/cargo-home:ro,Z" "-v" "/var/lib/crater-agent-workspace/rustup-home:/opt/rustwide/rustup-home:ro,Z" "-e" "SOURCE_DIR=/opt/rustwide/workdir" "-e" "CARGO_TARGET_DIR=/opt/rustwide/target" "-e" "CARGO_HOME=/opt/rustwide/cargo-home" "-e" "RUSTUP_HOME=/opt/rustwide/rustup-home" "-w" "/opt/rustwide/workdir" "-m" "1610612736" "--user" "0:0" "--network" "none" "ghcr.io/rust-lang/crates-build-env/linux@sha256:a89201d6b5b9fd45c15d5952ece0a0129e7e80cb26ec023fd59cf09bc26f1604" "/opt/rustwide/cargo-home/bin/cargo" "+beta-2021-10-15" "metadata" "--no-deps" "--format-version=1", kill_on_drop: false }`
[INFO] [stdout] 50d70962d0e393c90a5de52a8db68c4b275254e9028f03fadcf0c21cfd72a07d
[INFO] running `Command { std: "docker" "start" "-a" "50d70962d0e393c90a5de52a8db68c4b275254e9028f03fadcf0c21cfd72a07d", kill_on_drop: false }`
[INFO] running `Command { std: "docker" "inspect" "50d70962d0e393c90a5de52a8db68c4b275254e9028f03fadcf0c21cfd72a07d", kill_on_drop: false }`
[INFO] running `Command { std: "docker" "rm" "-f" "50d70962d0e393c90a5de52a8db68c4b275254e9028f03fadcf0c21cfd72a07d", kill_on_drop: false }`
[INFO] [stdout] 50d70962d0e393c90a5de52a8db68c4b275254e9028f03fadcf0c21cfd72a07d
[INFO] running `Command { std: "docker" "create" "-v" "/var/lib/crater-agent-workspace/builds/worker-53/target:/opt/rustwide/target:rw,Z" "-v" "/var/lib/crater-agent-workspace/builds/worker-53/source:/opt/rustwide/workdir:ro,Z" "-v" "/var/lib/crater-agent-workspace/cargo-home:/opt/rustwide/cargo-home:ro,Z" "-v" "/var/lib/crater-agent-workspace/rustup-home:/opt/rustwide/rustup-home:ro,Z" "-e" "SOURCE_DIR=/opt/rustwide/workdir" "-e" "CARGO_TARGET_DIR=/opt/rustwide/target" "-e" "CARGO_INCREMENTAL=0" "-e" "RUST_BACKTRACE=full" "-e" "RUSTFLAGS=--cap-lints=warn" "-e" "CARGO_HOME=/opt/rustwide/cargo-home" "-e" "RUSTUP_HOME=/opt/rustwide/rustup-home" "-w" "/opt/rustwide/workdir" "-m" "1610612736" "--user" "0:0" "--network" "none" "ghcr.io/rust-lang/crates-build-env/linux@sha256:a89201d6b5b9fd45c15d5952ece0a0129e7e80cb26ec023fd59cf09bc26f1604" "/opt/rustwide/cargo-home/bin/cargo" "+beta-2021-10-15" "check" "--frozen" "--all" "--all-targets" "--message-format=json", kill_on_drop: false }`
[INFO] [stdout] 3f3d916ff1a4fb4a3b15838b336f726e9b64efe6e433a516a98f05fc088433ce
[INFO] running `Command { std: "docker" "start" "-a" "3f3d916ff1a4fb4a3b15838b336f726e9b64efe6e433a516a98f05fc088433ce", kill_on_drop: false }`
[INFO] [stderr]     Blocking waiting for file lock on package cache
[INFO] [stderr]    Compiling getrandom v0.1.16
[INFO] [stderr]    Compiling crossbeam-utils v0.8.5
[INFO] [stderr]    Compiling crunchy v0.2.2
[INFO] [stderr]    Compiling tiny-keccak v2.0.2
[INFO] [stderr]    Compiling crossbeam-epoch v0.9.5
[INFO] [stderr]    Compiling data-encoding v2.3.2
[INFO] [stderr]     Checking either v1.6.1
[INFO] [stderr]    Compiling rayon-core v1.9.1
[INFO] [stderr]     Checking signature v1.3.1
[INFO] [stderr]     Checking radium v0.3.0
[INFO] [stderr]     Checking base-x v0.2.8
[INFO] [stderr]     Checking hex_fmt v0.3.0
[INFO] [stderr]    Compiling num-integer v0.1.44
[INFO] [stderr]    Compiling num-bigint v0.2.6
[INFO] [stderr]    Compiling memoffset v0.6.4
[INFO] [stderr]    Compiling rayon v1.5.1
[INFO] [stderr]    Compiling num-traits v0.2.14
[INFO] [stderr]     Checking block-buffer v0.7.3
[INFO] [stderr]    Compiling serde_derive v1.0.130
[INFO] [stderr]     Checking env_logger v0.7.1
[INFO] [stderr]    Compiling thiserror-impl v1.0.30
[INFO] [stderr]     Checking sha2 v0.9.8
[INFO] [stderr]    Compiling zeroize_derive v1.2.0
[INFO] [stderr]     Checking failure v0.1.8
[INFO] [stderr]     Checking bitvec v0.17.4
[INFO] [stderr]     Checking sha3 v0.8.2
[INFO] [stderr]    Compiling data-encoding-macro-internal v0.1.10
[INFO] [stderr]     Checking rand_core v0.5.1
[INFO] [stderr]     Checking tiny-keccak v1.5.0
[INFO] [stderr]     Checking zeroize v1.4.2
[INFO] [stderr]     Checking thiserror v1.0.30
[INFO] [stderr]     Checking serde v1.0.130
[INFO] [stderr]     Checking data-encoding-macro v0.1.12
[INFO] [stderr]     Checking crossbeam-channel v0.5.1
[INFO] [stderr]     Checking rand_chacha v0.2.2
[INFO] [stderr]     Checking rand_xorshift v0.2.0
[INFO] [stderr]     Checking rand v0.7.3
[INFO] [stderr]     Checking curve25519-dalek v3.2.0
[INFO] [stderr]     Checking multibase v0.8.0
[INFO] [stderr]     Checking crossbeam-deque v0.8.1
[INFO] [stderr]     Checking quickcheck v0.9.2
[INFO] [stderr]    Compiling ff_derive v0.6.0
[INFO] [stderr]     Checking ed25519 v1.2.0
[INFO] [stderr]     Checking serde_bytes v0.11.5
[INFO] [stderr]     Checking xor_name v1.3.0
[INFO] [stderr]     Checking bincode v1.2.1
[INFO] [stderr]     Checking crdts v4.3.0
[INFO] [stderr]     Checking ed25519-dalek v1.0.1
[INFO] [stderr]     Checking ff v0.6.0
[INFO] [stderr]     Checking group v0.6.0
[INFO] [stderr]     Checking pairing v0.16.0
[INFO] [stderr]     Checking threshold_crypto v0.4.0
[INFO] [stderr]     Checking sn_data_types v0.11.42
[INFO] [stderr]     Checking sn_farming v0.1.0 (/opt/rustwide/workdir)
[INFO] [stdout] error[E0432]: unresolved imports `sn_data_types::AccountId`, `sn_data_types::RewardCounter`, `sn_data_types::Work`
[INFO] [stdout]   --> src/lib.rs:38:21
[INFO] [stdout]    |
[INFO] [stdout] 38 | use sn_data_types::{AccountId, Money, RewardCounter, Work};
[INFO] [stdout]    |                     ^^^^^^^^^         ^^^^^^^^^^^^^  ^^^^ no `Work` in the root
[INFO] [stdout]    |                     |                 |
[INFO] [stdout]    |                     |                 no `RewardCounter` in the root
[INFO] [stdout]    |                     no `AccountId` in the root
[INFO] [stdout]    |                     help: a similar name exists in the module: `Account`
[INFO] [stdout] 
[INFO] [stdout] 
[INFO] [stdout] error[E0432]: unresolved imports `sn_data_types::RewardCounter`, `sn_data_types::Work`
[INFO] [stdout]   --> src/accumulation.rs:11:43
[INFO] [stdout]    |
[INFO] [stdout] 11 | use sn_data_types::{Error, Money, Result, RewardCounter, Work};
[INFO] [stdout]    |                                           ^^^^^^^^^^^^^  ^^^^ no `Work` in the root
[INFO] [stdout]    |                                           |
[INFO] [stdout]    |                                           no `RewardCounter` in the root
[INFO] [stdout] 
[INFO] [stdout] 
[INFO] [stdout] error[E0432]: unresolved imports `sn_data_types::AccountId`, `sn_data_types::Work`
[INFO] [stdout]   --> src/calculation.rs:10:21
[INFO] [stdout]    |
[INFO] [stdout] 10 | use sn_data_types::{AccountId, Money, Work};
[INFO] [stdout]    |                     ^^^^^^^^^         ^^^^ no `Work` in the root
[INFO] [stdout]    |                     |
[INFO] [stdout]    |                     no `AccountId` in the root
[INFO] [stdout]    |                     help: a similar name exists in the module: `Account`
[INFO] [stdout] 
[INFO] [stdout] 
[INFO] [stdout] error[E0432]: unresolved import `sn_data_types::RewardCounter`
[INFO] [stdout]   --> src/utils.rs:10:43
[INFO] [stdout]    |
[INFO] [stdout] 10 | use sn_data_types::{Error, Money, Result, RewardCounter};
[INFO] [stdout]    |                                           ^^^^^^^^^^^^^ no `RewardCounter` in the root
[INFO] [stdout] 
[INFO] [stdout] 
[INFO] [stdout] error[E0432]: unresolved imports `sn_data_types::RewardCounter`, `sn_data_types::Work`
[INFO] [stdout]   --> src/example.rs:11:29
[INFO] [stdout]    |
[INFO] [stdout] 11 | use sn_data_types::{Result, RewardCounter, Work};
[INFO] [stdout]    |                             ^^^^^^^^^^^^^  ^^^^ no `Work` in the root
[INFO] [stdout]    |                             |
[INFO] [stdout]    |                             no `RewardCounter` in the root
[INFO] [stdout] 
[INFO] [stdout] 
[INFO] [stdout] error[E0432]: unresolved imports `sn_data_types::AccountId`, `sn_data_types::RewardCounter`, `sn_data_types::Work`
[INFO] [stdout]   --> src/lib.rs:38:21
[INFO] [stdout]    |
[INFO] [stdout] 38 | use sn_data_types::{AccountId, Money, RewardCounter, Work};
[INFO] [stdout]    |                     ^^^^^^^^^         ^^^^^^^^^^^^^  ^^^^ no `Work` in the root
[INFO] [stdout]    |                     |                 |
[INFO] [stdout]    |                     |                 no `RewardCounter` in the root
[INFO] [stdout]    |                     no `AccountId` in the root
[INFO] [stdout]    |                     help: a similar name exists in the module: `Account`
[INFO] [stdout] 
[INFO] [stdout] 
[INFO] [stdout] error[E0432]: unresolved imports `sn_data_types::RewardCounter`, `sn_data_types::Work`
[INFO] [stdout]   --> src/accumulation.rs:11:43
[INFO] [stdout]    |
[INFO] [stdout] 11 | use sn_data_types::{Error, Money, Result, RewardCounter, Work};
[INFO] [stdout]    |                                           ^^^^^^^^^^^^^  ^^^^ no `Work` in the root
[INFO] [stdout]    |                                           |
[INFO] [stdout]    |                                           no `RewardCounter` in the root
[INFO] [stdout] 
[INFO] [stdout] 
[INFO] [stdout] error[E0432]: unresolved imports `sn_data_types::AccountId`, `sn_data_types::Work`
[INFO] [stdout]   --> src/calculation.rs:10:21
[INFO] [stdout]    |
[INFO] [stdout] 10 | use sn_data_types::{AccountId, Money, Work};
[INFO] [stdout]    |                     ^^^^^^^^^         ^^^^ no `Work` in the root
[INFO] [stdout]    |                     |
[INFO] [stdout]    |                     no `AccountId` in the root
[INFO] [stdout]    |                     help: a similar name exists in the module: `Account`
[INFO] [stdout] 
[INFO] [stdout] 
[INFO] [stdout] error[E0432]: unresolved import `sn_data_types::RewardCounter`
[INFO] [stdout]   --> src/utils.rs:10:43
[INFO] [stdout]    |
[INFO] [stdout] 10 | use sn_data_types::{Error, Money, Result, RewardCounter};
[INFO] [stdout]    |                                           ^^^^^^^^^^^^^ no `RewardCounter` in the root
[INFO] [stdout] 
[INFO] [stdout] 
[INFO] [stdout] error[E0432]: unresolved imports `sn_data_types::RewardCounter`, `sn_data_types::Work`
[INFO] [stdout]   --> src/example.rs:11:29
[INFO] [stdout]    |
[INFO] [stdout] 11 | use sn_data_types::{Result, RewardCounter, Work};
[INFO] [stdout]    |                             ^^^^^^^^^^^^^  ^^^^ no `Work` in the root
[INFO] [stdout]    |                             |
[INFO] [stdout]    |                             no `RewardCounter` in the root
[INFO] [stdout] 
[INFO] [stdout] 
[INFO] [stdout] error[E0599]: the method `par_iter_mut` exists for struct `Vec<FarmingSystem<calculation::StorageRewards>>`, but its trait bounds were not satisfied
[INFO] [stdout]    --> src/example.rs:363:14
[INFO] [stdout]     |
[INFO] [stdout] 363 |               .par_iter_mut()
[INFO] [stdout]     |                ^^^^^^^^^^^^
[INFO] [stdout]     |
[INFO] [stdout]     = note: the following trait bounds were not satisfied:
[INFO] [stdout]             `&mut Vec<FarmingSystem<calculation::StorageRewards>>: IntoParallelIterator`
[INFO] [stdout]             which is required by `Vec<FarmingSystem<calculation::StorageRewards>>: rayon::iter::IntoParallelRefMutIterator`
[INFO] [stdout]             `&mut [FarmingSystem<calculation::StorageRewards>]: IntoParallelIterator`
[INFO] [stdout]             which is required by `[FarmingSystem<calculation::StorageRewards>]: rayon::iter::IntoParallelRefMutIterator`
[INFO] [stdout] 
[INFO] [stdout] 
[INFO] [stdout] error[E0599]: the method `par_iter_mut` exists for struct `Vec<FarmingSystem<calculation::StorageRewards>>`, but its trait bounds were not satisfied
[INFO] [stdout]    --> src/example.rs:363:14
[INFO] [stdout]     |
[INFO] [stdout] 363 |               .par_iter_mut()
[INFO] [stdout]     |                ^^^^^^^^^^^^
[INFO] [stdout]     |
[INFO] [stdout]     = note: the following trait bounds were not satisfied:
[INFO] [stdout]             `&mut Vec<FarmingSystem<calculation::StorageRewards>>: IntoParallelIterator`
[INFO] [stdout]             which is required by `Vec<FarmingSystem<calculation::StorageRewards>>: rayon::iter::IntoParallelRefMutIterator`
[INFO] [stdout]             `&mut [FarmingSystem<calculation::StorageRewards>]: IntoParallelIterator`
[INFO] [stdout]             which is required by `[FarmingSystem<calculation::StorageRewards>]: rayon::iter::IntoParallelRefMutIterator`
[INFO] [stdout] 
[INFO] [stdout] 
[INFO] [stdout] error[E0599]: the method `par_iter_mut` exists for mutable reference `&mut Vec<FarmingSystem<calculation::StorageRewards>>`, but its trait bounds were not satisfied
[INFO] [stdout]    --> src/example.rs:398:18
[INFO] [stdout]     |
[INFO] [stdout] 398 |                   .par_iter_mut()
[INFO] [stdout]     |                    ^^^^^^^^^^^^
[INFO] [stdout]     |
[INFO] [stdout]     = note: the following trait bounds were not satisfied:
[INFO] [stdout]             `&mut Vec<FarmingSystem<calculation::StorageRewards>>: IntoParallelIterator`
[INFO] [stdout]             which is required by `Vec<FarmingSystem<calculation::StorageRewards>>: rayon::iter::IntoParallelRefMutIterator`
[INFO] [stdout]             `&mut &mut Vec<FarmingSystem<calculation::StorageRewards>>: IntoParallelIterator`
[INFO] [stdout]             which is required by `&mut Vec<FarmingSystem<calculation::StorageRewards>>: rayon::iter::IntoParallelRefMutIterator`
[INFO] [stdout]             `&mut [FarmingSystem<calculation::StorageRewards>]: IntoParallelIterator`
[INFO] [stdout]             which is required by `[FarmingSystem<calculation::StorageRewards>]: rayon::iter::IntoParallelRefMutIterator`
[INFO] [stdout] 
[INFO] [stdout] 
[INFO] [stdout] error[E0599]: the method `par_iter_mut` exists for mutable reference `&mut Vec<FarmingSystem<calculation::StorageRewards>>`, but its trait bounds were not satisfied
[INFO] [stdout]    --> src/example.rs:398:18
[INFO] [stdout]     |
[INFO] [stdout] 398 |                   .par_iter_mut()
[INFO] [stdout]     |                    ^^^^^^^^^^^^
[INFO] [stdout]     |
[INFO] [stdout]     = note: the following trait bounds were not satisfied:
[INFO] [stdout]             `&mut Vec<FarmingSystem<calculation::StorageRewards>>: IntoParallelIterator`
[INFO] [stdout]             which is required by `Vec<FarmingSystem<calculation::StorageRewards>>: rayon::iter::IntoParallelRefMutIterator`
[INFO] [stdout]             `&mut &mut Vec<FarmingSystem<calculation::StorageRewards>>: IntoParallelIterator`
[INFO] [stdout]             which is required by `&mut Vec<FarmingSystem<calculation::StorageRewards>>: rayon::iter::IntoParallelRefMutIterator`
[INFO] [stdout]             `&mut [FarmingSystem<calculation::StorageRewards>]: IntoParallelIterator`
[INFO] [stdout]             which is required by `[FarmingSystem<calculation::StorageRewards>]: rayon::iter::IntoParallelRefMutIterator`
[INFO] [stdout] 
[INFO] [stdout] 
[INFO] [stdout] error[E0283]: type annotations needed
[INFO] [stdout]    --> src/example.rs:452:57
[INFO] [stdout]     |
[INFO] [stdout] 452 |         let acc = Accumulation::new(Default::default(), Default::default());
[INFO] [stdout]     |                                                         ^^^^^^^^^^^^^^^^ cannot infer type
[INFO] [stdout]     |
[INFO] [stdout]     = note: cannot satisfy `_: Default`
[INFO] [stdout] note: required by `std::default::Default::default`
[INFO] [stdout] 
[INFO] [stdout] 
[INFO] [stdout] error: aborting due to 8 previous errors
[INFO] [stdout] 
[INFO] [stdout] 
[INFO] [stdout] error[E0283]: type annotations needed
[INFO] [stdout]    --> src/example.rs:452:57
[INFO] [stdout]     |
[INFO] [stdout] 452 |         let acc = Accumulation::new(Default::default(), Default::default());
[INFO] [stdout]     |                                                         ^^^^^^^^^^^^^^^^ cannot infer type
[INFO] [stdout]     |
[INFO] [stdout]     = note: cannot satisfy `_: Default`
[INFO] [stdout] note: required by `std::default::Default::default`
[INFO] [stdout] 
[INFO] [stdout] 
[INFO] [stdout] Some errors have detailed explanations: E0283, E0432, E0599.
[INFO] [stdout] 
[INFO] [stdout] For more information about an error, try `rustc --explain E0283`.
[INFO] [stdout] 
[INFO] [stdout] error: aborting due to 8 previous errors
[INFO] [stdout] 
[INFO] [stdout] 
[INFO] [stdout] Some errors have detailed explanations: E0283, E0432, E0599.
[INFO] [stdout] 
[INFO] [stdout] For more information about an error, try `rustc --explain E0283`.
[INFO] [stdout] 
[INFO] [stderr] error: could not compile `sn_farming` due to 9 previous errors
[INFO] [stderr] warning: build failed, waiting for other jobs to finish...
[INFO] [stderr] error: build failed
[INFO] running `Command { std: "docker" "inspect" "3f3d916ff1a4fb4a3b15838b336f726e9b64efe6e433a516a98f05fc088433ce", kill_on_drop: false }`
[INFO] running `Command { std: "docker" "rm" "-f" "3f3d916ff1a4fb4a3b15838b336f726e9b64efe6e433a516a98f05fc088433ce", kill_on_drop: false }`
[INFO] [stdout] 3f3d916ff1a4fb4a3b15838b336f726e9b64efe6e433a516a98f05fc088433ce
