[INFO] fetching crate smileypyramid 1.0.1...
[INFO] checking smileypyramid-1.0.1 against 1.55.0 for beta-1.56-3
[INFO] extracting crate smileypyramid 1.0.1 into /workspace/builds/worker-60/source
[INFO] validating manifest of crates.io crate smileypyramid 1.0.1 on toolchain 1.55.0
[INFO] running `Command { std: "/workspace/cargo-home/bin/cargo" "+1.55.0" "metadata" "--manifest-path" "Cargo.toml" "--no-deps", kill_on_drop: false }`
[INFO] started tweaking crates.io crate smileypyramid 1.0.1
[INFO] finished tweaking crates.io crate smileypyramid 1.0.1
[INFO] tweaked toml for crates.io crate smileypyramid 1.0.1 written to /workspace/builds/worker-60/source/Cargo.toml
[INFO] running `Command { std: "/workspace/cargo-home/bin/cargo" "+1.55.0" "generate-lockfile" "--manifest-path" "Cargo.toml" "-Zno-index-update", kill_on_drop: false }`
[INFO] [stderr]     Blocking waiting for file lock on package cache
[INFO] running `Command { std: "/workspace/cargo-home/bin/cargo" "+1.55.0" "fetch" "--manifest-path" "Cargo.toml", kill_on_drop: false }`
[INFO] [stderr] warning: only one of `license` or `license-file` is necessary
[INFO] [stderr]     Blocking waiting for file lock on package cache
[INFO] [stderr]     Blocking waiting for file lock on package cache
[INFO] running `Command { std: "docker" "create" "-v" "/var/lib/crater-agent-workspace/builds/worker-60/target:/opt/rustwide/target:rw,Z" "-v" "/var/lib/crater-agent-workspace/builds/worker-60/source:/opt/rustwide/workdir:ro,Z" "-v" "/var/lib/crater-agent-workspace/cargo-home:/opt/rustwide/cargo-home:ro,Z" "-v" "/var/lib/crater-agent-workspace/rustup-home:/opt/rustwide/rustup-home:ro,Z" "-e" "SOURCE_DIR=/opt/rustwide/workdir" "-e" "CARGO_TARGET_DIR=/opt/rustwide/target" "-e" "CARGO_HOME=/opt/rustwide/cargo-home" "-e" "RUSTUP_HOME=/opt/rustwide/rustup-home" "-w" "/opt/rustwide/workdir" "-m" "1610612736" "--user" "0:0" "--network" "none" "ghcr.io/rust-lang/crates-build-env/linux@sha256:a89201d6b5b9fd45c15d5952ece0a0129e7e80cb26ec023fd59cf09bc26f1604" "/opt/rustwide/cargo-home/bin/cargo" "+1.55.0" "metadata" "--no-deps" "--format-version=1", kill_on_drop: false }`
[INFO] [stdout] 8fe45edf9841d7764b39c1c0c9373c8f322e85c7f0d1fe4db87199a96f93324c
[INFO] running `Command { std: "docker" "start" "-a" "8fe45edf9841d7764b39c1c0c9373c8f322e85c7f0d1fe4db87199a96f93324c", kill_on_drop: false }`
[INFO] running `Command { std: "docker" "inspect" "8fe45edf9841d7764b39c1c0c9373c8f322e85c7f0d1fe4db87199a96f93324c", kill_on_drop: false }`
[INFO] running `Command { std: "docker" "rm" "-f" "8fe45edf9841d7764b39c1c0c9373c8f322e85c7f0d1fe4db87199a96f93324c", kill_on_drop: false }`
[INFO] [stdout] 8fe45edf9841d7764b39c1c0c9373c8f322e85c7f0d1fe4db87199a96f93324c
[INFO] running `Command { std: "docker" "create" "-v" "/var/lib/crater-agent-workspace/builds/worker-60/target:/opt/rustwide/target:rw,Z" "-v" "/var/lib/crater-agent-workspace/builds/worker-60/source:/opt/rustwide/workdir:ro,Z" "-v" "/var/lib/crater-agent-workspace/cargo-home:/opt/rustwide/cargo-home:ro,Z" "-v" "/var/lib/crater-agent-workspace/rustup-home:/opt/rustwide/rustup-home:ro,Z" "-e" "SOURCE_DIR=/opt/rustwide/workdir" "-e" "CARGO_TARGET_DIR=/opt/rustwide/target" "-e" "CARGO_INCREMENTAL=0" "-e" "RUST_BACKTRACE=full" "-e" "RUSTFLAGS=--cap-lints=warn" "-e" "CARGO_HOME=/opt/rustwide/cargo-home" "-e" "RUSTUP_HOME=/opt/rustwide/rustup-home" "-w" "/opt/rustwide/workdir" "-m" "1610612736" "--user" "0:0" "--network" "none" "ghcr.io/rust-lang/crates-build-env/linux@sha256:a89201d6b5b9fd45c15d5952ece0a0129e7e80cb26ec023fd59cf09bc26f1604" "/opt/rustwide/cargo-home/bin/cargo" "+1.55.0" "check" "--frozen" "--all" "--all-targets" "--message-format=json", kill_on_drop: false }`
[INFO] [stdout] bad5a94465677bbe1a81d77ef808d54da336cec0b86c5763e90c4131d05390a3
[INFO] running `Command { std: "docker" "start" "-a" "bad5a94465677bbe1a81d77ef808d54da336cec0b86c5763e90c4131d05390a3", kill_on_drop: false }`
[INFO] [stderr] warning: only one of `license` or `license-file` is necessary
[INFO] [stderr]     Blocking waiting for file lock on package cache
[INFO] [stderr]    Compiling proc-macro2 v1.0.30
[INFO] [stderr]    Compiling unicode-xid v0.2.2
[INFO] [stderr]    Compiling syn v1.0.80
[INFO] [stderr]    Compiling serde_derive v1.0.130
[INFO] [stderr]    Compiling serde v1.0.130
[INFO] [stderr]     Checking regex-syntax v0.6.25
[INFO] [stderr]     Checking strsim v0.10.0
[INFO] [stderr]     Checking lazy_static v1.4.0
[INFO] [stderr]    Compiling quote v1.0.10
[INFO] [stderr]     Checking regex v1.5.4
[INFO] [stderr]     Checking docopt v1.1.1
[INFO] [stderr]     Checking smileypyramid v1.0.1 (/opt/rustwide/workdir)
[INFO] [stdout] error[E0425]: cannot find function `smiley_line` in this scope
[INFO] [stdout]  --> rust/lib.rs:5:20
[INFO] [stdout]   |
[INFO] [stdout] 5 |         assert_eq!(smiley_line(0), "");
[INFO] [stdout]   |                    ^^^^^^^^^^^ not found in this scope
[INFO] [stdout]   |
[INFO] [stdout] help: consider importing this function
[INFO] [stdout]   |
[INFO] [stdout] 4 |     use smiley_line;
[INFO] [stdout]   |
[INFO] [stdout] 
[INFO] [stdout] 
[INFO] [stdout] error[E0425]: cannot find function `smiley_line` in this scope
[INFO] [stdout]  --> rust/lib.rs:6:20
[INFO] [stdout]   |
[INFO] [stdout] 6 |         assert_eq!(smiley_line(1), ")");
[INFO] [stdout]   |                    ^^^^^^^^^^^ not found in this scope
[INFO] [stdout]   |
[INFO] [stdout] help: consider importing this function
[INFO] [stdout]   |
[INFO] [stdout] 4 |     use smiley_line;
[INFO] [stdout]   |
[INFO] [stdout] 
[INFO] [stdout] 
[INFO] [stdout] error[E0425]: cannot find function `smiley_line` in this scope
[INFO] [stdout]  --> rust/lib.rs:7:20
[INFO] [stdout]   |
[INFO] [stdout] 7 |         assert_eq!(smiley_line(2), ":)");
[INFO] [stdout]   |                    ^^^^^^^^^^^ not found in this scope
[INFO] [stdout]   |
[INFO] [stdout] help: consider importing this function
[INFO] [stdout]   |
[INFO] [stdout] 4 |     use smiley_line;
[INFO] [stdout]   |
[INFO] [stdout] 
[INFO] [stdout] 
[INFO] [stdout] error[E0425]: cannot find function `smiley_line` in this scope
[INFO] [stdout]  --> rust/lib.rs:8:20
[INFO] [stdout]   |
[INFO] [stdout] 8 |         assert_eq!(smiley_line(3), ":-)");
[INFO] [stdout]   |                    ^^^^^^^^^^^ not found in this scope
[INFO] [stdout]   |
[INFO] [stdout] help: consider importing this function
[INFO] [stdout]   |
[INFO] [stdout] 4 |     use smiley_line;
[INFO] [stdout]   |
[INFO] [stdout] 
[INFO] [stdout] 
[INFO] [stderr] error: could not compile `smileypyramid` due to 5 previous errors
[INFO] [stdout] error: aborting due to 4 previous errors
[INFO] [stdout] 
[INFO] [stdout] 
[INFO] [stderr] warning: build failed, waiting for other jobs to finish...
[INFO] [stdout] For more information about this error, try `rustc --explain E0425`.
[INFO] [stdout] 
[INFO] [stderr] error: build failed
[INFO] running `Command { std: "docker" "inspect" "bad5a94465677bbe1a81d77ef808d54da336cec0b86c5763e90c4131d05390a3", kill_on_drop: false }`
[INFO] running `Command { std: "docker" "rm" "-f" "bad5a94465677bbe1a81d77ef808d54da336cec0b86c5763e90c4131d05390a3", kill_on_drop: false }`
[INFO] [stdout] bad5a94465677bbe1a81d77ef808d54da336cec0b86c5763e90c4131d05390a3
