[INFO] fetching crate slog-extlog-derive 7.0.0...
[INFO] checking slog-extlog-derive-7.0.0 against 1.55.0 for beta-1.56-3
[INFO] extracting crate slog-extlog-derive 7.0.0 into /workspace/builds/worker-102/source
[INFO] validating manifest of crates.io crate slog-extlog-derive 7.0.0 on toolchain 1.55.0
[INFO] running `Command { std: "/workspace/cargo-home/bin/cargo" "+1.55.0" "metadata" "--manifest-path" "Cargo.toml" "--no-deps", kill_on_drop: false }`
[INFO] started tweaking crates.io crate slog-extlog-derive 7.0.0
[INFO] finished tweaking crates.io crate slog-extlog-derive 7.0.0
[INFO] tweaked toml for crates.io crate slog-extlog-derive 7.0.0 written to /workspace/builds/worker-102/source/Cargo.toml
[INFO] running `Command { std: "/workspace/cargo-home/bin/cargo" "+1.55.0" "generate-lockfile" "--manifest-path" "Cargo.toml" "-Zno-index-update", kill_on_drop: false }`
[INFO] running `Command { std: "/workspace/cargo-home/bin/cargo" "+1.55.0" "fetch" "--manifest-path" "Cargo.toml", kill_on_drop: false }`
[INFO] [stderr]     Blocking waiting for file lock on package cache
[INFO] [stderr]  Downloading crates ...
[INFO] [stderr]   Downloaded iobuffer v0.2.0
[INFO] running `Command { std: "docker" "create" "-v" "/var/lib/crater-agent-workspace/builds/worker-102/target:/opt/rustwide/target:rw,Z" "-v" "/var/lib/crater-agent-workspace/builds/worker-102/source:/opt/rustwide/workdir:ro,Z" "-v" "/var/lib/crater-agent-workspace/cargo-home:/opt/rustwide/cargo-home:ro,Z" "-v" "/var/lib/crater-agent-workspace/rustup-home:/opt/rustwide/rustup-home:ro,Z" "-e" "SOURCE_DIR=/opt/rustwide/workdir" "-e" "CARGO_TARGET_DIR=/opt/rustwide/target" "-e" "CARGO_HOME=/opt/rustwide/cargo-home" "-e" "RUSTUP_HOME=/opt/rustwide/rustup-home" "-w" "/opt/rustwide/workdir" "-m" "1610612736" "--user" "0:0" "--network" "none" "ghcr.io/rust-lang/crates-build-env/linux@sha256:a89201d6b5b9fd45c15d5952ece0a0129e7e80cb26ec023fd59cf09bc26f1604" "/opt/rustwide/cargo-home/bin/cargo" "+1.55.0" "metadata" "--no-deps" "--format-version=1", kill_on_drop: false }`
[INFO] [stdout] 3c9a9d2a63c27fee46f6c1db4018aae0e79ca6f749e8722baf48d820674575d0
[INFO] running `Command { std: "docker" "start" "-a" "3c9a9d2a63c27fee46f6c1db4018aae0e79ca6f749e8722baf48d820674575d0", kill_on_drop: false }`
[INFO] running `Command { std: "docker" "inspect" "3c9a9d2a63c27fee46f6c1db4018aae0e79ca6f749e8722baf48d820674575d0", kill_on_drop: false }`
[INFO] running `Command { std: "docker" "rm" "-f" "3c9a9d2a63c27fee46f6c1db4018aae0e79ca6f749e8722baf48d820674575d0", kill_on_drop: false }`
[INFO] [stdout] 3c9a9d2a63c27fee46f6c1db4018aae0e79ca6f749e8722baf48d820674575d0
[INFO] running `Command { std: "docker" "create" "-v" "/var/lib/crater-agent-workspace/builds/worker-102/target:/opt/rustwide/target:rw,Z" "-v" "/var/lib/crater-agent-workspace/builds/worker-102/source:/opt/rustwide/workdir:ro,Z" "-v" "/var/lib/crater-agent-workspace/cargo-home:/opt/rustwide/cargo-home:ro,Z" "-v" "/var/lib/crater-agent-workspace/rustup-home:/opt/rustwide/rustup-home:ro,Z" "-e" "SOURCE_DIR=/opt/rustwide/workdir" "-e" "CARGO_TARGET_DIR=/opt/rustwide/target" "-e" "CARGO_INCREMENTAL=0" "-e" "RUST_BACKTRACE=full" "-e" "RUSTFLAGS=--cap-lints=warn" "-e" "CARGO_HOME=/opt/rustwide/cargo-home" "-e" "RUSTUP_HOME=/opt/rustwide/rustup-home" "-w" "/opt/rustwide/workdir" "-m" "1610612736" "--user" "0:0" "--network" "none" "ghcr.io/rust-lang/crates-build-env/linux@sha256:a89201d6b5b9fd45c15d5952ece0a0129e7e80cb26ec023fd59cf09bc26f1604" "/opt/rustwide/cargo-home/bin/cargo" "+1.55.0" "check" "--frozen" "--all" "--all-targets" "--message-format=json", kill_on_drop: false }`
[INFO] [stdout] f11ab84220026a485f97bfa267b474dcef7b393b1b7da89569e4f7130609a00e
[INFO] running `Command { std: "docker" "start" "-a" "f11ab84220026a485f97bfa267b474dcef7b393b1b7da89569e4f7130609a00e", kill_on_drop: false }`
[INFO] [stderr]    Compiling proc-macro2 v1.0.30
[INFO] [stderr]    Compiling unicode-xid v0.2.2
[INFO] [stderr]    Compiling syn v1.0.80
[INFO] [stderr]    Compiling serde_derive v1.0.130
[INFO] [stderr]    Compiling serde v1.0.130
[INFO] [stderr]    Compiling erased-serde v0.3.16
[INFO] [stderr]    Compiling slog v2.7.0
[INFO] [stderr]     Checking pin-project-lite v0.2.7
[INFO] [stderr]     Checking iobuffer v0.2.0
[INFO] [stderr]    Compiling tokio v1.12.0
[INFO] [stderr]     Checking quote v1.0.10
[INFO] [stderr]    Compiling tokio-macros v1.5.0
[INFO] [stderr]     Checking slog-extlog-derive v7.0.0 (/opt/rustwide/workdir)
[INFO] [stdout] error: The #[tokio::test] macro requires rt or rt-multi-thread.
[INFO] [stdout]   --> tests/loggable.rs:25:1
[INFO] [stdout]    |
[INFO] [stdout] 25 | #[tokio::test]
[INFO] [stdout]    | ^^^^^^^^^^^^^^
[INFO] [stdout]    |
[INFO] [stdout]    = note: this error originates in the attribute macro `tokio::test` (in Nightly builds, run with -Z macro-backtrace for more info)
[INFO] [stdout] 
[INFO] [stdout] 
[INFO] [stdout] error: The #[tokio::test] macro requires rt or rt-multi-thread.
[INFO] [stdout]   --> tests/loggable.rs:44:1
[INFO] [stdout]    |
[INFO] [stdout] 44 | #[tokio::test]
[INFO] [stdout]    | ^^^^^^^^^^^^^^
[INFO] [stdout]    |
[INFO] [stdout]    = note: this error originates in the attribute macro `tokio::test` (in Nightly builds, run with -Z macro-backtrace for more info)
[INFO] [stdout] 
[INFO] [stdout] 
[INFO] [stdout] error: The #[tokio::test] macro requires rt or rt-multi-thread.
[INFO] [stdout]    --> tests/loggable.rs:104:1
[INFO] [stdout]     |
[INFO] [stdout] 104 | #[tokio::test]
[INFO] [stdout]     | ^^^^^^^^^^^^^^
[INFO] [stdout]     |
[INFO] [stdout]     = note: this error originates in the attribute macro `tokio::test` (in Nightly builds, run with -Z macro-backtrace for more info)
[INFO] [stdout] 
[INFO] [stdout] 
[INFO] [stdout] error: The #[tokio::test] macro requires rt or rt-multi-thread.
[INFO] [stdout]    --> tests/loggable.rs:139:1
[INFO] [stdout]     |
[INFO] [stdout] 139 | #[tokio::test]
[INFO] [stdout]     | ^^^^^^^^^^^^^^
[INFO] [stdout]     |
[INFO] [stdout]     = note: this error originates in the attribute macro `tokio::test` (in Nightly builds, run with -Z macro-backtrace for more info)
[INFO] [stdout] 
[INFO] [stdout] 
[INFO] [stdout] error[E0432]: unresolved import `slog_extlog`
[INFO] [stdout]  --> tests/loggable.rs:8:5
[INFO] [stdout]   |
[INFO] [stdout] 8 | use slog_extlog::xlog;
[INFO] [stdout]   |     ^^^^^^^^^^^ use of undeclared crate or module `slog_extlog`
[INFO] [stdout] 
[INFO] [stdout] 
[INFO] [stdout] error[E0433]: failed to resolve: use of undeclared crate or module `slog_extlog`
[INFO] [stdout]   --> tests/loggable.rs:12:5
[INFO] [stdout]    |
[INFO] [stdout] 12 | use slog_extlog::{stats::StatsLoggerBuilder, DefaultLogger};
[INFO] [stdout]    |     ^^^^^^^^^^^ use of undeclared crate or module `slog_extlog`
[INFO] [stdout] 
[INFO] [stdout] 
[INFO] [stdout] error[E0432]: unresolved import `slog_extlog`
[INFO] [stdout]   --> tests/loggable.rs:11:5
[INFO] [stdout]    |
[INFO] [stdout] 11 | use slog_extlog::slog_test;
[INFO] [stdout]    |     ^^^^^^^^^^^ use of undeclared crate or module `slog_extlog`
[INFO] [stdout] 
[INFO] [stdout] 
[INFO] [stdout] error[E0432]: unresolved import `slog_extlog`
[INFO] [stdout]   --> tests/loggable.rs:12:5
[INFO] [stdout]    |
[INFO] [stdout] 12 | use slog_extlog::{stats::StatsLoggerBuilder, DefaultLogger};
[INFO] [stdout]    |     ^^^^^^^^^^^ use of undeclared crate or module `slog_extlog`
[INFO] [stdout] 
[INFO] [stdout] 
[INFO] [stdout] error[E0433]: failed to resolve: use of undeclared type `StatsLoggerBuilder`
[INFO] [stdout]   --> tests/loggable.rs:21:18
[INFO] [stdout]    |
[INFO] [stdout] 21 |     let logger = StatsLoggerBuilder::default().fuse(logger);
[INFO] [stdout]    |                  ^^^^^^^^^^^^^^^^^^ use of undeclared type `StatsLoggerBuilder`
[INFO] [stdout] 
[INFO] [stdout] 
[INFO] [stdout] warning: unused import: `serde::Serialize`
[INFO] [stdout]  --> tests/loggable.rs:6:5
[INFO] [stdout]   |
[INFO] [stdout] 6 | use serde::Serialize;
[INFO] [stdout]   |     ^^^^^^^^^^^^^^^^
[INFO] [stdout]   |
[INFO] [stdout]   = note: `#[warn(unused_imports)]` on by default
[INFO] [stdout] 
[INFO] [stdout] 
[INFO] [stdout] warning: unused imports: `ExtLoggable`, `SlogValue`
[INFO] [stdout]  --> tests/loggable.rs:9:26
[INFO] [stdout]   |
[INFO] [stdout] 9 | use slog_extlog_derive::{ExtLoggable, SlogValue};
[INFO] [stdout]   |                          ^^^^^^^^^^^  ^^^^^^^^^
[INFO] [stdout] 
[INFO] [stdout] 
[INFO] [stdout] error: aborting due to 9 previous errors; 2 warnings emitted
[INFO] [stdout] 
[INFO] [stdout] 
[INFO] [stdout] Some errors have detailed explanations: E0432, E0433.
[INFO] [stdout] 
[INFO] [stdout] For more information about an error, try `rustc --explain E0432`.
[INFO] [stdout] 
[INFO] [stderr] error: could not compile `slog-extlog-derive` due to 10 previous errors; 2 warnings emitted
[INFO] running `Command { std: "docker" "inspect" "f11ab84220026a485f97bfa267b474dcef7b393b1b7da89569e4f7130609a00e", kill_on_drop: false }`
[INFO] running `Command { std: "docker" "rm" "-f" "f11ab84220026a485f97bfa267b474dcef7b393b1b7da89569e4f7130609a00e", kill_on_drop: false }`
[INFO] [stdout] f11ab84220026a485f97bfa267b474dcef7b393b1b7da89569e4f7130609a00e
