[INFO] fetching crate slice-of-array 0.3.1...
[INFO] checking slice-of-array-0.3.1 against beta-2021-10-15 for beta-1.56-3
[INFO] extracting crate slice-of-array 0.3.1 into /workspace/builds/worker-37/source
[INFO] validating manifest of crates.io crate slice-of-array 0.3.1 on toolchain beta-2021-10-15
[INFO] running `Command { std: "/workspace/cargo-home/bin/cargo" "+beta-2021-10-15" "metadata" "--manifest-path" "Cargo.toml" "--no-deps", kill_on_drop: false }`
[INFO] started tweaking crates.io crate slice-of-array 0.3.1
[INFO] finished tweaking crates.io crate slice-of-array 0.3.1
[INFO] tweaked toml for crates.io crate slice-of-array 0.3.1 written to /workspace/builds/worker-37/source/Cargo.toml
[INFO] running `Command { std: "/workspace/cargo-home/bin/cargo" "+beta-2021-10-15" "generate-lockfile" "--manifest-path" "Cargo.toml" "-Zno-index-update", kill_on_drop: false }`
[INFO] running `Command { std: "/workspace/cargo-home/bin/cargo" "+beta-2021-10-15" "fetch" "--manifest-path" "Cargo.toml", kill_on_drop: false }`
[INFO] [stderr]     Blocking waiting for file lock on package cache
[INFO] running `Command { std: "docker" "create" "-v" "/var/lib/crater-agent-workspace/builds/worker-37/target:/opt/rustwide/target:rw,Z" "-v" "/var/lib/crater-agent-workspace/builds/worker-37/source:/opt/rustwide/workdir:ro,Z" "-v" "/var/lib/crater-agent-workspace/cargo-home:/opt/rustwide/cargo-home:ro,Z" "-v" "/var/lib/crater-agent-workspace/rustup-home:/opt/rustwide/rustup-home:ro,Z" "-e" "SOURCE_DIR=/opt/rustwide/workdir" "-e" "CARGO_TARGET_DIR=/opt/rustwide/target" "-e" "CARGO_HOME=/opt/rustwide/cargo-home" "-e" "RUSTUP_HOME=/opt/rustwide/rustup-home" "-w" "/opt/rustwide/workdir" "-m" "1610612736" "--user" "0:0" "--network" "none" "ghcr.io/rust-lang/crates-build-env/linux@sha256:a89201d6b5b9fd45c15d5952ece0a0129e7e80cb26ec023fd59cf09bc26f1604" "/opt/rustwide/cargo-home/bin/cargo" "+beta-2021-10-15" "metadata" "--no-deps" "--format-version=1", kill_on_drop: false }`
[INFO] [stdout] ec4b07496d9c3bdc74a835c67f01824e7bd14fe42da5466e56a4b71d4bccdd87
[INFO] running `Command { std: "docker" "start" "-a" "ec4b07496d9c3bdc74a835c67f01824e7bd14fe42da5466e56a4b71d4bccdd87", kill_on_drop: false }`
[INFO] running `Command { std: "docker" "inspect" "ec4b07496d9c3bdc74a835c67f01824e7bd14fe42da5466e56a4b71d4bccdd87", kill_on_drop: false }`
[INFO] running `Command { std: "docker" "rm" "-f" "ec4b07496d9c3bdc74a835c67f01824e7bd14fe42da5466e56a4b71d4bccdd87", kill_on_drop: false }`
[INFO] [stdout] ec4b07496d9c3bdc74a835c67f01824e7bd14fe42da5466e56a4b71d4bccdd87
[INFO] running `Command { std: "docker" "create" "-v" "/var/lib/crater-agent-workspace/builds/worker-37/target:/opt/rustwide/target:rw,Z" "-v" "/var/lib/crater-agent-workspace/builds/worker-37/source:/opt/rustwide/workdir:ro,Z" "-v" "/var/lib/crater-agent-workspace/cargo-home:/opt/rustwide/cargo-home:ro,Z" "-v" "/var/lib/crater-agent-workspace/rustup-home:/opt/rustwide/rustup-home:ro,Z" "-e" "SOURCE_DIR=/opt/rustwide/workdir" "-e" "CARGO_TARGET_DIR=/opt/rustwide/target" "-e" "CARGO_INCREMENTAL=0" "-e" "RUST_BACKTRACE=full" "-e" "RUSTFLAGS=--cap-lints=warn" "-e" "CARGO_HOME=/opt/rustwide/cargo-home" "-e" "RUSTUP_HOME=/opt/rustwide/rustup-home" "-w" "/opt/rustwide/workdir" "-m" "1610612736" "--user" "0:0" "--network" "none" "ghcr.io/rust-lang/crates-build-env/linux@sha256:a89201d6b5b9fd45c15d5952ece0a0129e7e80cb26ec023fd59cf09bc26f1604" "/opt/rustwide/cargo-home/bin/cargo" "+beta-2021-10-15" "check" "--frozen" "--all" "--all-targets" "--message-format=json", kill_on_drop: false }`
[INFO] [stdout] c752713b76c28d1cfeec8ed9c1ab9256015850fb344c1cc47f545f9706dc21e9
[INFO] running `Command { std: "docker" "start" "-a" "c752713b76c28d1cfeec8ed9c1ab9256015850fb344c1cc47f545f9706dc21e9", kill_on_drop: false }`
[INFO] [stderr]     Blocking waiting for file lock on package cache
[INFO] [stderr]     Blocking waiting for file lock on package cache
[INFO] [stderr]    Compiling proc-macro2 v1.0.30
[INFO] [stderr]    Compiling version_check v0.9.3
[INFO] [stderr]     Checking tinyvec_macros v0.1.0
[INFO] [stderr]     Checking matches v0.1.9
[INFO] [stderr]    Compiling memchr v2.4.1
[INFO] [stderr]     Checking unicode-xid v0.2.2
[INFO] [stderr]    Compiling serde v1.0.130
[INFO] [stderr]     Checking percent-encoding v2.1.0
[INFO] [stderr]    Compiling pulldown-cmark v0.8.0
[INFO] [stderr]    Compiling syn v1.0.80
[INFO] [stderr]     Checking unicode-bidi v0.3.7
[INFO] [stderr]     Checking regex-syntax v0.6.25
[INFO] [stderr]     Checking bitflags v1.3.2
[INFO] [stderr]     Checking semver-parser v0.9.0
[INFO] [stderr]     Checking slice-of-array v0.3.1 (/opt/rustwide/workdir)
[INFO] [stderr]     Checking tinyvec v1.5.0
[INFO] [stderr]     Checking form_urlencoded v1.0.1
[INFO] [stderr]    Compiling unicase v2.6.0
[INFO] [stderr]     Checking quote v1.0.10
[INFO] [stderr]     Checking unicode-normalization v0.1.19
[INFO] [stderr]     Checking idna v0.2.3
[INFO] [stderr]     Checking regex v1.5.4
[INFO] [stderr]     Checking url v2.2.2
[INFO] [stderr]     Checking toml v0.5.8
[INFO] [stderr]     Checking version-sync v0.9.3
[INFO] [stdout] error: cannot find macro `vec` in this scope
[INFO] [stdout]    --> lib.rs:467:25
[INFO] [stdout]     |
[INFO] [stdout] 467 |             let mut v = vec![(); 6];
[INFO] [stdout]     |                         ^^^
[INFO] [stdout] 
[INFO] [stdout] 
[INFO] [stdout] error: cannot find macro `vec` in this scope
[INFO] [stdout]    --> lib.rs:460:25
[INFO] [stdout]     |
[INFO] [stdout] 460 |             let mut v = vec![(); 6];
[INFO] [stdout]     |                         ^^^
[INFO] [stdout] 
[INFO] [stdout] 
[INFO] [stdout] error: cannot find macro `vec` in this scope
[INFO] [stdout]    --> lib.rs:453:25
[INFO] [stdout]     |
[INFO] [stdout] 453 |             let mut v = vec![(); 1];
[INFO] [stdout]     |                         ^^^
[INFO] [stdout] 
[INFO] [stdout] 
[INFO] [stdout] error: cannot find macro `vec` in this scope
[INFO] [stdout]    --> lib.rs:446:21
[INFO] [stdout]     |
[INFO] [stdout] 446 |             let v = vec![(); 6];
[INFO] [stdout]     |                     ^^^
[INFO] [stdout] 
[INFO] [stdout] 
[INFO] [stdout] error: cannot find macro `vec` in this scope
[INFO] [stdout]    --> lib.rs:439:21
[INFO] [stdout]     |
[INFO] [stdout] 439 |             let v = vec![(); 6];
[INFO] [stdout]     |                     ^^^
[INFO] [stdout] 
[INFO] [stdout] 
[INFO] [stdout] error: cannot find macro `vec` in this scope
[INFO] [stdout]    --> lib.rs:432:21
[INFO] [stdout]     |
[INFO] [stdout] 432 |             let v = vec![(); 1];
[INFO] [stdout]     |                     ^^^
[INFO] [stdout] 
[INFO] [stdout] 
[INFO] [stdout] error: cannot find macro `vec` in this scope
[INFO] [stdout]    --> lib.rs:421:34
[INFO] [stdout]     |
[INFO] [stdout] 421 |             let mut v: Vec<()> = vec![];
[INFO] [stdout]     |                                  ^^^
[INFO] [stdout] 
[INFO] [stdout] 
[INFO] [stdout] error: cannot find macro `vec` in this scope
[INFO] [stdout]    --> lib.rs:414:30
[INFO] [stdout]     |
[INFO] [stdout] 414 |             let v: Vec<()> = vec![];
[INFO] [stdout]     |                              ^^^
[INFO] [stdout] 
[INFO] [stdout] 
[INFO] [stdout] error: cannot find macro `vec` in this scope
[INFO] [stdout]    --> lib.rs:407:25
[INFO] [stdout]     |
[INFO] [stdout] 407 |             let mut v = vec![(); 8];
[INFO] [stdout]     |                         ^^^
[INFO] [stdout] 
[INFO] [stdout] 
[INFO] [stdout] error: cannot find macro `vec` in this scope
[INFO] [stdout]    --> lib.rs:400:21
[INFO] [stdout]     |
[INFO] [stdout] 400 |             let v = vec![(); 8];
[INFO] [stdout]     |                     ^^^
[INFO] [stdout] 
[INFO] [stdout] 
[INFO] [stdout] error: cannot find macro `vec` in this scope
[INFO] [stdout]    --> lib.rs:389:35
[INFO] [stdout]     |
[INFO] [stdout] 389 |         let mut v: Vec<[(); 0]> = vec![[], [], [], []];
[INFO] [stdout]     |                                   ^^^
[INFO] [stdout] 
[INFO] [stdout] 
[INFO] [stdout] error: cannot find macro `vec` in this scope
[INFO] [stdout]    --> lib.rs:382:21
[INFO] [stdout]     |
[INFO] [stdout] 382 |         let mut v = vec![[(); 0]; 6];
[INFO] [stdout]     |                     ^^^
[INFO] [stdout] 
[INFO] [stdout] 
[INFO] [stdout] error: cannot find macro `vec` in this scope
[INFO] [stdout]    --> lib.rs:370:21
[INFO] [stdout]     |
[INFO] [stdout] 370 |         let mut v = vec![(); 9];
[INFO] [stdout]     |                     ^^^
[INFO] [stdout] 
[INFO] [stdout] 
[INFO] [stdout] error[E0412]: cannot find type `Vec` in this scope
[INFO] [stdout]    --> lib.rs:377:18
[INFO] [stdout]     |
[INFO] [stdout] 377 |         { let _: Vec<[(); 3]> = v.nest().to_vec(); }
[INFO] [stdout]     |                  ^^^ not found in this scope
[INFO] [stdout] 
[INFO] [stdout] 
[INFO] [stdout] error[E0412]: cannot find type `Vec` in this scope
[INFO] [stdout]    --> lib.rs:389:20
[INFO] [stdout]     |
[INFO] [stdout] 389 |         let mut v: Vec<[(); 0]> = vec![[], [], [], []];
[INFO] [stdout]     |                    ^^^ not found in this scope
[INFO] [stdout] 
[INFO] [stdout] 
[INFO] [stdout] error[E0412]: cannot find type `Vec` in this scope
[INFO] [stdout]    --> lib.rs:414:20
[INFO] [stdout]     |
[INFO] [stdout] 414 |             let v: Vec<()> = vec![];
[INFO] [stdout]     |                    ^^^ not found in this scope
[INFO] [stdout] 
[INFO] [stdout] 
[INFO] [stdout] error[E0412]: cannot find type `Vec` in this scope
[INFO] [stdout]    --> lib.rs:421:24
[INFO] [stdout]     |
[INFO] [stdout] 421 |             let mut v: Vec<()> = vec![];
[INFO] [stdout]     |                        ^^^ not found in this scope
[INFO] [stdout] 
[INFO] [stdout] 
[INFO] [stdout] warning: unused import: `super::super`
[INFO] [stdout]    --> lib.rs:395:13
[INFO] [stdout]     |
[INFO] [stdout] 395 |         use super::super::*;
[INFO] [stdout]     |             ^^^^^^^^^^^^
[INFO] [stdout]     |
[INFO] [stdout]     = note: `#[warn(unused_imports)]` on by default
[INFO] [stdout] 
[INFO] [stdout] 
[INFO] [stdout] error: aborting due to 17 previous errors; 1 warning emitted
[INFO] [stdout] 
[INFO] [stdout] 
[INFO] [stdout] For more information about this error, try `rustc --explain E0412`.
[INFO] [stdout] 
[INFO] [stderr] error: could not compile `slice-of-array` due to 18 previous errors; 1 warning emitted
[INFO] running `Command { std: "docker" "inspect" "c752713b76c28d1cfeec8ed9c1ab9256015850fb344c1cc47f545f9706dc21e9", kill_on_drop: false }`
[INFO] running `Command { std: "docker" "rm" "-f" "c752713b76c28d1cfeec8ed9c1ab9256015850fb344c1cc47f545f9706dc21e9", kill_on_drop: false }`
[INFO] [stdout] c752713b76c28d1cfeec8ed9c1ab9256015850fb344c1cc47f545f9706dc21e9
