[INFO] fetching crate sized_matrix 0.2.5...
[INFO] checking sized_matrix-0.2.5 against 1.55.0 for beta-1.56-3
[INFO] extracting crate sized_matrix 0.2.5 into /workspace/builds/worker-51/source
[INFO] validating manifest of crates.io crate sized_matrix 0.2.5 on toolchain 1.55.0
[INFO] running `Command { std: "/workspace/cargo-home/bin/cargo" "+1.55.0" "metadata" "--manifest-path" "Cargo.toml" "--no-deps", kill_on_drop: false }`
[INFO] started tweaking crates.io crate sized_matrix 0.2.5
[INFO] finished tweaking crates.io crate sized_matrix 0.2.5
[INFO] tweaked toml for crates.io crate sized_matrix 0.2.5 written to /workspace/builds/worker-51/source/Cargo.toml
[INFO] running `Command { std: "/workspace/cargo-home/bin/cargo" "+1.55.0" "generate-lockfile" "--manifest-path" "Cargo.toml" "-Zno-index-update", kill_on_drop: false }`
[INFO] [stderr]     Blocking waiting for file lock on package cache
[INFO] running `Command { std: "/workspace/cargo-home/bin/cargo" "+1.55.0" "fetch" "--manifest-path" "Cargo.toml", kill_on_drop: false }`
[INFO] [stderr]     Blocking waiting for file lock on package cache
[INFO] [stderr]  Downloading crates ...
[INFO] [stderr]   Downloaded higher_order_functions v0.1.2
[INFO] running `Command { std: "docker" "create" "-v" "/var/lib/crater-agent-workspace/builds/worker-51/target:/opt/rustwide/target:rw,Z" "-v" "/var/lib/crater-agent-workspace/builds/worker-51/source:/opt/rustwide/workdir:ro,Z" "-v" "/var/lib/crater-agent-workspace/cargo-home:/opt/rustwide/cargo-home:ro,Z" "-v" "/var/lib/crater-agent-workspace/rustup-home:/opt/rustwide/rustup-home:ro,Z" "-e" "SOURCE_DIR=/opt/rustwide/workdir" "-e" "CARGO_TARGET_DIR=/opt/rustwide/target" "-e" "CARGO_HOME=/opt/rustwide/cargo-home" "-e" "RUSTUP_HOME=/opt/rustwide/rustup-home" "-w" "/opt/rustwide/workdir" "-m" "1610612736" "--user" "0:0" "--network" "none" "ghcr.io/rust-lang/crates-build-env/linux@sha256:a89201d6b5b9fd45c15d5952ece0a0129e7e80cb26ec023fd59cf09bc26f1604" "/opt/rustwide/cargo-home/bin/cargo" "+1.55.0" "metadata" "--no-deps" "--format-version=1", kill_on_drop: false }`
[INFO] [stdout] cb9fcb9e0294c711248f81ffa33a2b176d284c03f671ca7c6304f8b81405f590
[INFO] running `Command { std: "docker" "start" "-a" "cb9fcb9e0294c711248f81ffa33a2b176d284c03f671ca7c6304f8b81405f590", kill_on_drop: false }`
[INFO] running `Command { std: "docker" "inspect" "cb9fcb9e0294c711248f81ffa33a2b176d284c03f671ca7c6304f8b81405f590", kill_on_drop: false }`
[INFO] running `Command { std: "docker" "rm" "-f" "cb9fcb9e0294c711248f81ffa33a2b176d284c03f671ca7c6304f8b81405f590", kill_on_drop: false }`
[INFO] [stdout] cb9fcb9e0294c711248f81ffa33a2b176d284c03f671ca7c6304f8b81405f590
[INFO] running `Command { std: "docker" "create" "-v" "/var/lib/crater-agent-workspace/builds/worker-51/target:/opt/rustwide/target:rw,Z" "-v" "/var/lib/crater-agent-workspace/builds/worker-51/source:/opt/rustwide/workdir:ro,Z" "-v" "/var/lib/crater-agent-workspace/cargo-home:/opt/rustwide/cargo-home:ro,Z" "-v" "/var/lib/crater-agent-workspace/rustup-home:/opt/rustwide/rustup-home:ro,Z" "-e" "SOURCE_DIR=/opt/rustwide/workdir" "-e" "CARGO_TARGET_DIR=/opt/rustwide/target" "-e" "CARGO_INCREMENTAL=0" "-e" "RUST_BACKTRACE=full" "-e" "RUSTFLAGS=--cap-lints=warn" "-e" "CARGO_HOME=/opt/rustwide/cargo-home" "-e" "RUSTUP_HOME=/opt/rustwide/rustup-home" "-w" "/opt/rustwide/workdir" "-m" "1610612736" "--user" "0:0" "--network" "none" "ghcr.io/rust-lang/crates-build-env/linux@sha256:a89201d6b5b9fd45c15d5952ece0a0129e7e80cb26ec023fd59cf09bc26f1604" "/opt/rustwide/cargo-home/bin/cargo" "+1.55.0" "check" "--frozen" "--all" "--all-targets" "--message-format=json", kill_on_drop: false }`
[INFO] [stdout] dee76cd41b8a83e6ea51bebf3d71e9a05a4bd632292682b9f9979592490ed941
[INFO] running `Command { std: "docker" "start" "-a" "dee76cd41b8a83e6ea51bebf3d71e9a05a4bd632292682b9f9979592490ed941", kill_on_drop: false }`
[INFO] [stderr]    Compiling proc-macro2 v1.0.30
[INFO] [stderr]     Checking tinyvec_macros v0.1.0
[INFO] [stderr]    Compiling memchr v2.4.1
[INFO] [stderr]     Checking unicode-xid v0.2.2
[INFO] [stderr]     Checking matches v0.1.9
[INFO] [stderr]    Compiling serde v1.0.130
[INFO] [stderr]     Checking unicode-bidi v0.3.7
[INFO] [stderr]    Compiling syn v1.0.80
[INFO] [stderr]    Compiling pulldown-cmark v0.8.0
[INFO] [stderr]     Checking percent-encoding v2.1.0
[INFO] [stderr]     Checking regex-syntax v0.6.25
[INFO] [stderr]     Checking higher_order_functions v0.1.2
[INFO] [stderr]     Checking semver-parser v0.9.0
[INFO] [stderr]    Compiling unicase v2.6.0
[INFO] [stderr]    Compiling num-traits v0.2.14
[INFO] [stdout] error[E0557]: feature has been removed
[INFO] [stdout]   --> /opt/rustwide/cargo-home/registry/src/github.com-1ecc6299db9ec823/higher_order_functions-0.1.2/src/lib.rs:82:12
[INFO] [stdout]    |
[INFO] [stdout] 82 | #![feature(external_doc)]
[INFO] [stdout]    |            ^^^^^^^^^^^^ feature has been removed
[INFO] [stdout]    |
[INFO] [stdout]    = note: use #[doc = include_str!("filename")] instead, which handles macro invocations
[INFO] [stdout] 
[INFO] [stdout] 
[INFO] [stdout] error[E0554]: `#![feature]` may not be used on the stable release channel
[INFO] [stdout]   --> /opt/rustwide/cargo-home/registry/src/github.com-1ecc6299db9ec823/higher_order_functions-0.1.2/src/lib.rs:80:1
[INFO] [stdout]    |
[INFO] [stdout] 80 | #![feature(const_generics)]
[INFO] [stdout]    | ^^^^^^^^^^^^^^^^^^^^^^^^^^^
[INFO] [stdout] 
[INFO] [stdout] 
[INFO] [stdout] error[E0554]: `#![feature]` may not be used on the stable release channel
[INFO] [stdout]   --> /opt/rustwide/cargo-home/registry/src/github.com-1ecc6299db9ec823/higher_order_functions-0.1.2/src/lib.rs:81:1
[INFO] [stdout]    |
[INFO] [stdout] 81 | #![feature(generic_associated_types)]
[INFO] [stdout]    | ^^^^^^^^^^^^^^^^^^^^^^^^^^^^^^^^^^^^^
[INFO] [stdout] 
[INFO] [stdout] 
[INFO] [stdout] error[E0554]: `#![feature]` may not be used on the stable release channel
[INFO] [stdout]   --> /opt/rustwide/cargo-home/registry/src/github.com-1ecc6299db9ec823/higher_order_functions-0.1.2/src/lib.rs:82:1
[INFO] [stdout]    |
[INFO] [stdout] 82 | #![feature(external_doc)]
[INFO] [stdout]    | ^^^^^^^^^^^^^^^^^^^^^^^^^
[INFO] [stdout] 
[INFO] [stdout] 
[INFO] [stdout] error[E0554]: `#![feature]` may not be used on the stable release channel
[INFO] [stdout]   --> /opt/rustwide/cargo-home/registry/src/github.com-1ecc6299db9ec823/higher_order_functions-0.1.2/src/lib.rs:83:1
[INFO] [stdout]    |
[INFO] [stdout] 83 | #![feature(maybe_uninit_uninit_array)]
[INFO] [stdout]    | ^^^^^^^^^^^^^^^^^^^^^^^^^^^^^^^^^^^^^^
[INFO] [stdout] 
[INFO] [stdout] 
[INFO] [stdout] error[E0554]: `#![feature]` may not be used on the stable release channel
[INFO] [stdout]   --> /opt/rustwide/cargo-home/registry/src/github.com-1ecc6299db9ec823/higher_order_functions-0.1.2/src/lib.rs:84:1
[INFO] [stdout]    |
[INFO] [stdout] 84 | #![feature(maybe_uninit_extra)]
[INFO] [stdout]    | ^^^^^^^^^^^^^^^^^^^^^^^^^^^^^^^
[INFO] [stdout] 
[INFO] [stdout] 
[INFO] [stdout] error: aborting due to 6 previous errors
[INFO] [stdout] 
[INFO] [stdout] 
[INFO] [stdout] Some errors have detailed explanations: E0554, E0557.
[INFO] [stdout] 
[INFO] [stdout] For more information about an error, try `rustc --explain E0554`.
[INFO] [stdout] 
[INFO] [stderr] error: could not compile `higher_order_functions` due to 7 previous errors
[INFO] [stderr] warning: build failed, waiting for other jobs to finish...
[INFO] [stderr] error: build failed
[INFO] running `Command { std: "docker" "inspect" "dee76cd41b8a83e6ea51bebf3d71e9a05a4bd632292682b9f9979592490ed941", kill_on_drop: false }`
[INFO] running `Command { std: "docker" "rm" "-f" "dee76cd41b8a83e6ea51bebf3d71e9a05a4bd632292682b9f9979592490ed941", kill_on_drop: false }`
[INFO] [stdout] dee76cd41b8a83e6ea51bebf3d71e9a05a4bd632292682b9f9979592490ed941
