[INFO] fetching crate shs_async 0.3.0...
[INFO] checking shs_async-0.3.0 against 1.55.0 for beta-1.56-3
[INFO] extracting crate shs_async 0.3.0 into /workspace/builds/worker-5/source
[INFO] validating manifest of crates.io crate shs_async 0.3.0 on toolchain 1.55.0
[INFO] running `Command { std: "/workspace/cargo-home/bin/cargo" "+1.55.0" "metadata" "--manifest-path" "Cargo.toml" "--no-deps", kill_on_drop: false }`
[INFO] started tweaking crates.io crate shs_async 0.3.0
[INFO] finished tweaking crates.io crate shs_async 0.3.0
[INFO] tweaked toml for crates.io crate shs_async 0.3.0 written to /workspace/builds/worker-5/source/Cargo.toml
[INFO] running `Command { std: "/workspace/cargo-home/bin/cargo" "+1.55.0" "generate-lockfile" "--manifest-path" "Cargo.toml" "-Zno-index-update", kill_on_drop: false }`
[INFO] running `Command { std: "/workspace/cargo-home/bin/cargo" "+1.55.0" "fetch" "--manifest-path" "Cargo.toml", kill_on_drop: false }`
[INFO] [stderr]     Blocking waiting for file lock on package cache
[INFO] running `Command { std: "docker" "create" "-v" "/var/lib/crater-agent-workspace/builds/worker-5/target:/opt/rustwide/target:rw,Z" "-v" "/var/lib/crater-agent-workspace/builds/worker-5/source:/opt/rustwide/workdir:ro,Z" "-v" "/var/lib/crater-agent-workspace/cargo-home:/opt/rustwide/cargo-home:ro,Z" "-v" "/var/lib/crater-agent-workspace/rustup-home:/opt/rustwide/rustup-home:ro,Z" "-e" "SOURCE_DIR=/opt/rustwide/workdir" "-e" "CARGO_TARGET_DIR=/opt/rustwide/target" "-e" "CARGO_HOME=/opt/rustwide/cargo-home" "-e" "RUSTUP_HOME=/opt/rustwide/rustup-home" "-w" "/opt/rustwide/workdir" "-m" "1610612736" "--user" "0:0" "--network" "none" "ghcr.io/rust-lang/crates-build-env/linux@sha256:a89201d6b5b9fd45c15d5952ece0a0129e7e80cb26ec023fd59cf09bc26f1604" "/opt/rustwide/cargo-home/bin/cargo" "+1.55.0" "metadata" "--no-deps" "--format-version=1", kill_on_drop: false }`
[INFO] [stderr] WARNING: Your kernel does not support swap limit capabilities or the cgroup is not mounted. Memory limited without swap.
[INFO] [stdout] 83fb590d20de23155ca78be73ecfedf37fe6acf6a543030f44bd40fb43468e3f
[INFO] running `Command { std: "docker" "start" "-a" "83fb590d20de23155ca78be73ecfedf37fe6acf6a543030f44bd40fb43468e3f", kill_on_drop: false }`
[INFO] running `Command { std: "docker" "inspect" "83fb590d20de23155ca78be73ecfedf37fe6acf6a543030f44bd40fb43468e3f", kill_on_drop: false }`
[INFO] running `Command { std: "docker" "rm" "-f" "83fb590d20de23155ca78be73ecfedf37fe6acf6a543030f44bd40fb43468e3f", kill_on_drop: false }`
[INFO] [stdout] 83fb590d20de23155ca78be73ecfedf37fe6acf6a543030f44bd40fb43468e3f
[INFO] running `Command { std: "docker" "create" "-v" "/var/lib/crater-agent-workspace/builds/worker-5/target:/opt/rustwide/target:rw,Z" "-v" "/var/lib/crater-agent-workspace/builds/worker-5/source:/opt/rustwide/workdir:ro,Z" "-v" "/var/lib/crater-agent-workspace/cargo-home:/opt/rustwide/cargo-home:ro,Z" "-v" "/var/lib/crater-agent-workspace/rustup-home:/opt/rustwide/rustup-home:ro,Z" "-e" "SOURCE_DIR=/opt/rustwide/workdir" "-e" "CARGO_TARGET_DIR=/opt/rustwide/target" "-e" "CARGO_INCREMENTAL=0" "-e" "RUST_BACKTRACE=full" "-e" "RUSTFLAGS=--cap-lints=warn" "-e" "CARGO_HOME=/opt/rustwide/cargo-home" "-e" "RUSTUP_HOME=/opt/rustwide/rustup-home" "-w" "/opt/rustwide/workdir" "-m" "1610612736" "--user" "0:0" "--network" "none" "ghcr.io/rust-lang/crates-build-env/linux@sha256:a89201d6b5b9fd45c15d5952ece0a0129e7e80cb26ec023fd59cf09bc26f1604" "/opt/rustwide/cargo-home/bin/cargo" "+1.55.0" "check" "--frozen" "--all" "--all-targets" "--message-format=json", kill_on_drop: false }`
[INFO] [stdout] 0f74d299eb4206d2d6ae0fdd838e0a6bd16c6c3b97e4148af40efbb4dee00d24
[INFO] [stderr] WARNING: Your kernel does not support swap limit capabilities or the cgroup is not mounted. Memory limited without swap.
[INFO] running `Command { std: "docker" "start" "-a" "0f74d299eb4206d2d6ae0fdd838e0a6bd16c6c3b97e4148af40efbb4dee00d24", kill_on_drop: false }`
[INFO] [stderr]     Checking futures-sink-preview v0.3.0-alpha.19
[INFO] [stderr]     Checking futures-core-preview v0.3.0-alpha.19
[INFO] [stderr]     Checking futures-io-preview v0.3.0-alpha.19
[INFO] [stderr]     Checking readwrite v0.1.2
[INFO] [stderr]     Checking async-ringbuffer v0.5.5
[INFO] [stderr]     Checking libsodium-sys v0.2.7
[INFO] [stderr]     Checking futures-channel-preview v0.3.0-alpha.19
[INFO] [stderr]     Checking sodiumoxide v0.2.7
[INFO] [stderr]     Checking futures-util-preview v0.3.0-alpha.19
[INFO] [stderr]     Checking ssb-crypto v0.1.4
[INFO] [stderr]     Checking shs_core v0.3.0
[INFO] [stdout] error[E0599]: no function or associated item named `from_slice` found for struct `Signature` in the current scope
[INFO] [stdout]    --> /opt/rustwide/cargo-home/registry/src/github.com-1ecc6299db9ec823/shs_core-0.3.0/src/messages.rs:306:56
[INFO] [stdout]     |
[INFO] [stdout] 306 |                 client_sig: ClientSignature(Signature::from_slice(&sig_bytes)?),
[INFO] [stdout]     |                                                        ^^^^^^^^^^ function or associated item not found in `Signature`
[INFO] [stdout] 
[INFO] [stdout] 
[INFO] [stdout] error[E0616]: field `0` of struct `Signature` is private
[INFO] [stdout]    --> /opt/rustwide/cargo-home/registry/src/github.com-1ecc6299db9ec823/shs_core-0.3.0/src/messages.rs:352:43
[INFO] [stdout]     |
[INFO] [stdout] 352 |         ServerAccept(secretbox::seal(&sig.0[..], &zero_nonce(), &key))
[INFO] [stdout]     |                                           ^ private field
[INFO] [stdout] 
[INFO] [stdout] 
[INFO] [stdout] error[E0599]: no function or associated item named `from_slice` found for struct `Signature` in the current scope
[INFO] [stdout]    --> /opt/rustwide/cargo-home/registry/src/github.com-1ecc6299db9ec823/shs_core-0.3.0/src/messages.rs:386:40
[INFO] [stdout]     |
[INFO] [stdout] 386 |             ServerSignature(Signature::from_slice(&v)
[INFO] [stdout]     |                                        ^^^^^^^^^^ function or associated item not found in `Signature`
[INFO] [stdout] 
[INFO] [stdout] 
[INFO] [stdout] error: aborting due to 3 previous errors
[INFO] [stdout] 
[INFO] [stdout] 
[INFO] [stdout] Some errors have detailed explanations: E0599, E0616.
[INFO] [stdout] 
[INFO] [stdout] For more information about an error, try `rustc --explain E0599`.
[INFO] [stdout] 
[INFO] [stderr] error: could not compile `shs_core` due to 4 previous errors
[INFO] [stderr] warning: build failed, waiting for other jobs to finish...
[INFO] [stderr] error: build failed
[INFO] running `Command { std: "docker" "inspect" "0f74d299eb4206d2d6ae0fdd838e0a6bd16c6c3b97e4148af40efbb4dee00d24", kill_on_drop: false }`
[INFO] running `Command { std: "docker" "rm" "-f" "0f74d299eb4206d2d6ae0fdd838e0a6bd16c6c3b97e4148af40efbb4dee00d24", kill_on_drop: false }`
[INFO] [stdout] 0f74d299eb4206d2d6ae0fdd838e0a6bd16c6c3b97e4148af40efbb4dee00d24
