[INFO] fetching crate shine-testutils 0.2.0...
[INFO] checking shine-testutils-0.2.0 against beta-2021-10-15 for beta-1.56-3
[INFO] extracting crate shine-testutils 0.2.0 into /workspace/builds/worker-12/source
[INFO] validating manifest of crates.io crate shine-testutils 0.2.0 on toolchain beta-2021-10-15
[INFO] running `Command { std: "/workspace/cargo-home/bin/cargo" "+beta-2021-10-15" "metadata" "--manifest-path" "Cargo.toml" "--no-deps", kill_on_drop: false }`
[INFO] started tweaking crates.io crate shine-testutils 0.2.0
[INFO] finished tweaking crates.io crate shine-testutils 0.2.0
[INFO] tweaked toml for crates.io crate shine-testutils 0.2.0 written to /workspace/builds/worker-12/source/Cargo.toml
[INFO] running `Command { std: "/workspace/cargo-home/bin/cargo" "+beta-2021-10-15" "generate-lockfile" "--manifest-path" "Cargo.toml" "-Zno-index-update", kill_on_drop: false }`
[INFO] running `Command { std: "/workspace/cargo-home/bin/cargo" "+beta-2021-10-15" "fetch" "--manifest-path" "Cargo.toml", kill_on_drop: false }`
[INFO] [stderr]  Downloading crates ...
[INFO] [stderr]   Downloaded unic-ucd-version v0.7.0
[INFO] [stderr]   Downloaded actix-testing v0.1.0
[INFO] [stderr]   Downloaded unic-ucd-segment v0.7.0
[INFO] [stderr]   Downloaded tera v0.11.20
[INFO] [stderr]   Downloaded hashbrown v0.3.1
[INFO] [stderr]   Downloaded const-random-macro v0.1.13
[INFO] [stderr]   Downloaded flate2 v1.0.22
[INFO] [stderr]   Downloaded inflections v1.1.1
[INFO] [stderr]   Downloaded hashbrown v0.6.3
[INFO] [stderr]   Downloaded actix-web v1.0.9
[INFO] [stderr]   Downloaded actix-http v0.2.11
[INFO] [stderr]   Downloaded actix-server-config v0.1.2
[INFO] [stderr]   Downloaded actix-web-codegen v0.1.3
[INFO] [stderr]   Downloaded derive_more v0.14.1
[INFO] [stderr]   Downloaded actix-router v0.1.5
[INFO] [stderr]   Downloaded actix-rt v0.2.6
[INFO] [stderr]   Downloaded crunchy v0.2.2
[INFO] [stderr]   Downloaded error-chain v0.12.4
[INFO] [stderr]   Downloaded enum-as-inner v0.2.1
[INFO] [stderr]   Downloaded derive_more v0.15.0
[INFO] [stderr]   Downloaded actix-server v0.6.1
[INFO] [stderr]   Downloaded trust-dns-proto v0.7.4
[INFO] [stderr]   Downloaded slug v0.1.4
[INFO] [stderr]   Downloaded unic-char-property v0.7.0
[INFO] [stderr]   Downloaded unic-char-range v0.7.0
[INFO] [stderr]   Downloaded actix-threadpool v0.1.2
[INFO] [stderr]   Downloaded trust-dns-resolver v0.11.1
[INFO] [stderr]   Downloaded humansize v1.1.1
[INFO] [stderr]   Downloaded deunicode v0.4.3
[INFO] [stderr]   Downloaded serde_urlencoded v0.6.1
[INFO] [stderr]   Downloaded actix-utils v0.4.7
[INFO] [stderr]   Downloaded shine-gltf v0.2.0
[INFO] [stderr]   Downloaded actix-connect v0.2.5
[INFO] [stderr]   Downloaded actix-codec v0.1.2
[INFO] [stderr]   Downloaded ring v0.14.6
[INFO] [stderr]   Downloaded actix-files v0.1.7
[INFO] [stderr]   Downloaded actix-session v0.1.1
[INFO] [stderr]   Downloaded awc v0.2.8
[INFO] [stderr]   Downloaded actix-service v0.4.2
[INFO] [stderr]   Downloaded ahash v0.2.19
[INFO] [stderr]   Downloaded shine-gltf-macro v0.2.0
[INFO] [stderr]   Downloaded unic-common v0.7.0
[INFO] [stderr]   Downloaded svg v0.5.12
[INFO] [stderr]   Downloaded tiny-keccak v2.0.2
[INFO] [stderr]   Downloaded const-random v0.1.13
[INFO] [stderr]   Downloaded unic-segment v0.7.0
[INFO] running `Command { std: "docker" "create" "-v" "/var/lib/crater-agent-workspace/builds/worker-12/target:/opt/rustwide/target:rw,Z" "-v" "/var/lib/crater-agent-workspace/builds/worker-12/source:/opt/rustwide/workdir:ro,Z" "-v" "/var/lib/crater-agent-workspace/cargo-home:/opt/rustwide/cargo-home:ro,Z" "-v" "/var/lib/crater-agent-workspace/rustup-home:/opt/rustwide/rustup-home:ro,Z" "-e" "SOURCE_DIR=/opt/rustwide/workdir" "-e" "CARGO_TARGET_DIR=/opt/rustwide/target" "-e" "CARGO_HOME=/opt/rustwide/cargo-home" "-e" "RUSTUP_HOME=/opt/rustwide/rustup-home" "-w" "/opt/rustwide/workdir" "-m" "1610612736" "--user" "0:0" "--network" "none" "ghcr.io/rust-lang/crates-build-env/linux@sha256:a89201d6b5b9fd45c15d5952ece0a0129e7e80cb26ec023fd59cf09bc26f1604" "/opt/rustwide/cargo-home/bin/cargo" "+beta-2021-10-15" "metadata" "--no-deps" "--format-version=1", kill_on_drop: false }`
[INFO] [stdout] fbd1a8d3d15e1ee4c30039c0d7fb6375e828e493d0c09858f72a5d1623942ef9
[INFO] [stderr] WARNING: Your kernel does not support swap limit capabilities or the cgroup is not mounted. Memory limited without swap.
[INFO] running `Command { std: "docker" "start" "-a" "fbd1a8d3d15e1ee4c30039c0d7fb6375e828e493d0c09858f72a5d1623942ef9", kill_on_drop: false }`
[INFO] running `Command { std: "docker" "inspect" "fbd1a8d3d15e1ee4c30039c0d7fb6375e828e493d0c09858f72a5d1623942ef9", kill_on_drop: false }`
[INFO] running `Command { std: "docker" "rm" "-f" "fbd1a8d3d15e1ee4c30039c0d7fb6375e828e493d0c09858f72a5d1623942ef9", kill_on_drop: false }`
[INFO] [stdout] fbd1a8d3d15e1ee4c30039c0d7fb6375e828e493d0c09858f72a5d1623942ef9
[INFO] running `Command { std: "docker" "create" "-v" "/var/lib/crater-agent-workspace/builds/worker-12/target:/opt/rustwide/target:rw,Z" "-v" "/var/lib/crater-agent-workspace/builds/worker-12/source:/opt/rustwide/workdir:ro,Z" "-v" "/var/lib/crater-agent-workspace/cargo-home:/opt/rustwide/cargo-home:ro,Z" "-v" "/var/lib/crater-agent-workspace/rustup-home:/opt/rustwide/rustup-home:ro,Z" "-e" "SOURCE_DIR=/opt/rustwide/workdir" "-e" "CARGO_TARGET_DIR=/opt/rustwide/target" "-e" "CARGO_INCREMENTAL=0" "-e" "RUST_BACKTRACE=full" "-e" "RUSTFLAGS=--cap-lints=warn" "-e" "CARGO_HOME=/opt/rustwide/cargo-home" "-e" "RUSTUP_HOME=/opt/rustwide/rustup-home" "-w" "/opt/rustwide/workdir" "-m" "1610612736" "--user" "0:0" "--network" "none" "ghcr.io/rust-lang/crates-build-env/linux@sha256:a89201d6b5b9fd45c15d5952ece0a0129e7e80cb26ec023fd59cf09bc26f1604" "/opt/rustwide/cargo-home/bin/cargo" "+beta-2021-10-15" "check" "--frozen" "--all" "--all-targets" "--message-format=json", kill_on_drop: false }`
[INFO] [stdout] 7258d7b275637919bbf2c12ea0e31ce31f7b4a36e4fe020126d9062b70ff787e
[INFO] [stderr] WARNING: Your kernel does not support swap limit capabilities or the cgroup is not mounted. Memory limited without swap.
[INFO] running `Command { std: "docker" "start" "-a" "7258d7b275637919bbf2c12ea0e31ce31f7b4a36e4fe020126d9062b70ff787e", kill_on_drop: false }`
[INFO] [stderr]     Checking untrusted v0.6.2
[INFO] [stderr]    Compiling v_htmlescape v0.4.5
[INFO] [stderr]     Checking svg v0.5.12
[INFO] [stderr]     Checking actix-service v0.4.2
[INFO] [stderr]    Compiling ring v0.14.6
[INFO] [stderr]    Compiling hashbrown v0.6.3
[INFO] [stderr]    Compiling getrandom v0.2.3
[INFO] [stderr]     Checking miniz-sys v0.1.12
[INFO] [stderr]    Compiling nom v4.2.3
[INFO] [stderr]     Checking unic-segment v0.7.0
[INFO] [stderr]     Checking tokio-io v0.1.13
[INFO] [stderr]     Checking http v0.1.21
[INFO] [stderr]     Checking string v0.2.1
[INFO] [stderr]    Compiling actix-web-codegen v0.1.3
[INFO] [stderr]    Compiling pest_generator v2.1.3
[INFO] [stderr]     Checking parking_lot_core v0.6.2
[INFO] [stderr]    Compiling derive_more v0.15.0
[INFO] [stderr]    Compiling enum-as-inner v0.2.1
[INFO] [stderr]    Compiling shine-gltf-macro v0.2.0
[INFO] [stderr]     Checking env_logger v0.6.2
[INFO] [stderr]     Checking error-chain v0.12.4
[INFO] [stderr]     Checking flate2 v1.0.22
[INFO] [stderr]     Checking parking_lot v0.9.0
[INFO] [stderr]     Checking serde_urlencoded v0.6.1
[INFO] [stderr]     Checking failure v0.1.8
[INFO] [stderr]    Compiling const-random-macro v0.1.13
[INFO] [stderr]     Checking tokio-codec v0.1.2
[INFO] [stderr]     Checking tokio-reactor v0.1.12
[INFO] [stderr]     Checking actix-codec v0.1.2
[INFO] [stderr]    Compiling v_escape_derive v0.5.6
[INFO] [stderr]    Compiling pest_derive v2.1.0
[INFO] [stderr]     Checking actix-utils v0.4.7
[INFO] [stderr]     Checking tokio-tcp v0.1.4
[INFO] [stderr]     Checking tokio-udp v0.1.6
[INFO] [stderr]     Checking tokio-signal v0.2.9
[INFO] [stderr]     Checking const-random v0.1.13
[INFO] [stderr]     Checking actix-server-config v0.1.2
[INFO] [stderr]     Checking ahash v0.2.19
[INFO] [stderr]     Checking trust-dns-proto v0.7.4
[INFO] [stderr]     Checking shine-gltf v0.2.0
[INFO] [stderr]     Checking h2 v0.1.26
[INFO] [stderr]     Checking actix-router v0.1.5
[INFO] [stderr]     Checking tera v0.11.20
[INFO] [stderr]     Checking v_escape v0.7.4
[INFO] [stderr]     Checking trust-dns-resolver v0.11.1
[INFO] [stderr]     Checking actix-threadpool v0.1.2
[INFO] [stderr]     Checking actix-rt v0.2.6
[INFO] [stderr]     Checking actix-connect v0.2.5
[INFO] [stderr]     Checking actix-server v0.6.1
[INFO] [stderr]     Checking actix-http v0.2.11
[INFO] [stderr]     Checking actix-testing v0.1.0
[INFO] [stderr]     Checking awc v0.2.8
[INFO] [stderr]     Checking actix-web v1.0.9
[INFO] [stderr]     Checking actix-session v0.1.1
[INFO] [stderr]     Checking actix-files v0.1.7
[INFO] [stderr]     Checking shine-testutils v0.2.0 (/opt/rustwide/workdir)
[INFO] [stdout] error[E0557]: feature has been removed
[INFO] [stdout]  --> src/lib.rs:1:12
[INFO] [stdout]   |
[INFO] [stdout] 1 | #![feature(await_macro)]
[INFO] [stdout]   |            ^^^^^^^^^^^ feature has been removed
[INFO] [stdout]   |
[INFO] [stdout]   = note: subsumed by `.await` syntax
[INFO] [stdout] 
[INFO] [stdout] 
[INFO] [stdout] error[E0557]: feature has been removed
[INFO] [stdout]  --> src/lib.rs:1:12
[INFO] [stdout]   |
[INFO] [stdout] 1 | #![feature(await_macro)]
[INFO] [stdout]   |            ^^^^^^^^^^^ feature has been removed
[INFO] [stdout]   |
[INFO] [stdout]   = note: subsumed by `.await` syntax
[INFO] [stdout] 
[INFO] [stdout] 
[INFO] [stdout] error[E0554]: `#![feature]` may not be used on the beta release channel
[INFO] [stdout]  --> src/lib.rs:1:1
[INFO] [stdout]   |
[INFO] [stdout] 1 | #![feature(await_macro)]
[INFO] [stdout]   | ^^^^^^^^^^^^^^^^^^^^^^^^
[INFO] [stdout] 
[INFO] [stdout] 
[INFO] [stdout] error[E0554]: `#![feature]` may not be used on the beta release channel
[INFO] [stdout]  --> src/lib.rs:1:1
[INFO] [stdout]   |
[INFO] [stdout] 1 | #![feature(await_macro)]
[INFO] [stdout]   | ^^^^^^^^^^^^^^^^^^^^^^^^
[INFO] [stdout] 
[INFO] [stdout] 
[INFO] [stdout] error: aborting due to 2 previous errors
[INFO] [stdout] 
[INFO] [stdout] 
[INFO] [stdout] Some errors have detailed explanations: E0554, E0557.
[INFO] [stdout] 
[INFO] [stdout] For more information about an error, try `rustc --explain E0554`.
[INFO] [stdout] 
[INFO] [stdout] error: aborting due to 2 previous errors
[INFO] [stdout] 
[INFO] [stdout] 
[INFO] [stdout] Some errors have detailed explanations: E0554, E0557.
[INFO] [stdout] 
[INFO] [stdout] For more information about an error, try `rustc --explain E0554`.
[INFO] [stdout] 
[INFO] [stderr] error: could not compile `shine-testutils` due to 3 previous errors
[INFO] [stderr] warning: build failed, waiting for other jobs to finish...
[INFO] [stderr] error: build failed
[INFO] running `Command { std: "docker" "inspect" "7258d7b275637919bbf2c12ea0e31ce31f7b4a36e4fe020126d9062b70ff787e", kill_on_drop: false }`
[INFO] running `Command { std: "docker" "rm" "-f" "7258d7b275637919bbf2c12ea0e31ce31f7b4a36e4fe020126d9062b70ff787e", kill_on_drop: false }`
[INFO] [stdout] 7258d7b275637919bbf2c12ea0e31ce31f7b4a36e4fe020126d9062b70ff787e
