[INFO] fetching crate sexpr 0.1.0...
[INFO] checking sexpr-0.1.0 against beta-2021-10-15 for beta-1.56-3
[INFO] extracting crate sexpr 0.1.0 into /workspace/builds/worker-3/source
[INFO] validating manifest of crates.io crate sexpr 0.1.0 on toolchain beta-2021-10-15
[INFO] running `Command { std: "/workspace/cargo-home/bin/cargo" "+beta-2021-10-15" "metadata" "--manifest-path" "Cargo.toml" "--no-deps", kill_on_drop: false }`
[INFO] started tweaking crates.io crate sexpr 0.1.0
[INFO] finished tweaking crates.io crate sexpr 0.1.0
[INFO] tweaked toml for crates.io crate sexpr 0.1.0 written to /workspace/builds/worker-3/source/Cargo.toml
[INFO] running `Command { std: "/workspace/cargo-home/bin/cargo" "+beta-2021-10-15" "generate-lockfile" "--manifest-path" "Cargo.toml" "-Zno-index-update", kill_on_drop: false }`
[INFO] running `Command { std: "/workspace/cargo-home/bin/cargo" "+beta-2021-10-15" "fetch" "--manifest-path" "Cargo.toml", kill_on_drop: false }`
[INFO] running `Command { std: "docker" "create" "-v" "/var/lib/crater-agent-workspace/builds/worker-3/target:/opt/rustwide/target:rw,Z" "-v" "/var/lib/crater-agent-workspace/builds/worker-3/source:/opt/rustwide/workdir:ro,Z" "-v" "/var/lib/crater-agent-workspace/cargo-home:/opt/rustwide/cargo-home:ro,Z" "-v" "/var/lib/crater-agent-workspace/rustup-home:/opt/rustwide/rustup-home:ro,Z" "-e" "SOURCE_DIR=/opt/rustwide/workdir" "-e" "CARGO_TARGET_DIR=/opt/rustwide/target" "-e" "CARGO_HOME=/opt/rustwide/cargo-home" "-e" "RUSTUP_HOME=/opt/rustwide/rustup-home" "-w" "/opt/rustwide/workdir" "-m" "1610612736" "--user" "0:0" "--network" "none" "ghcr.io/rust-lang/crates-build-env/linux@sha256:a89201d6b5b9fd45c15d5952ece0a0129e7e80cb26ec023fd59cf09bc26f1604" "/opt/rustwide/cargo-home/bin/cargo" "+beta-2021-10-15" "metadata" "--no-deps" "--format-version=1", kill_on_drop: false }`
[INFO] [stdout] dec75a0088fb2b735bb5595863f75d500ea8193d01bf07036e8340f383b1d53a
[INFO] [stderr] WARNING: Your kernel does not support swap limit capabilities or the cgroup is not mounted. Memory limited without swap.
[INFO] running `Command { std: "docker" "start" "-a" "dec75a0088fb2b735bb5595863f75d500ea8193d01bf07036e8340f383b1d53a", kill_on_drop: false }`
[INFO] running `Command { std: "docker" "inspect" "dec75a0088fb2b735bb5595863f75d500ea8193d01bf07036e8340f383b1d53a", kill_on_drop: false }`
[INFO] running `Command { std: "docker" "rm" "-f" "dec75a0088fb2b735bb5595863f75d500ea8193d01bf07036e8340f383b1d53a", kill_on_drop: false }`
[INFO] [stdout] dec75a0088fb2b735bb5595863f75d500ea8193d01bf07036e8340f383b1d53a
[INFO] running `Command { std: "docker" "create" "-v" "/var/lib/crater-agent-workspace/builds/worker-3/target:/opt/rustwide/target:rw,Z" "-v" "/var/lib/crater-agent-workspace/builds/worker-3/source:/opt/rustwide/workdir:ro,Z" "-v" "/var/lib/crater-agent-workspace/cargo-home:/opt/rustwide/cargo-home:ro,Z" "-v" "/var/lib/crater-agent-workspace/rustup-home:/opt/rustwide/rustup-home:ro,Z" "-e" "SOURCE_DIR=/opt/rustwide/workdir" "-e" "CARGO_TARGET_DIR=/opt/rustwide/target" "-e" "CARGO_INCREMENTAL=0" "-e" "RUST_BACKTRACE=full" "-e" "RUSTFLAGS=--cap-lints=warn" "-e" "CARGO_HOME=/opt/rustwide/cargo-home" "-e" "RUSTUP_HOME=/opt/rustwide/rustup-home" "-w" "/opt/rustwide/workdir" "-m" "1610612736" "--user" "0:0" "--network" "none" "ghcr.io/rust-lang/crates-build-env/linux@sha256:a89201d6b5b9fd45c15d5952ece0a0129e7e80cb26ec023fd59cf09bc26f1604" "/opt/rustwide/cargo-home/bin/cargo" "+beta-2021-10-15" "check" "--frozen" "--all" "--all-targets" "--message-format=json", kill_on_drop: false }`
[INFO] [stdout] 8bfeb79294c077bd69a4fcf793fde283ba408770680ac3eb579fdf7bd7bc6b1d
[INFO] [stderr] WARNING: Your kernel does not support swap limit capabilities or the cgroup is not mounted. Memory limited without swap.
[INFO] running `Command { std: "docker" "start" "-a" "8bfeb79294c077bd69a4fcf793fde283ba408770680ac3eb579fdf7bd7bc6b1d", kill_on_drop: false }`
[INFO] [stderr]     Checking gc v0.2.1
[INFO] [stderr]    Compiling syn v0.10.8
[INFO] [stdout] error[E0557]: feature has been removed
[INFO] [stdout]  --> /opt/rustwide/cargo-home/registry/src/github.com-1ecc6299db9ec823/gc-0.2.1/src/lib.rs:7:54
[INFO] [stdout]   |
[INFO] [stdout] 7 | #![feature(coerce_unsized, core_intrinsics, nonzero, optin_builtin_traits, shared, unsize, specialization)]
[INFO] [stdout]   |                                                      ^^^^^^^^^^^^^^^^^^^^ feature has been removed
[INFO] [stdout]   |
[INFO] [stdout]   = note: renamed to `auto_traits`
[INFO] [stdout] 
[INFO] [stdout] 
[INFO] [stdout] error[E0432]: unresolved import `core::nonzero`
[INFO] [stdout]   --> /opt/rustwide/cargo-home/registry/src/github.com-1ecc6299db9ec823/gc-0.2.1/src/lib.rs:11:11
[INFO] [stdout]    |
[INFO] [stdout] 11 | use core::nonzero::NonZero;
[INFO] [stdout]    |           ^^^^^^^ could not find `nonzero` in `core`
[INFO] [stdout] 
[INFO] [stdout] 
[INFO] [stdout] error[E0432]: unresolved import `std::ptr::Shared`
[INFO] [stdout]  --> /opt/rustwide/cargo-home/registry/src/github.com-1ecc6299db9ec823/gc-0.2.1/src/gc.rs:3:5
[INFO] [stdout]   |
[INFO] [stdout] 3 | use std::ptr::Shared;
[INFO] [stdout]   |     ^^^^^^^^^^^^^^^^ no `Shared` in `ptr`
[INFO] [stdout] 
[INFO] [stdout] 
[INFO] [stdout] error[E0554]: `#![feature]` may not be used on the beta release channel
[INFO] [stdout]  --> /opt/rustwide/cargo-home/registry/src/github.com-1ecc6299db9ec823/gc-0.2.1/src/lib.rs:7:1
[INFO] [stdout]   |
[INFO] [stdout] 7 | #![feature(coerce_unsized, core_intrinsics, nonzero, optin_builtin_traits, shared, unsize, specialization)]
[INFO] [stdout]   | ^^^^^^^^^^^^^^^^^^^^^^^^^^^^^^^^^^^^^^^^^^^^^^^^^^^^^^^^^^^^^^^^^^^^^^^^^^^^^^^^^^^^^^^^^^^^^^^^^^^^^^^^^^^
[INFO] [stdout] 
[INFO] [stdout] 
[INFO] [stdout] error[E0658]: negative trait bounds are not yet fully implemented; use marker types for now
[INFO] [stdout]   --> /opt/rustwide/cargo-home/registry/src/github.com-1ecc6299db9ec823/gc-0.2.1/src/lib.rs:41:17
[INFO] [stdout]    |
[INFO] [stdout] 41 | impl<T: ?Sized> !Send for Gc<T> {}
[INFO] [stdout]    |                 ^^^^^
[INFO] [stdout]    |
[INFO] [stdout]    = note: see issue #68318 <https://github.com/rust-lang/rust/issues/68318> for more information
[INFO] [stdout] 
[INFO] [stdout] 
[INFO] [stdout] error[E0658]: negative trait bounds are not yet fully implemented; use marker types for now
[INFO] [stdout]   --> /opt/rustwide/cargo-home/registry/src/github.com-1ecc6299db9ec823/gc-0.2.1/src/lib.rs:43:17
[INFO] [stdout]    |
[INFO] [stdout] 43 | impl<T: ?Sized> !Sync for Gc<T> {}
[INFO] [stdout]    |                 ^^^^^
[INFO] [stdout]    |
[INFO] [stdout]    = note: see issue #68318 <https://github.com/rust-lang/rust/issues/68318> for more information
[INFO] [stdout] 
[INFO] [stdout] 
[INFO] [stdout] error[E0658]: negative trait bounds are not yet fully implemented; use marker types for now
[INFO] [stdout]    --> /opt/rustwide/cargo-home/registry/src/github.com-1ecc6299db9ec823/gc-0.2.1/src/lib.rs:541:17
[INFO] [stdout]     |
[INFO] [stdout] 541 | impl<T: ?Sized> !Sync for GcCell<T> {}
[INFO] [stdout]     |                 ^^^^^
[INFO] [stdout]     |
[INFO] [stdout]     = note: see issue #68318 <https://github.com/rust-lang/rust/issues/68318> for more information
[INFO] [stdout] 
[INFO] [stdout] 
[INFO] [stdout] error[E0374]: the trait `CoerceUnsized` may only be implemented for a coercion between structures with one field being coerced, none found
[INFO] [stdout]   --> /opt/rustwide/cargo-home/registry/src/github.com-1ecc6299db9ec823/gc-0.2.1/src/lib.rs:45:1
[INFO] [stdout]    |
[INFO] [stdout] 45 | impl<T: Trace + ?Sized + marker::Unsize<U>, U: Trace + ?Sized> CoerceUnsized<Gc<U>> for Gc<T> {}
[INFO] [stdout]    | ^^^^^^^^^^^^^^^^^^^^^^^^^^^^^^^^^^^^^^^^^^^^^^^^^^^^^^^^^^^^^^^^^^^^^^^^^^^^^^^^^^^^^^^^^^^^^^^^
[INFO] [stdout] 
[INFO] [stdout] 
[INFO] [stdout] error: aborting due to 8 previous errors
[INFO] [stdout] 
[INFO] [stdout] 
[INFO] [stdout] Some errors have detailed explanations: E0374, E0432, E0554, E0557, E0658.
[INFO] [stdout] 
[INFO] [stdout] For more information about an error, try `rustc --explain E0374`.
[INFO] [stdout] 
[INFO] [stderr] error: could not compile `gc` due to 9 previous errors
[INFO] [stderr] warning: build failed, waiting for other jobs to finish...
[INFO] [stderr] error: build failed
[INFO] running `Command { std: "docker" "inspect" "8bfeb79294c077bd69a4fcf793fde283ba408770680ac3eb579fdf7bd7bc6b1d", kill_on_drop: false }`
[INFO] running `Command { std: "docker" "rm" "-f" "8bfeb79294c077bd69a4fcf793fde283ba408770680ac3eb579fdf7bd7bc6b1d", kill_on_drop: false }`
[INFO] [stdout] 8bfeb79294c077bd69a4fcf793fde283ba408770680ac3eb579fdf7bd7bc6b1d
