[INFO] fetching crate scrappy-derive 0.0.1...
[INFO] checking scrappy-derive-0.0.1 against beta-2021-10-15 for beta-1.56-3
[INFO] extracting crate scrappy-derive 0.0.1 into /workspace/builds/worker-75/source
[INFO] validating manifest of crates.io crate scrappy-derive 0.0.1 on toolchain beta-2021-10-15
[INFO] running `Command { std: "/workspace/cargo-home/bin/cargo" "+beta-2021-10-15" "metadata" "--manifest-path" "Cargo.toml" "--no-deps", kill_on_drop: false }`
[INFO] started tweaking crates.io crate scrappy-derive 0.0.1
[INFO] finished tweaking crates.io crate scrappy-derive 0.0.1
[INFO] tweaked toml for crates.io crate scrappy-derive 0.0.1 written to /workspace/builds/worker-75/source/Cargo.toml
[INFO] running `Command { std: "/workspace/cargo-home/bin/cargo" "+beta-2021-10-15" "generate-lockfile" "--manifest-path" "Cargo.toml" "-Zno-index-update", kill_on_drop: false }`
[INFO] [stderr]     Blocking waiting for file lock on package cache
[INFO] running `Command { std: "/workspace/cargo-home/bin/cargo" "+beta-2021-10-15" "fetch" "--manifest-path" "Cargo.toml", kill_on_drop: false }`
[INFO] [stderr]     Blocking waiting for file lock on package cache
[INFO] running `Command { std: "docker" "create" "-v" "/var/lib/crater-agent-workspace/builds/worker-75/target:/opt/rustwide/target:rw,Z" "-v" "/var/lib/crater-agent-workspace/builds/worker-75/source:/opt/rustwide/workdir:ro,Z" "-v" "/var/lib/crater-agent-workspace/cargo-home:/opt/rustwide/cargo-home:ro,Z" "-v" "/var/lib/crater-agent-workspace/rustup-home:/opt/rustwide/rustup-home:ro,Z" "-e" "SOURCE_DIR=/opt/rustwide/workdir" "-e" "CARGO_TARGET_DIR=/opt/rustwide/target" "-e" "CARGO_HOME=/opt/rustwide/cargo-home" "-e" "RUSTUP_HOME=/opt/rustwide/rustup-home" "-w" "/opt/rustwide/workdir" "-m" "1610612736" "--user" "0:0" "--network" "none" "ghcr.io/rust-lang/crates-build-env/linux@sha256:a89201d6b5b9fd45c15d5952ece0a0129e7e80cb26ec023fd59cf09bc26f1604" "/opt/rustwide/cargo-home/bin/cargo" "+beta-2021-10-15" "metadata" "--no-deps" "--format-version=1", kill_on_drop: false }`
[INFO] [stdout] db1064a50f6352a53f7c4324bfcdec045ef4f4ed6393df4dc54e42bc947f88a0
[INFO] running `Command { std: "docker" "start" "-a" "db1064a50f6352a53f7c4324bfcdec045ef4f4ed6393df4dc54e42bc947f88a0", kill_on_drop: false }`
[INFO] running `Command { std: "docker" "inspect" "db1064a50f6352a53f7c4324bfcdec045ef4f4ed6393df4dc54e42bc947f88a0", kill_on_drop: false }`
[INFO] running `Command { std: "docker" "rm" "-f" "db1064a50f6352a53f7c4324bfcdec045ef4f4ed6393df4dc54e42bc947f88a0", kill_on_drop: false }`
[INFO] [stdout] db1064a50f6352a53f7c4324bfcdec045ef4f4ed6393df4dc54e42bc947f88a0
[INFO] running `Command { std: "docker" "create" "-v" "/var/lib/crater-agent-workspace/builds/worker-75/target:/opt/rustwide/target:rw,Z" "-v" "/var/lib/crater-agent-workspace/builds/worker-75/source:/opt/rustwide/workdir:ro,Z" "-v" "/var/lib/crater-agent-workspace/cargo-home:/opt/rustwide/cargo-home:ro,Z" "-v" "/var/lib/crater-agent-workspace/rustup-home:/opt/rustwide/rustup-home:ro,Z" "-e" "SOURCE_DIR=/opt/rustwide/workdir" "-e" "CARGO_TARGET_DIR=/opt/rustwide/target" "-e" "CARGO_INCREMENTAL=0" "-e" "RUST_BACKTRACE=full" "-e" "RUSTFLAGS=--cap-lints=warn" "-e" "CARGO_HOME=/opt/rustwide/cargo-home" "-e" "RUSTUP_HOME=/opt/rustwide/rustup-home" "-w" "/opt/rustwide/workdir" "-m" "1610612736" "--user" "0:0" "--network" "none" "ghcr.io/rust-lang/crates-build-env/linux@sha256:a89201d6b5b9fd45c15d5952ece0a0129e7e80cb26ec023fd59cf09bc26f1604" "/opt/rustwide/cargo-home/bin/cargo" "+beta-2021-10-15" "check" "--frozen" "--all" "--all-targets" "--message-format=json", kill_on_drop: false }`
[INFO] [stdout] 85848c05d7af1609b7bd9318026d6172ddd7d8a0382d5fc473380203231ccaa6
[INFO] running `Command { std: "docker" "start" "-a" "85848c05d7af1609b7bd9318026d6172ddd7d8a0382d5fc473380203231ccaa6", kill_on_drop: false }`
[INFO] [stderr]     Blocking waiting for file lock on package cache
[INFO] [stderr]    Compiling syn v1.0.80
[INFO] [stderr]     Checking unicode-xid v0.2.2
[INFO] [stderr]     Checking proc-macro2 v1.0.30
[INFO] [stderr]     Checking quote v1.0.10
[INFO] [stderr]     Checking scrappy-derive v0.0.1 (/opt/rustwide/workdir)
[INFO] [stdout] error[E0432]: unresolved import `scrappy_actor`
[INFO] [stdout]  --> tests/test_macro.rs:1:5
[INFO] [stdout]   |
[INFO] [stdout] 1 | use scrappy_actor::{Actor, Context, Handler, System};
[INFO] [stdout]   |     ^^^^^^^^^^^^^ use of undeclared crate or module `scrappy_actor`
[INFO] [stdout] 
[INFO] [stdout] 
[INFO] [stdout] error[E0433]: failed to resolve: could not find `scrappy_actor` in the list of imported crates
[INFO] [stdout]  --> tests/test_macro.rs:4:10
[INFO] [stdout]   |
[INFO] [stdout] 4 | #[derive(MessageResponse)]
[INFO] [stdout]   |          ^^^^^^^^^^^^^^^ could not find `scrappy_actor` in the list of imported crates
[INFO] [stdout]   |
[INFO] [stdout]   = note: this error originates in the derive macro `MessageResponse` (in Nightly builds, run with -Z macro-backtrace for more info)
[INFO] [stdout] 
[INFO] [stdout] 
[INFO] [stdout] error[E0433]: failed to resolve: use of undeclared crate or module `scrappy_actor`
[INFO] [stdout]  --> tests/test_macro.rs:4:10
[INFO] [stdout]   |
[INFO] [stdout] 4 | #[derive(MessageResponse)]
[INFO] [stdout]   |          ^^^^^^^^^^^^^^^ use of undeclared crate or module `scrappy_actor`
[INFO] [stdout]   |
[INFO] [stdout]   = note: this error originates in the derive macro `MessageResponse` (in Nightly builds, run with -Z macro-backtrace for more info)
[INFO] [stdout] 
[INFO] [stdout] 
[INFO] [stdout] error[E0433]: failed to resolve: could not find `scrappy_actor` in the list of imported crates
[INFO] [stdout]  --> tests/test_macro.rs:7:10
[INFO] [stdout]   |
[INFO] [stdout] 7 | #[derive(Message)]
[INFO] [stdout]   |          ^^^^^^^ could not find `scrappy_actor` in the list of imported crates
[INFO] [stdout]   |
[INFO] [stdout]   = note: this error originates in the derive macro `Message` (in Nightly builds, run with -Z macro-backtrace for more info)
[INFO] [stdout] 
[INFO] [stdout] 
[INFO] [stdout] error[E0433]: failed to resolve: use of undeclared crate or module `scrappy_actor`
[INFO] [stdout]   --> tests/test_macro.rs:19:27
[INFO] [stdout]    |
[INFO] [stdout] 19 |     type Result = <Sum as scrappy_actor::Message>::Result;
[INFO] [stdout]    |                           ^^^^^^^^^^^^^ use of undeclared crate or module `scrappy_actor`
[INFO] [stdout] 
[INFO] [stdout] 
[INFO] [stdout] error: aborting due to 5 previous errors
[INFO] [stdout] 
[INFO] [stdout] 
[INFO] [stdout] Some errors have detailed explanations: E0432, E0433.
[INFO] [stdout] 
[INFO] [stdout] For more information about an error, try `rustc --explain E0432`.
[INFO] [stdout] 
[INFO] [stderr] error: could not compile `scrappy-derive` due to 6 previous errors
[INFO] running `Command { std: "docker" "inspect" "85848c05d7af1609b7bd9318026d6172ddd7d8a0382d5fc473380203231ccaa6", kill_on_drop: false }`
[INFO] running `Command { std: "docker" "rm" "-f" "85848c05d7af1609b7bd9318026d6172ddd7d8a0382d5fc473380203231ccaa6", kill_on_drop: false }`
[INFO] [stdout] 85848c05d7af1609b7bd9318026d6172ddd7d8a0382d5fc473380203231ccaa6
