[INFO] fetching crate sapio-miniscript 5.1.0...
[INFO] checking sapio-miniscript-5.1.0 against beta-2021-10-15 for beta-1.56-3
[INFO] extracting crate sapio-miniscript 5.1.0 into /workspace/builds/worker-20/source
[INFO] validating manifest of crates.io crate sapio-miniscript 5.1.0 on toolchain beta-2021-10-15
[INFO] running `Command { std: "/workspace/cargo-home/bin/cargo" "+beta-2021-10-15" "metadata" "--manifest-path" "Cargo.toml" "--no-deps", kill_on_drop: false }`
[INFO] started tweaking crates.io crate sapio-miniscript 5.1.0
[INFO] removed 0 missing examples
[INFO] finished tweaking crates.io crate sapio-miniscript 5.1.0
[INFO] tweaked toml for crates.io crate sapio-miniscript 5.1.0 written to /workspace/builds/worker-20/source/Cargo.toml
[INFO] crate crates.io crate sapio-miniscript 5.1.0 already has a lockfile, it will not be regenerated
[INFO] running `Command { std: "/workspace/cargo-home/bin/cargo" "+beta-2021-10-15" "fetch" "--manifest-path" "Cargo.toml", kill_on_drop: false }`
[INFO] [stderr]     Blocking waiting for file lock on package cache
[INFO] [stderr]     Blocking waiting for file lock on package cache
[INFO] running `Command { std: "docker" "create" "-v" "/var/lib/crater-agent-workspace/builds/worker-20/target:/opt/rustwide/target:rw,Z" "-v" "/var/lib/crater-agent-workspace/builds/worker-20/source:/opt/rustwide/workdir:ro,Z" "-v" "/var/lib/crater-agent-workspace/cargo-home:/opt/rustwide/cargo-home:ro,Z" "-v" "/var/lib/crater-agent-workspace/rustup-home:/opt/rustwide/rustup-home:ro,Z" "-e" "SOURCE_DIR=/opt/rustwide/workdir" "-e" "CARGO_TARGET_DIR=/opt/rustwide/target" "-e" "CARGO_HOME=/opt/rustwide/cargo-home" "-e" "RUSTUP_HOME=/opt/rustwide/rustup-home" "-w" "/opt/rustwide/workdir" "-m" "1610612736" "--user" "0:0" "--network" "none" "ghcr.io/rust-lang/crates-build-env/linux@sha256:a89201d6b5b9fd45c15d5952ece0a0129e7e80cb26ec023fd59cf09bc26f1604" "/opt/rustwide/cargo-home/bin/cargo" "+beta-2021-10-15" "metadata" "--no-deps" "--format-version=1", kill_on_drop: false }`
[INFO] [stdout] e8224545c4e637c60662585fbc5282d74e5284ec034f24d5b5104fbe603030fa
[INFO] running `Command { std: "docker" "start" "-a" "e8224545c4e637c60662585fbc5282d74e5284ec034f24d5b5104fbe603030fa", kill_on_drop: false }`
[INFO] running `Command { std: "docker" "inspect" "e8224545c4e637c60662585fbc5282d74e5284ec034f24d5b5104fbe603030fa", kill_on_drop: false }`
[INFO] running `Command { std: "docker" "rm" "-f" "e8224545c4e637c60662585fbc5282d74e5284ec034f24d5b5104fbe603030fa", kill_on_drop: false }`
[INFO] [stdout] e8224545c4e637c60662585fbc5282d74e5284ec034f24d5b5104fbe603030fa
[INFO] running `Command { std: "docker" "create" "-v" "/var/lib/crater-agent-workspace/builds/worker-20/target:/opt/rustwide/target:rw,Z" "-v" "/var/lib/crater-agent-workspace/builds/worker-20/source:/opt/rustwide/workdir:ro,Z" "-v" "/var/lib/crater-agent-workspace/cargo-home:/opt/rustwide/cargo-home:ro,Z" "-v" "/var/lib/crater-agent-workspace/rustup-home:/opt/rustwide/rustup-home:ro,Z" "-e" "SOURCE_DIR=/opt/rustwide/workdir" "-e" "CARGO_TARGET_DIR=/opt/rustwide/target" "-e" "CARGO_INCREMENTAL=0" "-e" "RUST_BACKTRACE=full" "-e" "RUSTFLAGS=--cap-lints=warn" "-e" "CARGO_HOME=/opt/rustwide/cargo-home" "-e" "RUSTUP_HOME=/opt/rustwide/rustup-home" "-w" "/opt/rustwide/workdir" "-m" "1610612736" "--user" "0:0" "--network" "none" "ghcr.io/rust-lang/crates-build-env/linux@sha256:a89201d6b5b9fd45c15d5952ece0a0129e7e80cb26ec023fd59cf09bc26f1604" "/opt/rustwide/cargo-home/bin/cargo" "+beta-2021-10-15" "check" "--frozen" "--all" "--all-targets" "--message-format=json", kill_on_drop: false }`
[INFO] [stdout] 2b3d827587419876d4671ed03050c0430315d3bfb5c7f1fc917680f0aed445ef
[INFO] running `Command { std: "docker" "start" "-a" "2b3d827587419876d4671ed03050c0430315d3bfb5c7f1fc917680f0aed445ef", kill_on_drop: false }`
[INFO] [stderr]    Compiling cc v1.0.41
[INFO] [stderr]     Checking bitcoin_hashes v0.9.3
[INFO] [stderr]     Checking bech32 v0.7.2
[INFO] [stderr]    Compiling secp256k1-sys v0.4.0
[INFO] [stderr]     Checking sapio-secp256k1 v0.20.1
[INFO] [stderr]     Checking sapio-bitcoin v0.26.0
[INFO] [stderr]     Checking sapio-miniscript v5.1.0 (/opt/rustwide/workdir)
[INFO] [stdout] warning: unnecessary trailing semicolon
[INFO] [stdout]    --> src/descriptor/mod.rs:924:10
[INFO] [stdout]     |
[INFO] [stdout] 924 |         };
[INFO] [stdout]     |          ^ help: remove this semicolon
[INFO] [stdout]     |
[INFO] [stdout]     = note: `#[warn(redundant_semicolons)]` on by default
[INFO] [stdout] 
[INFO] [stdout] 
[INFO] [stdout] warning: unnecessary trailing semicolon
[INFO] [stdout]    --> src/interpreter/mod.rs:849:10
[INFO] [stdout]     |
[INFO] [stdout] 849 |         };
[INFO] [stdout]     |          ^ help: remove this semicolon
[INFO] [stdout] 
[INFO] [stdout] 
[INFO] [stdout] error[E0463]: can't find crate for `miniscript`
[INFO] [stdout]  --> examples/psbt.rs:2:1
[INFO] [stdout]   |
[INFO] [stdout] 2 | extern crate miniscript;
[INFO] [stdout]   | ^^^^^^^^^^^^^^^^^^^^^^^^ can't find crate
[INFO] [stdout] 
[INFO] [stdout] 
[INFO] [stdout] error: aborting due to previous error
[INFO] [stdout] 
[INFO] [stdout] 
[INFO] [stdout] For more information about this error, try `rustc --explain E0463`.
[INFO] [stdout] 
[INFO] [stderr] error: could not compile `sapio-miniscript` due to 2 previous errors
[INFO] [stderr] warning: build failed, waiting for other jobs to finish...
[INFO] [stdout] error[E0463]: can't find crate for `miniscript`
[INFO] [stdout]   --> examples/sign_multisig.rs:18:1
[INFO] [stdout]    |
[INFO] [stdout] 18 | extern crate miniscript;
[INFO] [stdout]    | ^^^^^^^^^^^^^^^^^^^^^^^^ can't find crate
[INFO] [stdout] 
[INFO] [stdout] 
[INFO] [stdout] error[E0463]: can't find crate for `miniscript`
[INFO] [stdout]   --> examples/verify_tx.rs:18:1
[INFO] [stdout]    |
[INFO] [stdout] 18 | extern crate miniscript;
[INFO] [stdout]    | ^^^^^^^^^^^^^^^^^^^^^^^^ can't find crate
[INFO] [stdout] 
[INFO] [stdout] 
[INFO] [stdout] error[E0463]: can't find crate for `miniscript`
[INFO] [stdout]   --> examples/xpub_descriptors.rs:17:1
[INFO] [stdout]    |
[INFO] [stdout] 17 | extern crate miniscript;
[INFO] [stdout]    | ^^^^^^^^^^^^^^^^^^^^^^^^ can't find crate
[INFO] [stdout] 
[INFO] [stdout] 
[INFO] [stdout] error[E0463]: can't find crate for `miniscript`
[INFO] [stdout]   --> examples/parse.rs:18:1
[INFO] [stdout]    |
[INFO] [stdout] 18 | extern crate miniscript;
[INFO] [stdout]    | ^^^^^^^^^^^^^^^^^^^^^^^^ can't find crate
[INFO] [stdout] 
[INFO] [stdout] 
[INFO] [stdout] error: aborting due to previous error
[INFO] [stdout] 
[INFO] [stdout] 
[INFO] [stdout] For more information about this error, try `rustc --explain E0463`.
[INFO] [stdout] 
[INFO] [stdout] error: aborting due to previous error
[INFO] [stdout] 
[INFO] [stdout] 
[INFO] [stdout] error: aborting due to previous error
[INFO] [stdout] 
[INFO] [stdout] 
[INFO] [stdout] For more information about this error, try `rustc --explain E0463`.
[INFO] [stdout] 
[INFO] [stdout] For more information about this error, try `rustc --explain E0463`.
[INFO] [stdout] 
[INFO] [stdout] error: aborting due to previous error
[INFO] [stdout] 
[INFO] [stdout] 
[INFO] [stdout] For more information about this error, try `rustc --explain E0463`.
[INFO] [stdout] 
[INFO] [stdout] warning: 2 warnings emitted
[INFO] [stdout] 
[INFO] [stdout] 
[INFO] [stderr] error: build failed
[INFO] running `Command { std: "docker" "inspect" "2b3d827587419876d4671ed03050c0430315d3bfb5c7f1fc917680f0aed445ef", kill_on_drop: false }`
[INFO] running `Command { std: "docker" "rm" "-f" "2b3d827587419876d4671ed03050c0430315d3bfb5c7f1fc917680f0aed445ef", kill_on_drop: false }`
[INFO] [stdout] 2b3d827587419876d4671ed03050c0430315d3bfb5c7f1fc917680f0aed445ef
