[INFO] fetching crate sam4n_xplained_pro 0.1.3...
[INFO] checking sam4n_xplained_pro-0.1.3 against beta-2021-10-15 for beta-1.56-3
[INFO] extracting crate sam4n_xplained_pro 0.1.3 into /workspace/builds/worker-61/source
[INFO] validating manifest of crates.io crate sam4n_xplained_pro 0.1.3 on toolchain beta-2021-10-15
[INFO] running `Command { std: "/workspace/cargo-home/bin/cargo" "+beta-2021-10-15" "metadata" "--manifest-path" "Cargo.toml" "--no-deps", kill_on_drop: false }`
[INFO] removed /workspace/builds/worker-61/source/.cargo/config
[INFO] started tweaking crates.io crate sam4n_xplained_pro 0.1.3
[INFO] finished tweaking crates.io crate sam4n_xplained_pro 0.1.3
[INFO] tweaked toml for crates.io crate sam4n_xplained_pro 0.1.3 written to /workspace/builds/worker-61/source/Cargo.toml
[INFO] crate crates.io crate sam4n_xplained_pro 0.1.3 already has a lockfile, it will not be regenerated
[INFO] running `Command { std: "/workspace/cargo-home/bin/cargo" "+beta-2021-10-15" "fetch" "--manifest-path" "Cargo.toml", kill_on_drop: false }`
[INFO] [stderr]     Blocking waiting for file lock on package cache
[INFO] [stderr]     Blocking waiting for file lock on package cache
[INFO] [stderr]  Downloading crates ...
[INFO] [stderr]   Downloaded cortex-m-rtic v0.5.6
[INFO] [stderr]   Downloaded atsam4n16c-pac v0.1.0
[INFO] running `Command { std: "docker" "create" "-v" "/var/lib/crater-agent-workspace/builds/worker-61/target:/opt/rustwide/target:rw,Z" "-v" "/var/lib/crater-agent-workspace/builds/worker-61/source:/opt/rustwide/workdir:ro,Z" "-v" "/var/lib/crater-agent-workspace/cargo-home:/opt/rustwide/cargo-home:ro,Z" "-v" "/var/lib/crater-agent-workspace/rustup-home:/opt/rustwide/rustup-home:ro,Z" "-e" "SOURCE_DIR=/opt/rustwide/workdir" "-e" "CARGO_TARGET_DIR=/opt/rustwide/target" "-e" "CARGO_HOME=/opt/rustwide/cargo-home" "-e" "RUSTUP_HOME=/opt/rustwide/rustup-home" "-w" "/opt/rustwide/workdir" "-m" "1610612736" "--user" "0:0" "--network" "none" "ghcr.io/rust-lang/crates-build-env/linux@sha256:a89201d6b5b9fd45c15d5952ece0a0129e7e80cb26ec023fd59cf09bc26f1604" "/opt/rustwide/cargo-home/bin/cargo" "+beta-2021-10-15" "metadata" "--no-deps" "--format-version=1", kill_on_drop: false }`
[INFO] [stdout] b80bfa72ce4b67f429cd67701dd4efb5077471e7aa03142313b7e60d73e0e4a7
[INFO] running `Command { std: "docker" "start" "-a" "b80bfa72ce4b67f429cd67701dd4efb5077471e7aa03142313b7e60d73e0e4a7", kill_on_drop: false }`
[INFO] running `Command { std: "docker" "inspect" "b80bfa72ce4b67f429cd67701dd4efb5077471e7aa03142313b7e60d73e0e4a7", kill_on_drop: false }`
[INFO] running `Command { std: "docker" "rm" "-f" "b80bfa72ce4b67f429cd67701dd4efb5077471e7aa03142313b7e60d73e0e4a7", kill_on_drop: false }`
[INFO] [stdout] b80bfa72ce4b67f429cd67701dd4efb5077471e7aa03142313b7e60d73e0e4a7
[INFO] running `Command { std: "docker" "create" "-v" "/var/lib/crater-agent-workspace/builds/worker-61/target:/opt/rustwide/target:rw,Z" "-v" "/var/lib/crater-agent-workspace/builds/worker-61/source:/opt/rustwide/workdir:ro,Z" "-v" "/var/lib/crater-agent-workspace/cargo-home:/opt/rustwide/cargo-home:ro,Z" "-v" "/var/lib/crater-agent-workspace/rustup-home:/opt/rustwide/rustup-home:ro,Z" "-e" "SOURCE_DIR=/opt/rustwide/workdir" "-e" "CARGO_TARGET_DIR=/opt/rustwide/target" "-e" "CARGO_INCREMENTAL=0" "-e" "RUST_BACKTRACE=full" "-e" "RUSTFLAGS=--cap-lints=warn" "-e" "CARGO_HOME=/opt/rustwide/cargo-home" "-e" "RUSTUP_HOME=/opt/rustwide/rustup-home" "-w" "/opt/rustwide/workdir" "-m" "1610612736" "--user" "0:0" "--network" "none" "ghcr.io/rust-lang/crates-build-env/linux@sha256:a89201d6b5b9fd45c15d5952ece0a0129e7e80cb26ec023fd59cf09bc26f1604" "/opt/rustwide/cargo-home/bin/cargo" "+beta-2021-10-15" "check" "--frozen" "--all" "--all-targets" "--message-format=json", kill_on_drop: false }`
[INFO] [stdout] cbf4e6b93c73a87e932d479361489c2103b2b17d81885c4026f791aff85304a7
[INFO] running `Command { std: "docker" "start" "-a" "cbf4e6b93c73a87e932d479361489c2103b2b17d81885c4026f791aff85304a7", kill_on_drop: false }`
[INFO] [stderr]     Blocking waiting for file lock on package cache
[INFO] [stderr]    Compiling typenum v1.13.0
[INFO] [stderr]    Compiling proc-macro2 v1.0.26
[INFO] [stderr]    Compiling cortex-m v0.7.2
[INFO] [stderr]    Compiling unicode-xid v0.2.1
[INFO] [stderr]    Compiling syn v1.0.68
[INFO] [stderr]     Checking nb v1.0.0
[INFO] [stderr]     Checking vcell v0.1.3
[INFO] [stderr]     Checking void v1.0.2
[INFO] [stderr]     Checking stable_deref_trait v1.2.0
[INFO] [stderr]     Checking bitfield v0.13.2
[INFO] [stderr]    Compiling cortex-m-rt v0.6.13
[INFO] [stderr]    Compiling cortex-m v0.6.7
[INFO] [stderr]     Checking r0 v0.2.2
[INFO] [stderr]    Compiling cortex-m-semihosting v0.3.7
[INFO] [stderr]    Compiling atsam4n16c-pac v0.1.0
[INFO] [stderr]    Compiling hashbrown v0.9.1
[INFO] [stderr]    Compiling heapless v0.6.1
[INFO] [stderr]     Checking byteorder v1.4.3
[INFO] [stderr]    Compiling sam4n_xplained_pro v0.1.3 (/opt/rustwide/workdir)
[INFO] [stderr]    Compiling paste v1.0.5
[INFO] [stderr]     Checking volatile v0.4.4
[INFO] [stderr]     Checking rtic-core v0.3.1
[INFO] [stderr]    Compiling indexmap v1.6.2
[INFO] [stderr]    Compiling cortex-m-rtic v0.5.6
[INFO] [stderr]    Compiling bare-metal v0.2.5
[INFO] [stderr]    Compiling cast v0.2.3
[INFO] [stderr]     Checking embedded-time v0.10.1
[INFO] [stderr]     Checking nb v0.1.3
[INFO] [stderr]     Checking embedded-hal v0.2.4
[INFO] [stderr]     Checking volatile-register v0.2.0
[INFO] [stderr]     Checking hash32 v0.1.1
[INFO] [stderr]    Compiling quote v1.0.9
[INFO] [stderr]     Checking generic-array v0.13.3
[INFO] [stderr]     Checking generic-array v0.14.4
[INFO] [stderr]     Checking generic-array v0.12.4
[INFO] [stderr]     Checking panic-semihosting v0.5.6
[INFO] [stderr]     Checking as-slice v0.1.5
[INFO] [stderr]     Checking aligned v0.3.4
[INFO] [stderr]    Compiling rtic-syntax v0.4.0
[INFO] [stderr]    Compiling cortex-m-rt-macros v0.1.8
[INFO] [stderr]    Compiling cortex-m-rtic-macros v0.5.2
[INFO] [stderr]     Checking atsam4-hal v0.1.13
[INFO] [stdout] error[E0432]: unresolved import `rtic::cyccnt`
[INFO] [stdout]  --> examples/blinky_rtic.rs:7:11
[INFO] [stdout]   |
[INFO] [stdout] 7 | use rtic::cyccnt::{Instant, U32Ext as _};
[INFO] [stdout]   |           ^^^^^^ could not find `cyccnt` in `rtic`
[INFO] [stdout] 
[INFO] [stdout] 
[INFO] [stdout] error[E0433]: failed to resolve: could not find `cyccnt` in `rtic`
[INFO] [stdout]   --> examples/blinky_rtic.rs:13:64
[INFO] [stdout]    |
[INFO] [stdout] 13 | #[app(device = sam4n_xplained_pro::hal::pac, monotonic = rtic::cyccnt::CYCCNT)]
[INFO] [stdout]    |                                                                ^^^^^^ could not find `cyccnt` in `rtic`
[INFO] [stdout] 
[INFO] [stdout] 
[INFO] [stdout] error[E0599]: no method named `cycles` found for type `u32` in the current scope
[INFO] [stdout]   --> examples/blinky_rtic.rs:33:66
[INFO] [stdout]    |
[INFO] [stdout] 33 |             .blink_led(cx.start + get_master_clock_frequency().0.cycles())
[INFO] [stdout]    |                                                                  ^^^^^^ method not found in `u32`
[INFO] [stdout] 
[INFO] [stdout] 
[INFO] [stdout] error[E0599]: no method named `cycles` found for type `u32` in the current scope
[INFO] [stdout]   --> examples/blinky_rtic.rs:83:83
[INFO] [stdout]    |
[INFO] [stdout] 83 |                 .blink_led(Instant::now() + (get_master_clock_frequency().0 / 20).cycles())
[INFO] [stdout]    |                                                                                   ^^^^^^ method not found in `u32`
[INFO] [stdout] 
[INFO] [stdout] 
[INFO] [stdout] error[E0599]: no method named `cycles` found for type `u32` in the current scope
[INFO] [stdout]   --> examples/blinky_rtic.rs:89:82
[INFO] [stdout]    |
[INFO] [stdout] 89 |                 .blink_led(Instant::now() + (get_master_clock_frequency().0 / 2).cycles())
[INFO] [stdout]    |                                                                                  ^^^^^^ method not found in `u32`
[INFO] [stdout] 
[INFO] [stdout] 
[INFO] [stdout] error[E0282]: type annotations needed
[INFO] [stdout]   --> examples/blinky_rtic.rs:13:1
[INFO] [stdout]    |
[INFO] [stdout] 13 | #[app(device = sam4n_xplained_pro::hal::pac, monotonic = rtic::cyccnt::CYCCNT)]
[INFO] [stdout]    | ^^^^^^^^^^^^^^^^^^^^^^^^^^^^^^^^^^^^^^^^^^^^^^^^^^^^^^^^^^^^^^^^^^^^^^^^^^^^^^^
[INFO] [stdout]    |
[INFO] [stdout]    = note: type must be known at this point
[INFO] [stdout]    = note: this error originates in the attribute macro `app` (in Nightly builds, run with -Z macro-backtrace for more info)
[INFO] [stdout] 
[INFO] [stdout] 
[INFO] [stdout] error: aborting due to 6 previous errors
[INFO] [stdout] 
[INFO] [stdout] 
[INFO] [stdout] Some errors have detailed explanations: E0282, E0432, E0433, E0599.
[INFO] [stdout] 
[INFO] [stdout] For more information about an error, try `rustc --explain E0282`.
[INFO] [stdout] 
[INFO] [stderr] error: could not compile `sam4n_xplained_pro` due to 7 previous errors
[INFO] running `Command { std: "docker" "inspect" "cbf4e6b93c73a87e932d479361489c2103b2b17d81885c4026f791aff85304a7", kill_on_drop: false }`
[INFO] running `Command { std: "docker" "rm" "-f" "cbf4e6b93c73a87e932d479361489c2103b2b17d81885c4026f791aff85304a7", kill_on_drop: false }`
[INFO] [stdout] cbf4e6b93c73a87e932d479361489c2103b2b17d81885c4026f791aff85304a7
