[INFO] fetching crate sam4e_xplained_pro 0.1.3...
[INFO] checking sam4e_xplained_pro-0.1.3 against 1.55.0 for beta-1.56-3
[INFO] extracting crate sam4e_xplained_pro 0.1.3 into /workspace/builds/worker-75/source
[INFO] validating manifest of crates.io crate sam4e_xplained_pro 0.1.3 on toolchain 1.55.0
[INFO] running `Command { std: "/workspace/cargo-home/bin/cargo" "+1.55.0" "metadata" "--manifest-path" "Cargo.toml" "--no-deps", kill_on_drop: false }`
[INFO] removed /workspace/builds/worker-75/source/.cargo/config
[INFO] started tweaking crates.io crate sam4e_xplained_pro 0.1.3
[INFO] finished tweaking crates.io crate sam4e_xplained_pro 0.1.3
[INFO] tweaked toml for crates.io crate sam4e_xplained_pro 0.1.3 written to /workspace/builds/worker-75/source/Cargo.toml
[INFO] crate crates.io crate sam4e_xplained_pro 0.1.3 already has a lockfile, it will not be regenerated
[INFO] running `Command { std: "/workspace/cargo-home/bin/cargo" "+1.55.0" "fetch" "--manifest-path" "Cargo.toml", kill_on_drop: false }`
[INFO] [stderr]     Blocking waiting for file lock on package cache
[INFO] [stderr]     Blocking waiting for file lock on package cache
[INFO] [stderr]  Downloading crates ...
[INFO] [stderr]   Downloaded atsam4e16e-pac v0.1.7
[INFO] running `Command { std: "docker" "create" "-v" "/var/lib/crater-agent-workspace/builds/worker-75/target:/opt/rustwide/target:rw,Z" "-v" "/var/lib/crater-agent-workspace/builds/worker-75/source:/opt/rustwide/workdir:ro,Z" "-v" "/var/lib/crater-agent-workspace/cargo-home:/opt/rustwide/cargo-home:ro,Z" "-v" "/var/lib/crater-agent-workspace/rustup-home:/opt/rustwide/rustup-home:ro,Z" "-e" "SOURCE_DIR=/opt/rustwide/workdir" "-e" "CARGO_TARGET_DIR=/opt/rustwide/target" "-e" "CARGO_HOME=/opt/rustwide/cargo-home" "-e" "RUSTUP_HOME=/opt/rustwide/rustup-home" "-w" "/opt/rustwide/workdir" "-m" "1610612736" "--user" "0:0" "--network" "none" "ghcr.io/rust-lang/crates-build-env/linux@sha256:a89201d6b5b9fd45c15d5952ece0a0129e7e80cb26ec023fd59cf09bc26f1604" "/opt/rustwide/cargo-home/bin/cargo" "+1.55.0" "metadata" "--no-deps" "--format-version=1", kill_on_drop: false }`
[INFO] [stdout] f30ff62cf760f020cba0668ee4bda653ee968f3dc601dd49546670c07ecaf4a0
[INFO] running `Command { std: "docker" "start" "-a" "f30ff62cf760f020cba0668ee4bda653ee968f3dc601dd49546670c07ecaf4a0", kill_on_drop: false }`
[INFO] running `Command { std: "docker" "inspect" "f30ff62cf760f020cba0668ee4bda653ee968f3dc601dd49546670c07ecaf4a0", kill_on_drop: false }`
[INFO] running `Command { std: "docker" "rm" "-f" "f30ff62cf760f020cba0668ee4bda653ee968f3dc601dd49546670c07ecaf4a0", kill_on_drop: false }`
[INFO] [stdout] f30ff62cf760f020cba0668ee4bda653ee968f3dc601dd49546670c07ecaf4a0
[INFO] running `Command { std: "docker" "create" "-v" "/var/lib/crater-agent-workspace/builds/worker-75/target:/opt/rustwide/target:rw,Z" "-v" "/var/lib/crater-agent-workspace/builds/worker-75/source:/opt/rustwide/workdir:ro,Z" "-v" "/var/lib/crater-agent-workspace/cargo-home:/opt/rustwide/cargo-home:ro,Z" "-v" "/var/lib/crater-agent-workspace/rustup-home:/opt/rustwide/rustup-home:ro,Z" "-e" "SOURCE_DIR=/opt/rustwide/workdir" "-e" "CARGO_TARGET_DIR=/opt/rustwide/target" "-e" "CARGO_INCREMENTAL=0" "-e" "RUST_BACKTRACE=full" "-e" "RUSTFLAGS=--cap-lints=warn" "-e" "CARGO_HOME=/opt/rustwide/cargo-home" "-e" "RUSTUP_HOME=/opt/rustwide/rustup-home" "-w" "/opt/rustwide/workdir" "-m" "1610612736" "--user" "0:0" "--network" "none" "ghcr.io/rust-lang/crates-build-env/linux@sha256:a89201d6b5b9fd45c15d5952ece0a0129e7e80cb26ec023fd59cf09bc26f1604" "/opt/rustwide/cargo-home/bin/cargo" "+1.55.0" "check" "--frozen" "--all" "--all-targets" "--message-format=json", kill_on_drop: false }`
[INFO] [stdout] ee3c060893489482042a43fa14e5832c2a2faf7a981e2c29542a216d342673d0
[INFO] running `Command { std: "docker" "start" "-a" "ee3c060893489482042a43fa14e5832c2a2faf7a981e2c29542a216d342673d0", kill_on_drop: false }`
[INFO] [stderr]     Blocking waiting for file lock on package cache
[INFO] [stderr]    Compiling cortex-m v0.7.2
[INFO] [stderr]    Compiling proc-macro2 v1.0.26
[INFO] [stderr]    Compiling unicode-xid v0.2.1
[INFO] [stderr]    Compiling syn v1.0.68
[INFO] [stderr]    Compiling cortex-m-rt v0.6.13
[INFO] [stderr]    Compiling cortex-m-semihosting v0.3.7
[INFO] [stderr]    Compiling hashbrown v0.9.1
[INFO] [stderr]    Compiling atsam4e16e-pac v0.1.7
[INFO] [stderr]    Compiling heapless v0.6.1
[INFO] [stderr]     Checking volatile v0.4.4
[INFO] [stderr]    Compiling sam4e_xplained_pro v0.1.3 (/opt/rustwide/workdir)
[INFO] [stderr]    Compiling paste v1.0.5
[INFO] [stderr]     Checking rtic-core v0.3.1
[INFO] [stderr]    Compiling num-traits v0.2.14
[INFO] [stderr]    Compiling num-integer v0.1.44
[INFO] [stderr]    Compiling num-iter v0.1.42
[INFO] [stderr]    Compiling indexmap v1.6.2
[INFO] [stderr]    Compiling typenum v1.13.0
[INFO] [stderr]    Compiling cortex-m-rtic v0.5.6
[INFO] [stderr]     Checking embedded-hal v0.2.4
[INFO] [stderr]    Compiling num-rational v0.3.2
[INFO] [stderr]    Compiling cast v0.2.3
[INFO] [stderr]    Compiling bare-metal v0.2.5
[INFO] [stderr]    Compiling cortex-m v0.6.7
[INFO] [stderr]     Checking generic-array v0.14.4
[INFO] [stderr]     Checking generic-array v0.13.3
[INFO] [stderr]     Checking generic-array v0.12.4
[INFO] [stderr]    Compiling quote v1.0.9
[INFO] [stderr]     Checking panic-semihosting v0.5.6
[INFO] [stderr]     Checking num-complex v0.3.1
[INFO] [stderr]     Checking as-slice v0.1.5
[INFO] [stderr]     Checking aligned v0.3.4
[INFO] [stderr]     Checking num v0.3.1
[INFO] [stderr]     Checking embedded-time v0.10.1
[INFO] [stderr]    Compiling rtic-syntax v0.4.0
[INFO] [stderr]    Compiling cortex-m-rt-macros v0.1.8
[INFO] [stderr]    Compiling cortex-m-rtic-macros v0.5.2
[INFO] [stderr]     Checking atsam4-hal v0.1.13
[INFO] [stdout] error[E0432]: unresolved import `rtic::cyccnt`
[INFO] [stdout]  --> examples/blinky_rtic.rs:7:11
[INFO] [stdout]   |
[INFO] [stdout] 7 | use rtic::cyccnt::{Instant, U32Ext as _};
[INFO] [stdout]   |           ^^^^^^ could not find `cyccnt` in `rtic`
[INFO] [stdout] 
[INFO] [stdout] 
[INFO] [stdout] error[E0433]: failed to resolve: could not find `cyccnt` in `rtic`
[INFO] [stdout]   --> examples/blinky_rtic.rs:13:64
[INFO] [stdout]    |
[INFO] [stdout] 13 | #[app(device = sam4e_xplained_pro::hal::pac, monotonic = rtic::cyccnt::CYCCNT)]
[INFO] [stdout]    |                                                                ^^^^^^ could not find `cyccnt` in `rtic`
[INFO] [stdout] 
[INFO] [stdout] 
[INFO] [stdout] error[E0599]: no method named `cycles` found for type `u32` in the current scope
[INFO] [stdout]   --> examples/blinky_rtic.rs:33:66
[INFO] [stdout]    |
[INFO] [stdout] 33 |             .blink_led(cx.start + get_master_clock_frequency().0.cycles())
[INFO] [stdout]    |                                                                  ^^^^^^ method not found in `u32`
[INFO] [stdout] 
[INFO] [stdout] 
[INFO] [stdout] error[E0599]: no method named `cycles` found for type `u32` in the current scope
[INFO] [stdout]   --> examples/blinky_rtic.rs:91:83
[INFO] [stdout]    |
[INFO] [stdout] 91 |                 .blink_led(Instant::now() + (get_master_clock_frequency().0 / 20).cycles())
[INFO] [stdout]    |                                                                                   ^^^^^^ method not found in `u32`
[INFO] [stdout] 
[INFO] [stdout] 
[INFO] [stdout] error[E0599]: no method named `cycles` found for type `u32` in the current scope
[INFO] [stdout]   --> examples/blinky_rtic.rs:97:82
[INFO] [stdout]    |
[INFO] [stdout] 97 |                 .blink_led(Instant::now() + (get_master_clock_frequency().0 / 2).cycles())
[INFO] [stdout]    |                                                                                  ^^^^^^ method not found in `u32`
[INFO] [stdout] 
[INFO] [stdout] 
[INFO] [stdout] error[E0282]: type annotations needed
[INFO] [stdout]   --> examples/blinky_rtic.rs:13:1
[INFO] [stdout]    |
[INFO] [stdout] 13 | #[app(device = sam4e_xplained_pro::hal::pac, monotonic = rtic::cyccnt::CYCCNT)]
[INFO] [stdout]    | ^^^^^^^^^^^^^^^^^^^^^^^^^^^^^^^^^^^^^^^^^^^^^^^^^^^^^^^^^^^^^^^^^^^^^^^^^^^^^^^
[INFO] [stdout]    |
[INFO] [stdout]    = note: type must be known at this point
[INFO] [stdout]    = note: this error originates in the attribute macro `app` (in Nightly builds, run with -Z macro-backtrace for more info)
[INFO] [stdout] 
[INFO] [stdout] 
[INFO] [stdout] error: aborting due to 6 previous errors
[INFO] [stdout] 
[INFO] [stdout] 
[INFO] [stdout] Some errors have detailed explanations: E0282, E0432, E0433, E0599.
[INFO] [stdout] 
[INFO] [stdout] For more information about an error, try `rustc --explain E0282`.
[INFO] [stdout] 
[INFO] [stderr] error: could not compile `sam4e_xplained_pro` due to 7 previous errors
[INFO] running `Command { std: "docker" "inspect" "ee3c060893489482042a43fa14e5832c2a2faf7a981e2c29542a216d342673d0", kill_on_drop: false }`
[INFO] running `Command { std: "docker" "rm" "-f" "ee3c060893489482042a43fa14e5832c2a2faf7a981e2c29542a216d342673d0", kill_on_drop: false }`
[INFO] [stdout] ee3c060893489482042a43fa14e5832c2a2faf7a981e2c29542a216d342673d0
